-- Data for Name: BmcBase_sanphambinhbom; Type: TABLE DATA; Schema: public; Owner: admin
--

COPY public."BmcBase_sanphambinhbom" (id, ten, hinh_anh, ac_quy, dung_tich, trong_luong, thong_so_khac, gia) FROM stdin;
1	Bình BMC 2.0 Gold VP	products/bb_oObYY9q.jpg	--	--	--	Thông số kỹ thuật:\r\n- Ắc quy: 12V – 12 AH\r\n- Kiểu bơm: FL3203 – Hồi lưu 3.8 L/P\r\n- Lưu lượng: 3.8 L/P\r\n- Thời gian sử dụng: 3.5 – 4.0 giờ\r\n- Thời gian nạp: 8-10 giờ\r\n- Dung tích: 18L\r\n- Trọng lượng: 9.2 kg	0.00
2	Bình tay BMC 18L	products/Binh-bom-BMC-18L-bom-tay1.jpg	--	--	--	Dung tích : 18L\r\nÁp lực phun: 40 psi\r\nPitong loại to	0.00
3	Bình BMC 3.0 VP	products/18L-3.01.jpg	--	--	--	Thông số kỹ thuật:\r\n- Ắc quy: 12V – 12AH\r\n- Kiểu bơm: FL2203 – Hồi lưu 3.8 L/P\r\n- Lưu lượng: 3.8 L/P\r\n- Thời gian sử dụng: 3.5-4.0 giờ\r\n- Thời gian nạp: 8-10 giờ\r\n- Dung tích: 18L\r\n- Trọng lượng: 9.2kg	0.00
4	Bình điện 16L Thanh Long / Dứa	products/BMC-16L-Thanh-Long-Dứa.jpg	--	--	--	Thông số kỹ thuật:\r\n- Ắc quy AC: 12V – 7.2AH\r\n- Lưu lượng: 3,1 lít / phút\r\n- Thời gian sử dụng: 2,5-3 giờ\r\n- Thời gian nạp: 8 giờ\r\n- Dung tích: 16 lít\r\n- Trọng lượng: 5.6 kg\r\n- Kiểu bơm: FL2203 – 3.1 Hồi lưu	0.00
5	Bình điện 16L alpha	products/16L-Alpha.jpg	--	--	--	Thông số kỹ thuật:\r\n- Ắc quy : 12V – 7.2AH\r\n- Lưu lượng: 3.1 lít/phút\r\n- Thời gian sử dụng: 2.5 – 3 giờ\r\n- Thời gian nạp: 8 giờ\r\n- Dung tích: 16 lít\r\n- Trọng lượng: 5.6 kg\r\n- Kiểu bơm: FL2203 – 3.1 Hồi lưu	0.00
6	BMC – 18L 2.0 THANH LONG	products/mini-bmc-18L-2thanhlong.jpg	--	--	--	Thông số kỹ thuật:\r\n- Ắc quy : 12V –7.2AH\r\n- Lưu lượng: 3.1 lít/phút\r\n- Thời gian sử dụng: 2 – 2.5 giờ\r\n- Thời gian nạp: 8 – 10 giờ\r\n- Dung tích: 18 lít\r\n- Trọng lượng: 7.4 kg\r\n- Kiểu bơm: FL 2203-3.1 Rơ le	0.00
7	BMC – 18L Super	products/18lsuper-mini21aaaa.jpg	--	--	--	Thông số kỹ thuật:\r\n- Ắc quy : 12V – 7.2AH\r\n- Lưu lượng: 3.1 lít/phút\r\n- Thời gian sử dụng: 5 – 6 giờ\r\n- Thời gian nạp: 8 giờ\r\n- Dung tích: 18 lít\r\n- Trọng lượng: 6.6 kg\r\n- Kiểu bơm: FL2203 – 3.1 Hồi lưu	0.00
8	Bình tay BMC 16L Super	products/index.jpg	--	--	--	Thông số kỹ thuật:\r\n- Dung tích : 16L\r\n- Áp lực phun: 40 psi\r\n- Pitong loại lớn: pitong dễ dàng di chuyển, nhẹ nhàng	0.00
\.


--
-- Data for Name: BmcBase_theloaibaiviet; Type: TABLE DATA; Schema: public; Owner: admin
--

COPY public."BmcBase_theloaibaiviet" (id, ten, mo_ta, mo_ta_tieng_anh, ten_tieng_anh) FROM stdin;
12	Bệnh Hại	Chủ đề chia sẽ kiến thức về sâu bệnh, bệnh hại phổ biến trên cây trồng. Trình bày nguyên nhân, hậu quả và cách phòng ngừa, điều trị các loại bệnh trên các loại cây trong có giá trị kinh tế cao.	Topics sharing knowledge about common pests and diseases on crops. Presenting causes, consequences and ways to prevent and treat diseases on crops with high economic value.	Disease
\.


--
-- Data for Name: BmcBase_thongbao; Type: TABLE DATA; Schema: public; Owner: admin
--

COPY public."BmcBase_thongbao" (id, ten, ngay_dang, banner, noi_dung, noi_dung_tieng_anh, ten_tieng_anh) FROM stdin;
32	Nghỉ lễ 2-9	2024-08-31	banners/2024-nguoi-lao-dong-duoc-nghi-4-ngay-1810.png	Trước đó, xét đề nghị của Bộ LĐTB&XH, Thủ tướng Phạm Minh Chính đồng ý với đề xuất của Bộ này về việc nghỉ từ ngày 31/8/2024 đến hết ngày 3/9/2024 nhân dịp Quốc khánh.\r\n\r\nKỳ nghỉ lễ năm nay bao gồm 2 ngày nghỉ chính thức và 2 ngày cuối tuần liền kề, tạo điều kiện thuận lợi cho người dân có thời gian nghỉ ngơi, thư giãn và tham gia các hoạt động kỷ niệm trong ngày lễ trọng đại của đất nước.\r\n\r\nBộ LĐTB&XH lưu ý các cơ quan, đơn vị cần chủ động sắp xếp công việc, đảm bảo hoạt động liên tục và phục vụ tốt nhu cầu của người dân trong kỳ nghỉ. Đối với các đơn vị không nghỉ cố định thứ Bảy, Chủ Nhật, lịch nghỉ sẽ được điều chỉnh linh hoạt theo kế hoạch riêng.\r\n\r\nNgười lao động ngoài khu vực hành chính, sự nghiệp sẽ được nghỉ 1 trong 2 ngày Chủ Nhật (1/9) hoặc thứ Ba (3/9), do người sử dụng lao động quyết định và thông báo trước ít nhất 30 ngày. Trường hợp ngày nghỉ lễ trùng với ngày nghỉ hàng tuần, người lao động sẽ được nghỉ bù vào ngày làm việc tiếp theo.\r\n\r\nTheo Bộ luật Lao động và nghị định 145-2020 của Chính phủ, những người làm việc trong ngày 2/9 và những ngày khác trong dịp nghỉ lễ này sẽ được nhận mức lương cao hơn ngày thường.\r\n\r\nCụ thể, người làm việc ban ngày sẽ nhận được ít nhất 400% lương, bao gồm cả tiền lương ngày đó và và tiền làm ngày nghỉ lễ. Với những người làm việc ban đêm, mức lương tối thiểu sẽ là 490%, bao gồm các khoản phụ cấp làm thêm giờ, làm đêm và tiền lương của ngày nghỉ lễ.	Previously, considering the proposal of the Ministry of Labor, Invalids and Social Affairs, Prime Minister Pham Minh Chinh agreed with the proposal of the Ministry to take a break from August 31, 2024 to September 3, 2024 on the occasion of National Day.\r\n\r\nThis year's holiday includes 2 official days off and 2 consecutive weekend days, creating favorable conditions for people to have time to rest, relax and participate in activities celebrating the country's important holiday.\r\n\r\nThe Ministry of Labor, Invalids and Social Affairs noted that agencies and units need to proactively arrange work, ensure continuous operation and serve the needs of people well during the holiday. For units that do not have fixed days off on Saturday and Sunday, the holiday schedule will be flexibly adjusted according to their own plans.\r\n\r\nEmployees outside the administrative and career sectors will have 1 of 2 days off: Sunday (September 1) or Tuesday (September 3), decided by the employer and notified at least 30 days in advance. In case the holiday coincides with a weekly day off, the employee will be compensated with the next working day off.\r\n\r\nAccording to the Labor Code and Decree 145-2020 of the Government, those who work on September 2 and other days during this holiday will receive a higher salary than usual.\r\n\r\nSpecifically, those who work during the day will receive at least 400% of their salary, including that day's salary and holiday pay. For those who work at night, the minimum wage will be 490%, including overtime, night work and holiday pay.	Vietnam National Day
1	Nghỉ lễ 30-4 / 1-5	2024-04-22	banners/30-4.jpg	Thực hiện ý kiến chỉ đạo trên của Thủ tướng Chính phủ, Bộ Lao động - Thương binh và Xã hội vừa ban hành Thông báo số 1570/TB-BLĐTBXH ngày 12/4/2024 thông báo thực hiện lịch hoán đổi ngày làm việc dịp nghỉ lễ 30/4 - 01/5 năm 2024 đối với cán bộ, công chức, viên chức và người lao động của các cơ quan hành chính nhà nước, đơn vị sự nghiệp công lập và doanh nghiệp. \r\n\r\nCụ thể, cán bộ, công chức, viên chức và người lao động của các cơ quan hành chính nhà nước, đơn vị sự nghiệp công lập (sau đây gọi là công chức, viên chức) được hoán đổi ngày làm việc từ ngày thứ Hai (29/4/2024) sang ngày thứ Bảy (04/5/2024). Như vậy, dịp nghỉ lễ ngày Chiến thắng 30/4 và ngày Quốc tế lao động 01/5 năm 2024 công chức, viên chức được nghỉ 05 ngày liên tục từ thứ Bảy ngày 27/4/2024 đến hết thứ Tư ngày 01/5/2024 (làm bù vào ngày thứ Bảy 04/5/2024).\r\n\r\nCác cơ quan, đơn vị thực hiện lịch nghỉ trên phải bố trí sắp xếp các bộ phận làm việc hợp lý để giải quyết công việc liên tục, đảm bảo tốt công tác phục vụ tổ chức, Nhân dân, trong đó lưu ý cử cán bộ, công chức ứng trực xử lý những công việc đột xuất, bất ngờ có thể xảy ra. Các cơ quan, đơn vị không thực hiện lịch nghỉ cố định thứ Bảy, Chủ nhật hằng tuần thì căn cứ vào chương trình, kế hoạch cụ thể của đơn vị để bố trí lịch nghỉ cho phù hợp, theo đúng quy định của pháp luật.\r\n\r\nKhuyến khích người sử dụng lao động tại các doanh nghiệp áp dụng thời gian nghỉ lễ ngày Chiến thắng 30/4 và ngày Quốc tế lao động 01/5 năm 2024 cho người lao động như quy định đối với công chức, viên chức nhưng đảm bảo thực hiện đầy đủ các chế độ cho người lao động theo quy định của pháp luật, khuyến khích những thỏa thuận có lợi hơn cho người lao động.	Implementing the above direction of the Prime Minister, the Ministry of Labor, War Invalids and Social Affairs has just issued Notice No. 1570/TB-BLDTBXH dated April 12, 2024 announcing the implementation of the schedule of swapping working days on the occasion of the April 30 - May 1, 2024 holiday for cadres, civil servants, public employees and employees of state administrative agencies, public service units and enterprises.\r\n\r\nSpecifically, cadres, civil servants, public employees and employees of state administrative agencies and public service units (hereinafter referred to as civil servants and public employees) will swap working days from Monday (April 29, 2024) to Saturday (May 4, 2024). Accordingly, on the occasion of the Victory Day holiday of April 30 and International Labor Day of May 1, 2024, civil servants and public employees will have 5 consecutive days off from Saturday, April 27, 2024 to Wednesday, May 1, 2024 (working as a compensatory day on Saturday, May 4, 2024).\r\n\r\nAgencies and units implementing the above holiday schedule must arrange their departments to work reasonably to handle continuous work, ensuring good service to the organization and the people, in which it is important to assign officers and civil servants to be on duty to handle sudden and unexpected work that may occur. Agencies and units that do not implement a fixed holiday schedule on Saturday and Sunday every week must base on the specific program and plan of the unit to arrange a suitable holiday schedule, in accordance with the provisions of law.\r\n\r\nEncourage employers at enterprises to apply the holiday time for Victory Day April 30 and International Labor Day May 1, 2024 for employees as prescribed for civil servants and public employees, but ensure full implementation of the regimes for employees according to the provisions of law, and encourage more favorable agreements for employees.	Liberation Day/Reunification Day
\.


--
-- Data for Name: BmcBase_tintuc; Type: TABLE DATA; Schema: public; Owner: admin
--

COPY public."BmcBase_tintuc" (id, ten, ngay_dang, banner, noi_dung, noi_dung_tieng_anh, ten_tieng_anh) FROM stdin;
1	BMC tham gia hội chợ tại New Delhi, Ấn Độ	2024-05-30	banners/EIMA-AGRIMACH-2015-9.jpg	Từ ngày 3-5/12/2015 vừa rồi, BMC đã có cơ hội tham gia hội chợ EIMA Agrimach 2015 tại New Delhi, Ấn\r\n\r\nĐộ. EIMA Agrimach là hội chợ máy móc, công cụ, dụng cụ nông nghiệp quốc tế với sự tham gia từ rất\r\n\r\nnhiều nước như Ấn Độ, Thổ Nhĩ Kỳ, Itali, Trung Quốc, Hà Lan… Đây là cơ hội rất tốt để BMC giới thiệu các\r\n\r\nsản phẩm của công ty tới các đối tác từ nhiều nước khác nhau.	\N	\N
2	Tổng kết trao thưởng vụ Đông Xuân 2014-2015	2024-05-31	banners/q1.jpg	--	\N	\N
\.


--
-- Data for Name: auth_group; Type: TABLE DATA; Schema: public; Owner: admin
--

COPY public.auth_group (id, name) FROM stdin;
\.


--
-- Data for Name: auth_group_permissions; Type: TABLE DATA; Schema: public; Owner: admin
--

COPY public.auth_group_permissions (id, group_id, permission_id) FROM stdin;
\.


--
-- Data for Name: auth_permission; Type: TABLE DATA; Schema: public; Owner: admin
--

COPY public.auth_permission (id, name, content_type_id, codename) FROM stdin;
1	Can add log entry	1	add_logentry
2	Can change log entry	1	change_logentry
3	Can delete log entry	1	delete_logentry
4	Can view log entry	1	view_logentry
5	Can add permission	2	add_permission
6	Can change permission	2	change_permission
7	Can delete permission	2	delete_permission
8	Can view permission	2	view_permission
9	Can add group	3	add_group
10	Can change group	3	change_group
11	Can delete group	3	delete_group
12	Can view group	3	view_group
13	Can add user	4	add_user
14	Can change user	4	change_user
15	Can delete user	4	delete_user
16	Can view user	4	view_user
17	Can add content type	5	add_contenttype
18	Can change content type	5	change_contenttype
19	Can delete content type	5	delete_contenttype
20	Can view content type	5	view_contenttype
21	Can add session	6	add_session
22	Can change session	6	change_session
23	Can delete session	6	delete_session
24	Can view session	6	view_session
25	Can add careers	7	add_careers
26	Can change careers	7	change_careers
27	Can delete careers	7	delete_careers
28	Can view careers	7	view_careers
29	Can add form lien he	8	add_formlienhe
30	Can change form lien he	8	change_formlienhe
31	Can delete form lien he	8	delete_formlienhe
32	Can view form lien he	8	view_formlienhe
33	Can add san pham	9	add_sanpham
34	Can change san pham	9	change_sanpham
35	Can delete san pham	9	delete_sanpham
36	Can view san pham	9	view_sanpham
37	Can add thong bao	10	add_thongbao
38	Can change thong bao	10	change_thongbao
39	Can delete thong bao	10	delete_thongbao
40	Can view thong bao	10	view_thongbao
41	Can add san pham binh bom	11	add_sanphambinhbom
42	Can change san pham binh bom	11	change_sanphambinhbom
43	Can delete san pham binh bom	11	delete_sanphambinhbom
44	Can view san pham binh bom	11	view_sanphambinhbom
45	Can add tin tuc	12	add_tintuc
46	Can change tin tuc	12	change_tintuc
47	Can delete tin tuc	12	delete_tintuc
48	Can view tin tuc	12	view_tintuc
49	Can add form tu van san pham	13	add_formtuvansanpham
50	Can change form tu van san pham	13	change_formtuvansanpham
51	Can delete form tu van san pham	13	delete_formtuvansanpham
52	Can view form tu van san pham	13	view_formtuvansanpham
53	Can add kien thuc1	14	add_kienthuc1
54	Can change kien thuc1	14	change_kienthuc1
55	Can delete kien thuc1	14	delete_kienthuc1
56	Can view kien thuc1	14	view_kienthuc1
57	Can add the loai bai viet	15	add_theloaibaiviet
58	Can change the loai bai viet	15	change_theloaibaiviet
59	Can delete the loai bai viet	15	delete_theloaibaiviet
60	Can view the loai bai viet	15	view_theloaibaiviet
61	Can add attachment	16	add_attachment
62	Can change attachment	16	change_attachment
63	Can delete attachment	16	delete_attachment
64	Can view attachment	16	view_attachment
65	Can add binh luan	17	add_binhluan
66	Can change binh luan	17	change_binhluan
67	Can delete binh luan	17	delete_binhluan
68	Can view binh luan	17	view_binhluan
69	Can add kien thuc	14	add_kienthuc
70	Can change kien thuc	14	change_kienthuc
71	Can delete kien thuc	14	delete_kienthuc
72	Can view kien thuc	14	view_kienthuc
\.


--
-- Data for Name: auth_user_groups; Type: TABLE DATA; Schema: public; Owner: admin
--

COPY public.auth_user_groups (id, user_id, group_id) FROM stdin;
\.


--
-- Data for Name: auth_user_user_permissions; Type: TABLE DATA; Schema: public; Owner: admin
--

COPY public.auth_user_user_permissions (id, user_id, permission_id) FROM stdin;
\.


--
-- Data for Name: django_admin_log; Type: TABLE DATA; Schema: public; Owner: admin
--

COPY public.django_admin_log (id, action_time, object_id, object_repr, action_flag, change_message, content_type_id, user_id) FROM stdin;
1	2024-04-22 10:22:21.462+07	1	Careers object (1)	1	[{"added": {}}]	7	3
2	2024-04-22 10:40:41.47+07	1	SanPham object (1)	1	[{"added": {}}]	9	3
3	2024-04-22 10:45:16.241+07	1	ThongBao object (1)	1	[{"added": {}}]	10	3
4	2024-04-23 14:03:43.564+07	2	SanPham object (2)	1	[{"added": {}}]	9	3
5	2024-04-23 14:05:28.162+07	3	SanPham object (3)	1	[{"added": {}}]	9	3
6	2024-04-23 14:07:04.626+07	4	SanPham object (4)	1	[{"added": {}}]	9	3
7	2024-04-23 14:09:23.584+07	5	SanPham object (5)	1	[{"added": {}}]	9	3
8	2024-04-23 14:11:23.024+07	6	SanPham object (6)	1	[{"added": {}}]	9	3
9	2024-04-23 14:13:00.248+07	7	SanPham object (7)	1	[{"added": {}}]	9	3
10	2024-04-23 14:15:53.929+07	8	SanPham object (8)	1	[{"added": {}}]	9	3
11	2024-04-23 14:16:57.689+07	9	SanPham object (9)	1	[{"added": {}}]	9	3
12	2024-04-23 14:19:16.329+07	10	SanPham object (10)	1	[{"added": {}}]	9	3
13	2024-04-23 14:20:38.982+07	11	SanPham object (11)	1	[{"added": {}}]	9	3
14	2024-04-23 14:21:57.436+07	12	SanPham object (12)	1	[{"added": {}}]	9	3
15	2024-04-23 14:24:20.559+07	13	SanPham object (13)	1	[{"added": {}}]	9	3
16	2024-04-23 14:25:56.298+07	14	SanPham object (14)	1	[{"added": {}}]	9	3
17	2024-04-23 14:27:10.621+07	15	SanPham object (15)	1	[{"added": {}}]	9	3
18	2024-04-23 14:28:18.884+07	16	SanPham object (16)	1	[{"added": {}}]	9	3
19	2024-04-23 14:33:15.492+07	17	SanPham object (17)	1	[{"added": {}}]	9	3
20	2024-04-23 14:34:27.74+07	18	SanPham object (18)	1	[{"added": {}}]	9	3
21	2024-04-23 14:37:58.011+07	19	SanPham object (19)	1	[{"added": {}}]	9	3
22	2024-04-23 14:40:41.816+07	20	SanPham object (20)	1	[{"added": {}}]	9	3
23	2024-04-23 14:46:51.473+07	21	SanPham object (21)	1	[{"added": {}}]	9	3
24	2024-04-23 14:50:45.096+07	22	SanPham object (22)	1	[{"added": {}}]	9	3
25	2024-04-23 14:54:14.784+07	23	SanPham object (23)	1	[{"added": {}}]	9	3
26	2024-04-23 14:55:09.935+07	24	SanPham object (24)	1	[{"added": {}}]	9	3
27	2024-04-23 14:57:19.277+07	25	SanPham object (25)	1	[{"added": {}}]	9	3
28	2024-04-23 14:59:45.197+07	26	SanPham object (26)	1	[{"added": {}}]	9	3
29	2024-04-23 15:00:41.855+07	27	SanPham object (27)	1	[{"added": {}}]	9	3
30	2024-04-23 15:05:07.741+07	28	SanPham object (28)	1	[{"added": {}}]	9	3
31	2024-04-23 15:07:04.308+07	29	SanPham object (29)	1	[{"added": {}}]	9	3
32	2024-04-23 15:08:16.179+07	30	SanPham object (30)	1	[{"added": {}}]	9	3
33	2024-04-23 15:10:51.824+07	31	SanPham object (31)	1	[{"added": {}}]	9	3
34	2024-04-23 15:12:13.598+07	32	SanPham object (32)	1	[{"added": {}}]	9	3
35	2024-04-23 15:13:26.427+07	33	SanPham object (33)	1	[{"added": {}}]	9	3
36	2024-04-23 15:14:53.556+07	34	SanPham object (34)	1	[{"added": {}}]	9	3
37	2024-04-23 15:15:57.955+07	35	SanPham object (35)	1	[{"added": {}}]	9	3
38	2024-04-23 15:17:00.675+07	36	SanPham object (36)	1	[{"added": {}}]	9	3
39	2024-04-23 15:18:09.468+07	37	SanPham object (37)	1	[{"added": {}}]	9	3
40	2024-04-23 15:19:27.802+07	38	SanPham object (38)	1	[{"added": {}}]	9	3
41	2024-04-23 15:20:32.818+07	39	SanPham object (39)	1	[{"added": {}}]	9	3
42	2024-04-23 15:21:17.465+07	40	SanPham object (40)	1	[{"added": {}}]	9	3
43	2024-04-23 15:53:15.565+07	41	SanPham object (41)	1	[{"added": {}}]	9	3
44	2024-04-23 15:54:25.493+07	42	SanPham object (42)	1	[{"added": {}}]	9	3
45	2024-04-23 15:55:52.277+07	43	SanPham object (43)	1	[{"added": {}}]	9	3
46	2024-04-23 15:57:48.055+07	44	SanPham object (44)	1	[{"added": {}}]	9	3
47	2024-04-23 15:59:33.492+07	45	SanPham object (45)	1	[{"added": {}}]	9	3
48	2024-04-23 16:01:28.037+07	46	SanPham object (46)	1	[{"added": {}}]	9	3
49	2024-04-26 12:52:13.794+07	47	SanPham object (47)	1	[{"added": {}}]	9	3
50	2024-04-26 12:55:16.931+07	48	SanPham object (48)	1	[{"added": {}}]	9	3
51	2024-04-26 12:59:32.681+07	49	SanPham object (49)	1	[{"added": {}}]	9	3
52	2024-04-26 13:01:19.448+07	50	SanPham object (50)	1	[{"added": {}}]	9	3
53	2024-04-26 13:04:35.135+07	51	SanPham object (51)	1	[{"added": {}}]	9	3
54	2024-04-26 13:06:57.607+07	52	SanPham object (52)	1	[{"added": {}}]	9	3
55	2024-04-26 13:08:38.192+07	53	SanPham object (53)	1	[{"added": {}}]	9	3
56	2024-04-26 13:14:07.855+07	54	SanPham object (54)	1	[{"added": {}}]	9	3
57	2024-04-26 13:15:48.649+07	55	SanPham object (55)	1	[{"added": {}}]	9	3
58	2024-04-26 13:17:38.527+07	56	SanPham object (56)	1	[{"added": {}}]	9	3
59	2024-04-26 13:20:09.013+07	57	SanPham object (57)	1	[{"added": {}}]	9	3
60	2024-04-26 13:22:59.245+07	58	SanPham object (58)	1	[{"added": {}}]	9	3
61	2024-04-26 13:24:14.245+07	59	SanPham object (59)	1	[{"added": {}}]	9	3
62	2024-04-26 13:25:12.35+07	60	SanPham object (60)	1	[{"added": {}}]	9	3
63	2024-04-26 13:27:20.348+07	61	SanPham object (61)	1	[{"added": {}}]	9	3
64	2024-04-26 13:30:26.09+07	62	SanPham object (62)	1	[{"added": {}}]	9	3
65	2024-04-26 13:33:09.981+07	63	SanPham object (63)	1	[{"added": {}}]	9	3
66	2024-04-26 13:35:41.782+07	64	SanPham object (64)	1	[{"added": {}}]	9	3
67	2024-04-26 13:38:32.398+07	65	SanPham object (65)	1	[{"added": {}}]	9	3
68	2024-04-26 13:40:15.787+07	66	SanPham object (66)	1	[{"added": {}}]	9	3
69	2024-04-26 13:41:42.657+07	67	SanPham object (67)	1	[{"added": {}}]	9	3
70	2024-04-26 13:42:48.525+07	68	SanPham object (68)	1	[{"added": {}}]	9	3
71	2024-04-26 13:49:51.97+07	69	SanPham object (69)	1	[{"added": {}}]	9	3
72	2024-04-26 13:51:02.383+07	70	SanPham object (70)	1	[{"added": {}}]	9	3
73	2024-04-26 13:52:23.224+07	71	SanPham object (71)	1	[{"added": {}}]	9	3
74	2024-04-26 13:53:51.306+07	72	SanPham object (72)	1	[{"added": {}}]	9	3
75	2024-04-26 13:55:49.664+07	73	SanPham object (73)	1	[{"added": {}}]	9	3
76	2024-04-26 13:57:32.322+07	74	SanPham object (74)	1	[{"added": {}}]	9	3
77	2024-04-26 14:00:49.368+07	75	SanPham object (75)	1	[{"added": {}}]	9	3
78	2024-04-26 14:02:09.768+07	76	SanPham object (76)	1	[{"added": {}}]	9	3
79	2024-04-26 14:03:20.286+07	77	SanPham object (77)	1	[{"added": {}}]	9	3
80	2024-04-26 14:05:24.615+07	78	SanPham object (78)	1	[{"added": {}}]	9	3
81	2024-04-26 14:07:17.657+07	79	SanPham object (79)	1	[{"added": {}}]	9	3
82	2024-04-27 09:28:53.768+07	1	NGHỈ LỄ 30/4 - 1/5	2	[{"changed": {"fields": ["Noi dung"]}}]	10	3
83	2024-04-27 09:31:51.708+07	1	NGHỈ LỄ 30/4 - 1/5	2	[{"changed": {"fields": ["Noi dung"]}}]	10	3
84	2024-04-27 10:29:37.847+07	1	Lạc Đà	2	[{"changed": {"fields": ["Loai"]}}]	9	3
85	2024-04-27 10:34:01.695+07	55	Bám dính BMC	2	[{"changed": {"fields": ["Loai"]}}]	9	3
86	2024-04-27 13:41:09.145+07	2	TRƯỞNG PHÒNG CHÍNH NHÂN SỰ	1	[{"added": {}}]	7	3
87	2024-04-27 13:41:21.68+07	2	TRƯỞNG PHÒNG CHÍNH NHÂN SỰ	2	[{"changed": {"fields": ["Noi dung cong viec"]}}]	7	3
88	2024-04-27 13:42:03.215+07	3	CHUYÊN VIÊN HÀNH CHÍNH NHÂN SỰ	1	[{"added": {}}]	7	3
89	2024-04-27 13:42:51.745+07	4	NHÂN VIÊN IT	1	[{"added": {}}]	7	3
90	2024-04-27 13:44:04.505+07	5	NHÂN VIÊN THIẾT KẾ	1	[{"added": {}}]	7	3
91	2024-04-27 13:44:44.656+07	6	NHÂN VIÊN PHÁT TRIỂN THỊ TRƯỜNG	1	[{"added": {}}]	7	3
92	2024-04-27 13:54:41.524+07	4	NHÂN VIÊN IT	2	[{"changed": {"fields": ["Noi dung cong viec"]}}]	7	3
93	2024-05-03 16:22:43.259+07	6	NHÂN VIÊN PHÁT TRIỂN THỊ TRƯỜNG	2	[{"changed": {"fields": ["Muc luong min", "Muc luong max"]}}]	7	3
94	2024-05-03 16:22:52.47+07	5	NHÂN VIÊN THIẾT KẾ	2	[{"changed": {"fields": ["Muc luong min", "Muc luong max"]}}]	7	3
95	2024-05-03 16:23:02.76+07	4	NHÂN VIÊN IT	2	[{"changed": {"fields": ["Muc luong min", "Muc luong max"]}}]	7	3
96	2024-05-03 16:23:17.105+07	3	CHUYÊN VIÊN HÀNH CHÍNH NHÂN SỰ	2	[{"changed": {"fields": ["Muc luong min", "Muc luong max"]}}]	7	3
97	2024-05-03 16:23:25.306+07	2	TRƯỞNG PHÒNG CHÍNH NHÂN SỰ	2	[{"changed": {"fields": ["Muc luong min", "Muc luong max"]}}]	7	3
98	2024-05-03 16:23:32.954+07	1	CHĂM SÓC KHÁCH HÀNG	2	[{"changed": {"fields": ["Muc luong min", "Muc luong max"]}}]	7	3
99	2024-05-03 16:25:23.624+07	4	NHÂN VIÊN IT	2	[]	7	3
100	2024-05-04 08:42:30.252+07	79	Kasugacin 3SL	2	[{"changed": {"fields": ["Thanh phan", "Hang sx", "Dac tinh", "Hdsd"]}}]	9	3
101	2024-05-04 08:50:20.827+07	78	ISO ONE 40EC	2	[{"changed": {"fields": ["Mo ta ngan", "Thanh phan", "Hang sx", "Dac tinh", "Hdsd"]}}]	9	3
102	2024-05-04 09:15:57.049+07	77	HORiSAN 75	2	[{"changed": {"fields": ["Mo ta ngan", "Thanh phan", "Hang sx", "Dac tinh", "Hdsd"]}}]	9	3
103	2024-05-04 09:59:37.027+07	76	HOANGANHVIL 50SC	2	[{"changed": {"fields": ["Ten", "Mo ta ngan", "Thanh phan", "Hang sx", "Dac tinh", "Hdsd"]}}]	9	3
104	2024-05-04 10:03:57.634+07	79	KASUGACIN 3SL	2	[{"changed": {"fields": ["Ten"]}}]	9	3
105	2024-05-04 10:04:10.067+07	77	HORISAN 75	2	[{"changed": {"fields": ["Ten"]}}]	9	3
106	2024-05-04 10:27:31.745+07	75	haruko 5sc	3		9	3
107	2024-05-04 10:33:48.035+07	74	GUSSI BASTAR 200SL	2	[{"changed": {"fields": ["Ten", "Mo ta ngan", "Thanh phan", "Hang sx", "Dac tinh", "Hdsd"]}}]	9	3
108	2024-05-04 10:39:51.731+07	73	gone super 350ec	2	[{"changed": {"fields": ["Mo ta ngan", "Hang sx", "Dac tinh", "Hdsd"]}}]	9	3
109	2024-05-04 10:52:23.007+07	72	GANGSTER 300EC	2	[{"changed": {"fields": ["Mo ta ngan", "Thanh phan", "Hang sx", "Dac tinh", "Hdsd"]}}]	9	3
110	2024-05-04 11:06:30.605+07	71	fullkill 50ec	2	[{"changed": {"fields": ["Mo ta ngan", "Thanh phan", "Hang sx", "Dac tinh", "Hdsd"]}}]	9	3
111	2024-05-04 11:07:47.981+07	70	Forsan 60EC	3		9	3
112	2024-05-04 11:10:00.124+07	79	Kasugacin 3SL	2	[{"changed": {"fields": ["Ten", "Hdsd"]}}]	9	3
113	2024-05-04 11:10:03.472+07	69	Parato 200SL	2	[{"changed": {"fields": ["Ten", "Mo ta ngan", "Thanh phan", "Hang sx", "Dac tinh", "Hdsd"]}}]	9	3
114	2024-05-04 11:12:11.84+07	69	Parato 200SL	2	[{"changed": {"fields": ["Hdsd"]}}]	9	3
115	2024-05-04 11:14:05.827+07	68	Exami 20WG	2	[{"changed": {"fields": ["Mo ta ngan", "Thanh phan", "Hang sx", "Dac tinh", "Hdsd"]}}]	9	3
116	2024-05-04 11:16:25.62+07	67	droper 400wp	2	[{"changed": {"fields": ["Mo ta ngan", "Thanh phan", "Hang sx", "Dac tinh", "Hdsd"]}}]	9	3
117	2024-05-04 11:28:50.43+07	66	Downy 650WP	2	[{"changed": {"fields": ["Mo ta ngan", "Thanh phan", "Hang sx", "Dac tinh", "Hdsd"]}}]	9	3
118	2024-05-04 12:35:22.545+07	65	Dolping 40EC	2	[{"changed": {"fields": ["Mo ta ngan", "Thanh phan", "Hang sx", "Dac tinh", "Hdsd"]}}]	9	3
119	2024-05-04 12:41:45.645+07	64	cymkill 25ec	2	[{"changed": {"fields": ["Mo ta ngan", "Thanh phan", "Hang sx", "Dac tinh", "Hdsd"]}}]	9	3
120	2024-05-04 12:47:27.442+07	63	Bretil Super 300EC	2	[{"changed": {"fields": ["Thanh phan", "Hang sx", "Dac tinh", "Hdsd"]}}]	9	3
121	2024-05-04 12:51:11.83+07	62	BOÓCDOR	2	[{"changed": {"fields": ["Thanh phan", "Hang sx", "Dac tinh", "Hdsd"]}}]	9	3
122	2024-05-04 12:56:10.795+07	61	Bipimai 150EC	2	[{"changed": {"fields": ["Mo ta ngan", "Thanh phan", "Hang sx", "Dac tinh", "Hdsd"]}}]	9	3
123	2024-05-04 13:06:07.561+07	60	BINHFOS 50EC TRÙM SÂU	2	[{"changed": {"fields": ["Mo ta ngan", "Thanh phan", "Hang sx", "Dac tinh", "Hdsd"]}}]	9	3
124	2024-05-04 13:07:03.674+07	59	BINHFOS 50EC VUA SÂU	3		9	3
125	2024-05-04 13:07:03.807+07	58	BINHFOS 50EC ANH HÙNG SÂU	3		9	3
126	2024-05-04 13:09:32.417+07	57	CỎ CHÁY HỒNG HÀ NHI	2	[{"changed": {"fields": ["Mo ta ngan", "Thanh phan", "Hang sx", "Dac tinh", "Hdsd"]}}]	9	3
127	2024-05-04 13:10:04.064+07	56	Gussi Bastar 200SL	3		9	3
128	2024-05-04 13:11:37.287+07	55	Bám dính BMC	2	[{"changed": {"fields": ["Thanh phan", "Hang sx", "Dac tinh", "Hdsd"]}}]	9	3
129	2024-05-04 13:15:37.612+07	54	atomin15wp	2	[{"changed": {"fields": ["Thanh phan", "Hang sx", "Dac tinh", "Hdsd"]}}]	9	3
130	2024-05-04 13:16:01.576+07	54	atomin15wp	2	[]	9	3
131	2024-05-04 13:21:15.192+07	53	Forgon 40EC	2	[{"changed": {"fields": ["Mo ta ngan", "Thanh phan", "Hang sx", "Dac tinh", "Hdsd"]}}]	9	3
132	2024-05-04 13:21:53.918+07	52	arriphos 40ec	3		9	3
133	2024-05-04 13:26:39.116+07	51	An-k-zeb 800WP, Byphan 800WP	2	[{"changed": {"fields": ["Ten", "Thanh phan", "Hang sx", "Dac tinh", "Hdsd"]}}]	9	3
134	2024-05-04 13:34:33.257+07	50	HAIHAMEC 3.6E Ankamec 3.6EC Dapharnec 3.6EC	2	[{"changed": {"fields": ["Ten", "Thanh phan", "Hang sx", "Dac tinh", "Hdsd"]}}]	9	3
135	2024-05-04 13:35:19.821+07	49	Dapharnec 3.6EC	3		9	3
136	2024-05-04 13:38:57.413+07	48	Afenzole 325SC Top	2	[{"changed": {"fields": ["Thanh phan", "Hang sx", "Dac tinh", "Hdsd"]}}]	9	3
137	2024-05-04 13:43:14.416+07	47	Abinsec 1.8EC	2	[{"changed": {"fields": ["Ten", "Thanh phan", "Hang sx", "Dac tinh", "Hdsd"]}}]	9	3
138	2024-05-04 13:50:22.387+07	46	Probicol 200WP	2	[{"changed": {"fields": ["Mo ta ngan", "Thanh phan", "Hang sx", "Dac tinh", "Hdsd"]}}]	9	3
139	2024-05-04 14:10:45.994+07	45	Bisomin 6WP	2	[{"changed": {"fields": ["Thanh phan", "Hang sx", "Dac tinh", "Hdsd"]}}]	9	3
140	2024-05-04 14:16:01.169+07	44	KASUHAN 4WP	2	[{"changed": {"fields": ["Mo ta ngan", "Thanh phan", "Hang sx", "Dac tinh", "Hdsd"]}}]	9	3
141	2024-05-04 14:26:00.574+07	43	Bisomin 2SL	2	[{"changed": {"fields": ["Thanh phan", "Hang sx", "Dac tinh", "Hdsd"]}}]	9	3
475	2024-06-28 13:24:31.674+07	85	SHINA 18SL	2	[{"changed": {"fields": ["Hinh anh"]}}]	9	3
142	2024-05-04 14:44:14.243+07	42	TOSHIRO 10EC	2	[{"changed": {"fields": ["Thanh phan", "Hang sx", "Dac tinh", "Hdsd"]}}]	9	3
143	2024-05-04 14:59:01.063+07	41	Hariwon 30SL	2	[{"changed": {"fields": ["Thanh phan", "Hang sx", "Dac tinh", "Hdsd"]}}]	9	3
144	2024-05-04 15:08:33.285+07	40	BACCA 80WG	2	[{"changed": {"fields": ["Thanh phan", "Hang sx", "Dac tinh", "Hdsd"]}}]	9	3
145	2024-05-04 15:15:00.295+07	39	Trinong 50WP	2	[{"changed": {"fields": ["Thanh phan", "Hang sx", "Dac tinh", "Hdsd"]}}]	9	3
146	2024-05-04 15:23:08.624+07	38	Thalonil 75WP	2	[{"changed": {"fields": ["Thanh phan", "Hang sx", "Dac tinh", "Hdsd"]}}]	9	3
147	2024-05-04 15:29:42.656+07	37	Propineb 70WP	2	[{"changed": {"fields": ["Thanh phan", "Hang sx", "Dac tinh", "Hdsd"]}}]	9	3
148	2024-05-04 15:46:44.867+07	36	Metalaxyl 500	2	[{"changed": {"fields": ["Mo ta ngan", "Thanh phan", "Hang sx", "Dac tinh", "Hdsd"]}}]	9	3
149	2024-05-04 15:56:18.986+07	35	Tatsu 25WP	2	[{"changed": {"fields": ["Mo ta ngan", "Thanh phan", "Hang sx", "Dac tinh", "Hdsd"]}}]	9	3
150	2024-05-04 15:59:30.536+07	34	NAPOLEON	2	[{"changed": {"fields": ["Mo ta ngan", "Thanh phan", "Hang sx", "Dac tinh", "Hdsd"]}}]	9	3
151	2024-05-04 16:03:36.464+07	33	Niko 72WP	2	[{"changed": {"fields": ["Mo ta ngan", "Thanh phan", "Hang sx", "Dac tinh", "Hdsd"]}}]	9	3
152	2024-05-04 16:06:04+07	32	SCORTLAN 80WP M45 ẤN	2	[{"changed": {"fields": ["Thanh phan", "Hang sx", "Dac tinh", "Hdsd"]}}]	9	3
153	2024-05-04 16:10:45.927+07	31	BYPHAN 800WP	2	[{"changed": {"fields": ["Mo ta ngan", "Thanh phan", "Hang sx", "Dac tinh", "Hdsd"]}}]	9	3
154	2024-05-04 16:13:04.414+07	30	BUTI 43SC	2	[{"changed": {"fields": ["Thanh phan", "Hang sx", "Dac tinh", "Hdsd"]}}]	9	3
155	2024-05-04 16:15:55.382+07	29	SETIS 34SC GIÁO SƯ NHỆN	2	[{"changed": {"fields": ["Thanh phan", "Hang sx", "Dac tinh", "Hdsd"]}}]	9	3
156	2024-05-06 10:14:46.105+07	28	Abinsec	2	[{"changed": {"fields": ["Thanh phan", "Hang sx", "Dac tinh", "Hdsd"]}}]	9	3
157	2024-05-06 10:24:35.325+07	27	Otica 100SC	2	[{"changed": {"fields": ["Mo ta ngan", "Loai", "Thanh phan", "Hang sx", "Dac tinh", "Hdsd"]}}]	9	3
158	2024-05-06 10:39:08.497+07	26	OHAYO 240SC	2	[{"changed": {"fields": ["Loai", "Thanh phan", "Hang sx", "Dac tinh", "Hdsd"]}}]	9	3
159	2024-05-06 10:48:01.341+07	25	Chlorfena 240SC	2	[{"changed": {"fields": ["Loai", "Thanh phan", "Hang sx", "Dac tinh", "Hdsd"]}}]	9	3
160	2024-05-06 13:29:32.857+07	24	Hosu 10SC	2	[{"changed": {"fields": ["Thanh phan", "Hang sx", "Dac tinh", "Hdsd"]}}]	9	3
161	2024-05-06 13:37:19.706+07	23	Topxapy 30SC	2	[{"changed": {"fields": ["Loai", "Thanh phan", "Hang sx", "Dac tinh", "Hdsd"]}}]	9	3
162	2024-05-06 13:57:53.892+07	22	VUA CHÍNH HÚT	2	[{"changed": {"fields": ["Loai", "Thanh phan", "Hang sx", "Dac tinh", "Hdsd"]}}]	9	3
163	2024-05-06 13:58:57.29+07	22	BETAXU15SC	2	[{"changed": {"fields": ["Ten", "Mo ta ngan"]}}]	9	3
164	2024-05-06 14:07:06.728+07	21	WUSSO	2	[{"changed": {"fields": ["Thanh phan", "Hang sx", "Dac tinh", "Hdsd"]}}]	9	3
165	2024-05-06 14:15:31.304+07	20	Phonix Dragon 20EC	2	[{"changed": {"fields": ["Loai", "Thanh phan", "Hang sx", "Dac tinh", "Hdsd"]}}]	9	3
166	2024-05-06 14:24:38.279+07	19	CYTHRIN 50EC	2	[{"changed": {"fields": ["Loai", "Thanh phan", "Hang sx", "Dac tinh", "Hdsd"]}}]	9	3
167	2024-05-06 14:37:35.092+07	18	TAMIKO 50EC	2	[{"changed": {"fields": ["Loai", "Thanh phan", "Hang sx", "Dac tinh", "Hdsd"]}}]	9	3
168	2024-05-06 14:45:46.768+07	23	Topxapy 30SC	2	[{"changed": {"fields": ["Hdsd"]}}]	9	3
169	2024-05-06 14:46:20.512+07	17	SANTOSO 100SC	2	[{"changed": {"fields": ["Thanh phan", "Hang sx", "Dac tinh", "Hdsd"]}}]	9	3
170	2024-05-06 15:03:47.7+07	17	SANTOSO 100SC	2	[{"changed": {"fields": ["Hdsd"]}}]	9	3
171	2024-05-06 15:07:49.752+07	16	BPALATOX 100EC	2	[{"changed": {"fields": ["Thanh phan", "Hang sx", "Dac tinh", "Hdsd"]}}]	9	3
172	2024-05-06 15:13:33.403+07	15	Somethrin 10EC	2	[{"changed": {"fields": ["Thanh phan", "Hang sx", "Dac tinh", "Hdsd"]}}]	9	3
173	2024-05-06 15:18:21.266+07	14	Biperin 100EC	2	[{"changed": {"fields": ["Thanh phan", "Hang sx", "Dac tinh", "Hdsd"]}}]	9	3
174	2024-05-06 15:22:48.947+07	13	TOMI 5EC - GIÁO SƯ SÂU	2	[{"changed": {"fields": ["Ten", "Mo ta ngan", "Hinh anh", "Thanh phan", "Hang sx", "Dac tinh", "Hdsd"]}}]	9	3
175	2024-05-06 15:28:42.467+07	12	OHAYO XPRO	2	[{"changed": {"fields": ["Thanh phan", "Hang sx", "Dac tinh", "Hdsd"]}}]	9	3
176	2024-05-06 15:33:26.951+07	11	OHAYO 100SC	2	[{"changed": {"fields": ["Thanh phan", "Hang sx", "Dac tinh", "Hdsd"]}}]	9	3
177	2024-05-06 15:36:52.551+07	10	SHA CHONG JING 95WP	2	[{"changed": {"fields": ["Thanh phan", "Hang sx", "Dac tinh", "Hdsd"]}}]	9	3
178	2024-05-06 15:39:18.995+07	9	KAJIO GOLD	2	[{"changed": {"fields": ["Mo ta ngan", "Thanh phan", "Hang sx", "Dac tinh", "Hdsd"]}}]	9	3
179	2024-05-07 09:21:34.079+07	8	KAJIO ALPHA	2	[{"changed": {"fields": ["Thanh phan", "Hang sx", "Dac tinh", "Hdsd"]}}]	9	3
180	2024-05-07 09:23:15.789+07	9	KAJIO GOLD	2	[{"changed": {"fields": ["Hdsd"]}}]	9	3
181	2024-05-07 09:25:22.132+07	7	KAJIO 5.0WG	2	[{"changed": {"fields": ["Thanh phan", "Hang sx", "Dac tinh", "Hdsd"]}}]	9	3
182	2024-05-07 09:26:12.483+07	6	KAJIO 5EC	3		9	3
183	2024-05-07 09:31:37.717+07	5	DAPHAMEC 5.0EC	2	[{"changed": {"fields": ["Thanh phan", "Hang sx", "Dac tinh", "Hdsd"]}}]	9	3
184	2024-05-07 09:34:10.47+07	3	OXATIR1 1.8EC	2	[{"changed": {"fields": ["Thanh phan", "Hang sx", "Dac tinh", "Hdsd"]}}]	9	3
185	2024-05-07 09:39:27.704+07	2	ABINSEC 1.8EC	2	[{"changed": {"fields": ["Thanh phan", "Hang sx", "Dac tinh", "Hdsd"]}}]	9	3
186	2024-05-07 09:41:10.222+07	1	Lạc Đà	3		9	3
187	2024-05-07 10:11:52.88+07	2	ABINSEC 1.8EC	3		9	3
188	2024-05-07 10:12:28.681+07	4	ANKAMEC 3.6EC	3		9	3
189	2024-05-07 13:11:31.127+07	7	NHÂN VIÊN TÀI XẾ GIAO HÀNG	1	[{"added": {}}]	7	3
190	2024-05-07 13:12:37.558+07	8	NHÂN VIÊN BẢO TRÌ ĐIỆN	1	[{"added": {}}]	7	3
191	2024-05-07 13:14:47.062+07	9	NHÂN VIÊN KCS	1	[{"added": {}}]	7	3
192	2024-05-07 13:15:31.076+07	10	NHÂN VIÊN THỐNG KÊ SẢN XUẤT	1	[{"added": {}}]	7	3
193	2024-05-07 13:16:20.718+07	11	TRƯỞNG PHÒNG SẢN XUẤT	1	[{"added": {}}]	7	3
194	2024-05-07 13:29:44.204+07	12	NHÂN VIÊN THỬ NGHIỆM THUỐC BVTV	1	[{"added": {}}]	7	3
195	2024-05-07 13:31:04.611+07	11	TRƯỞNG PHÒNG SẢN XUẤT	2	[{"changed": {"fields": ["Noi dung cong viec"]}}]	7	3
196	2024-05-07 13:31:35.383+07	13	NHÂN VIÊN BÁN HÀNG SHOP	1	[{"added": {}}]	7	3
197	2024-05-07 13:33:21.516+07	14	NHÂN VIÊN ĐĂNG KÝ SẢN PHẨM	1	[{"added": {}}]	7	3
198	2024-05-07 13:35:03.921+07	15	NHÂN VIÊN KẾ TOÁN THANH TOÁN	1	[{"added": {}}]	7	3
199	2024-05-07 13:35:59.995+07	15	NHÂN VIÊN KẾ TOÁN THANH TOÁN	2	[{"changed": {"fields": ["Noi dung cong viec"]}}]	7	3
200	2024-05-07 13:36:13.969+07	14	NHÂN VIÊN ĐĂNG KÝ SẢN PHẨM	2	[{"changed": {"fields": ["Noi dung cong viec"]}}]	7	3
201	2024-05-07 13:36:21.962+07	13	NHÂN VIÊN BÁN HÀNG SHOP	2	[{"changed": {"fields": ["Noi dung cong viec"]}}]	7	3
202	2024-05-07 13:36:31.377+07	12	NHÂN VIÊN THỬ NGHIỆM THUỐC BVTV	2	[{"changed": {"fields": ["Noi dung cong viec"]}}]	7	3
203	2024-05-07 13:36:54.153+07	11	TRƯỞNG PHÒNG SẢN XUẤT	2	[{"changed": {"fields": ["Noi dung cong viec"]}}]	7	3
204	2024-05-07 13:37:02.353+07	10	NHÂN VIÊN THỐNG KÊ SẢN XUẤT	2	[{"changed": {"fields": ["Noi dung cong viec"]}}]	7	3
205	2024-05-07 13:37:12.143+07	9	NHÂN VIÊN KCS	2	[{"changed": {"fields": ["Noi dung cong viec"]}}]	7	3
206	2024-05-07 13:37:19.762+07	8	NHÂN VIÊN BẢO TRÌ ĐIỆN	2	[{"changed": {"fields": ["Noi dung cong viec"]}}]	7	3
207	2024-05-07 13:39:17.182+07	16	NHÂN VIÊN MUA HÀNG SHOP	1	[{"added": {}}]	7	3
208	2024-05-07 13:40:21.45+07	5	NHÂN VIÊN THIẾT KẾ	2	[{"changed": {"fields": ["Noi dung cong viec"]}}]	7	3
209	2024-05-07 13:40:38.768+07	17	NHÂN VIÊN PHỤ KHO	1	[{"added": {}}]	7	3
210	2024-05-07 14:36:32.589+07	18	NHÂN VIÊN PHÁT TRIỂN THỊ TRƯỜNG SHOP	1	[{"added": {}}]	7	3
211	2024-05-07 14:40:28.139+07	19	NHÂN VIÊN R&D	1	[{"added": {}}]	7	3
212	2024-05-07 14:42:16.501+07	20	CHUYÊN VIÊN XUẤT NHẬP KHẨU	1	[{"added": {}}]	7	3
213	2024-05-07 14:44:21.594+07	21	NHÂN VIÊN KẾ TOÁN TỔNG HỢP	1	[{"added": {}}]	7	3
214	2024-05-07 14:46:49.227+07	22	QUẢN LÝ KINH DOANH TOÀN QUỐC	1	[{"added": {}}]	7	3
215	2024-05-07 14:48:31.417+07	23	NHÂN VIÊN QUẢN LÝ SHOP	1	[{"added": {}}]	7	3
216	2024-05-07 14:49:49.202+07	24	TRƯỞNG PHÒNG VẬT TƯ	1	[{"added": {}}]	7	3
217	2024-05-07 15:08:46.585+07	20	CHUYÊN VIÊN XUẤT NHẬP KHẨU	2	[]	7	3
218	2024-05-30 15:04:12.729+07	1	Bình BMC 2.0 Gold VP	1	[{"added": {}}]	11	3
219	2024-05-30 15:25:04.261+07	1	Bình BMC 2.0 Gold VP	2	[{"changed": {"fields": ["Hinh anh"]}}]	11	3
220	2024-05-30 15:27:36.658+07	1	Bình BMC 2.0 Gold VP	2	[{"changed": {"fields": ["Hinh anh"]}}]	11	3
221	2024-05-30 15:28:07.102+07	1	Bình BMC 2.0 Gold VP	2	[{"changed": {"fields": ["Hinh anh"]}}]	11	3
222	2024-05-30 15:28:45.053+07	1	Bình BMC 2.0 Gold VP	2	[{"changed": {"fields": ["Hinh anh"]}}]	11	3
223	2024-05-30 15:30:34.306+07	1	Bình BMC 2.0 Gold VP	2	[{"changed": {"fields": ["Hinh anh"]}}]	11	3
224	2024-05-30 15:32:04.674+07	1	Bình BMC 2.0 Gold VP	2	[{"changed": {"fields": ["Hinh anh"]}}]	11	3
225	2024-05-30 15:32:49.939+07	1	Bình BMC 2.0 Gold VP	2	[{"changed": {"fields": ["Hinh anh"]}}]	11	3
226	2024-05-30 17:02:39.504+07	1	BMC tham gia hội chợ tại New Delhi, Ấn Độ	1	[{"added": {}}]	12	3
227	2024-05-31 09:20:07.308+07	2	Tổng kết trao thưởng vụ Đông Xuân 2014-2015	1	[{"added": {}}]	12	3
228	2024-05-31 09:49:12.634+07	2	Bình tay BMC 18L	1	[{"added": {}}]	11	3
229	2024-06-06 13:31:57.548+07	3	Bình BMC 3.0 VP	1	[{"added": {}}]	11	3
230	2024-06-06 13:35:28.475+07	4	Bình điện 16L Thanh Long / Dứa	1	[{"added": {}}]	11	3
231	2024-06-06 13:40:09.591+07	5	Bình điện 16L alpha	1	[{"added": {}}]	11	3
232	2024-06-06 13:41:43.61+07	6	BMC – 18L 2.0 THANH LONG	1	[{"added": {}}]	11	3
233	2024-06-06 13:43:36.055+07	7	BMC – 18L Super	1	[{"added": {}}]	11	3
234	2024-06-06 13:45:49.757+07	8	Bình tay BMC 16L Super	1	[{"added": {}}]	11	3
235	2024-06-17 14:58:56.767+07	80	KHAI HOANG Q7	1	[{"added": {}}]	9	3
236	2024-06-17 15:10:47.686+07	71	fullkill 50ec	2	[]	9	3
237	2024-06-17 15:19:05.226+07	81	KHAI HOANG Q10	1	[{"added": {}}]	9	3
238	2024-06-21 10:00:26.976+07	81	KHAI HOANG Q10	2	[]	9	3
239	2024-06-21 10:00:53.116+07	81	KHAI HOANG Q10	2	[]	9	3
240	2024-06-21 10:25:47.068+07	82	TRÂU RỪNG ĐEN	1	[{"added": {}}]	9	3
241	2024-06-21 12:49:58.651+07	82	TRÂU RỪNG ĐEN	2	[{"changed": {"fields": ["Hdsd"]}}]	9	3
242	2024-06-21 13:25:00.65+07	83	GLIPHOSATE	1	[{"added": {}}]	9	3
243	2024-06-21 13:25:35.903+07	82	TRÂU RỪNG ĐEN	2	[{"changed": {"fields": ["Hdsd"]}}]	9	3
244	2024-06-21 13:48:31.63+07	84	KENBAST 15SL	1	[{"added": {}}]	9	3
245	2024-06-21 13:51:11.409+07	83	GLIPHOSATE	2	[{"changed": {"fields": ["Hdsd"]}}]	9	3
246	2024-06-21 13:51:52.653+07	84	KENBAST 15SL	2	[{"changed": {"fields": ["Hdsd"]}}]	9	3
247	2024-06-21 15:40:14.386+07	85	SHINA 18SL	1	[{"added": {}}]	9	3
248	2024-06-21 15:50:58.299+07	86	GUSSI BASTAR 200SL	1	[{"added": {}}]	9	3
249	2024-06-21 15:51:37.65+07	74	GUSSI BASTAR 200SL	2	[]	9	3
250	2024-06-21 16:03:52.856+07	86	GUSSI BASTAR 200SL	2	[{"changed": {"fields": ["Mo ta ngan", "Hinh anh", "Thanh phan", "Hang sx", "Dac tinh", "Hdsd"]}}]	9	3
251	2024-06-21 16:11:02.722+07	57	CỎ CHÁY HỒNG HÀ NHI	2	[]	9	3
252	2024-06-21 16:26:33.24+07	87	LẠC ĐÀ	1	[{"added": {}}]	9	3
253	2024-06-21 16:32:18.624+07	88	VOI RỪNG	1	[{"added": {}}]	9	3
254	2024-06-22 15:02:20.511+07	89	THẦN LỬA 300	1	[{"added": {}}]	9	3
255	2024-06-22 15:10:03.734+07	90	YOSKY 10SL	1	[{"added": {}}]	9	3
256	2024-06-22 15:12:52.495+07	90	YOSKY 10SL	2	[{"changed": {"fields": ["Hdsd"]}}]	9	3
257	2024-06-22 15:13:05.223+07	89	THẦN LỬA 300	2	[{"changed": {"fields": ["Hdsd"]}}]	9	3
258	2024-06-22 15:13:16.206+07	88	VOI RỪNG	2	[{"changed": {"fields": ["Hdsd"]}}]	9	3
259	2024-06-22 15:13:30.74+07	87	LẠC ĐÀ	2	[{"changed": {"fields": ["Hdsd"]}}]	9	3
260	2024-06-22 15:13:50.201+07	86	GUSSI BASTAR 200SL	2	[{"changed": {"fields": ["Hdsd"]}}]	9	3
261	2024-06-22 15:14:20.035+07	85	SHINA 18SL	2	[{"changed": {"fields": ["Hdsd"]}}]	9	3
262	2024-06-22 15:22:48.332+07	91	CỎ CHÁY NHANH 4.0	1	[{"added": {}}]	9	3
263	2024-06-22 15:28:45.499+07	92	GANGSTER 300EC	1	[{"added": {}}]	9	3
264	2024-06-22 15:36:32.45+07	92	SIÊU DIỆT MẦM	2	[{"changed": {"fields": ["Ten", "Mo ta ngan", "Thanh phan", "Hang sx", "Dac tinh", "Hdsd"]}}]	9	3
265	2024-06-22 15:42:18.665+07	93	Maruka 5EC	1	[{"added": {}}]	9	3
266	2024-06-22 15:48:55.325+07	94	Laoton 108EC	1	[{"added": {}}]	9	3
267	2024-06-22 15:56:44.309+07	95	Gardona 250SL	1	[{"added": {}}]	9	3
268	2024-06-22 16:04:24.784+07	96	Dusan 240EC	1	[{"added": {}}]	9	3
269	2024-06-24 12:54:16.642+07	24	TRƯỞNG PHÒNG VẬT TƯ (Material Manager)	2	[{"changed": {"fields": ["Tieu de", "Muc luong max"]}}]	7	3
270	2024-06-24 13:02:20.402+07	24	Trưởng Phòng Vật Tư (Material Manager)	2	[{"changed": {"fields": ["Tieu de", "Noi dung cong viec"]}}]	7	3
271	2024-06-24 13:03:34.39+07	24	Trưởng Phòng Vật Tư (Material Manager)	2	[{"changed": {"fields": ["Noi dung cong viec"]}}]	7	3
272	2024-06-24 13:27:24.234+07	23	NHÂN VIÊN QUẢN LÝ SHOP	2	[{"changed": {"fields": ["Noi dung cong viec", "Muc luong max"]}}]	7	3
273	2024-06-24 13:27:37.712+07	23	Nhân Viên Quản Lý Shop	2	[{"changed": {"fields": ["Tieu de"]}}]	7	3
274	2024-06-24 13:28:17.025+07	23	Nhân Viên Quản Lý Shop (Shop Manager)	2	[{"changed": {"fields": ["Tieu de"]}}]	7	3
275	2024-06-24 13:31:02.202+07	22	QUẢN LÝ KINH DOANH TOÀN QUỐC	2	[{"changed": {"fields": ["Noi dung cong viec", "Muc luong max"]}}]	7	3
276	2024-06-24 13:31:21.935+07	22	QUẢN LÝ KINH DOANH TOÀN QUỐC (National Business Manager)	2	[{"changed": {"fields": ["Tieu de"]}}]	7	3
277	2024-06-24 13:31:36.815+07	22	Quản Lý Kinh Doanh Toàn Quốc (National Business Manager)	2	[{"changed": {"fields": ["Tieu de"]}}]	7	3
278	2024-06-24 13:33:35.905+07	21	Nhân Viên Kế Toán Tổng Hợp (General Accountant)	2	[{"changed": {"fields": ["Tieu de", "Noi dung cong viec", "Muc luong max"]}}]	7	3
279	2024-06-24 13:38:24.224+07	20	Chuyên Viên Xuất Nhập Khẩu (Import-Export Specialist)	2	[{"changed": {"fields": ["Tieu de", "Noi dung cong viec", "Muc luong max"]}}]	7	3
280	2024-06-24 13:38:28.902+07	20	Chuyên Viên Xuất Nhập Khẩu (Import-Export Specialist)	2	[]	7	3
281	2024-06-24 13:40:32.294+07	19	Nhân Viên R&D (R&D Staff)	2	[{"changed": {"fields": ["Tieu de", "Noi dung cong viec", "Muc luong max"]}}]	7	3
282	2024-06-24 13:43:23.43+07	18	Nhân Viên Phát Triển Thị Trường Cửa Hàng (Shop Market Development Staff)	2	[{"changed": {"fields": ["Tieu de", "Noi dung cong viec", "Muc luong max"]}}]	7	3
283	2024-06-24 13:48:45.919+07	17	NHÂN VIÊN PHỤ KHO	2	[{"changed": {"fields": ["Noi dung cong viec", "Muc luong max"]}}]	7	3
284	2024-06-24 13:49:46.965+07	18	Nhân Viên Phát Triển Thị Trường Cửa Hàng (Shop Market Development Staff)	2	[{"changed": {"fields": ["Noi dung cong viec"]}}]	7	3
285	2024-06-24 13:50:57.292+07	19	Nhân Viên R&D (R&D Staff)	2	[{"changed": {"fields": ["Noi dung cong viec"]}}]	7	3
286	2024-06-24 13:52:30.82+07	20	Chuyên Viên Xuất Nhập Khẩu (Import-Export Specialist)	2	[{"changed": {"fields": ["Noi dung cong viec"]}}]	7	3
287	2024-06-24 13:52:35.475+07	20	Chuyên Viên Xuất Nhập Khẩu (Import-Export Specialist)	2	[]	7	3
288	2024-06-24 13:54:13.639+07	21	Nhân Viên Kế Toán Tổng Hợp (General Accountant)	2	[{"changed": {"fields": ["Noi dung cong viec"]}}]	7	3
289	2024-06-24 13:56:31.379+07	22	Quản Lý Kinh Doanh Toàn Quốc (National Business Manager)	2	[{"changed": {"fields": ["Noi dung cong viec"]}}]	7	3
290	2024-06-24 13:57:18.786+07	17	Nhân Viên Phụ Kho (Warehouse Assistant)	2	[{"changed": {"fields": ["Tieu de"]}}]	7	3
291	2024-06-24 14:00:15.209+07	16	Nhân Viên Mua Hàng Cửa Hàng (Shop Purchasing Staff)	2	[{"changed": {"fields": ["Tieu de", "Noi dung cong viec", "Muc luong max"]}}]	7	3
292	2024-06-24 14:24:28.567+07	15	Nhân Viên Kế Toán Thanh Toán (Payment Accountant)	2	[{"changed": {"fields": ["Tieu de", "Noi dung cong viec", "Muc luong max"]}}]	7	3
293	2024-06-24 14:29:46.701+07	14	Nhân Viên Đăng Ký Sản Phẩm (Product Registration Staff)	2	[{"changed": {"fields": ["Tieu de", "Noi dung cong viec", "Muc luong max"]}}]	7	3
294	2024-06-24 14:34:31.205+07	13	Nhân Viên Bán Hàng Cửa Hàng (Shop Sales Staff)	2	[{"changed": {"fields": ["Tieu de", "Noi dung cong viec", "Muc luong max"]}}]	7	3
295	2024-06-24 14:37:27.61+07	24	Trưởng Phòng Vật Tư (Material Manager)	2	[{"changed": {"fields": ["Noi dung cong viec"]}}]	7	3
296	2024-06-24 14:39:42.011+07	12	Nhân Viên Thử Nghiệm Thuốc Bảo Vệ Thực Vật	2	[{"changed": {"fields": ["Tieu de", "Noi dung cong viec", "Muc luong max"]}}]	7	3
297	2024-06-24 14:40:01.67+07	12	Nhân Viên Thử Nghiệm Thuốc Bảo Vệ Thực Vật (Pesticide Testing Staff)	2	[{"changed": {"fields": ["Tieu de"]}}]	7	3
298	2024-06-24 14:43:06.364+07	11	Trưởng Phòng Sản Xuất (Production Manager)	2	[{"changed": {"fields": ["Tieu de", "Noi dung cong viec", "Muc luong max"]}}]	7	3
299	2024-06-24 14:45:50.115+07	10	Nhân Viên Thống Kê Sản Xuất (Production Statistician)	2	[{"changed": {"fields": ["Tieu de", "Noi dung cong viec", "Muc luong max"]}}]	7	3
300	2024-06-24 14:49:43.664+07	9	NHÂN VIÊN KCS (Quality Control Staff)	2	[{"changed": {"fields": ["Tieu de", "Noi dung cong viec", "Muc luong max"]}}]	7	3
301	2024-06-24 14:53:32.591+07	8	Nhân Viên Bảo Trì Điện (Electrical Maintenance Staff)	2	[{"changed": {"fields": ["Tieu de", "Noi dung cong viec", "Muc luong max"]}}]	7	3
302	2024-06-24 14:56:52.686+07	7	Nhân Viên Tài Xế Giao Hàng (Delivery Driver)	2	[{"changed": {"fields": ["Tieu de", "Noi dung cong viec", "Muc luong max"]}}]	7	3
303	2024-06-24 15:01:51.544+07	6	Nhân Viên Phát Triển Thị Trường (Market Development Staff)	2	[{"changed": {"fields": ["Tieu de", "Noi dung cong viec", "Muc luong max"]}}]	7	3
304	2024-06-24 15:05:15.174+07	5	Nhân Viên Thiết Kế (Designer)	2	[{"changed": {"fields": ["Tieu de", "Noi dung cong viec", "Muc luong max"]}}]	7	3
305	2024-06-24 15:07:32.503+07	4	NHÂN VIÊN IT (IT Staff)	2	[{"changed": {"fields": ["Tieu de", "Noi dung cong viec", "Muc luong max"]}}]	7	3
306	2024-06-24 15:07:46.24+07	4	Nhân Viên IT (IT Staff)	2	[{"changed": {"fields": ["Tieu de"]}}]	7	3
307	2024-06-24 15:11:00.943+07	3	Chuyên Viên Hành Chính Nhân Sự (Human Resources Specialist)	2	[{"changed": {"fields": ["Tieu de", "Noi dung cong viec", "Muc luong max"]}}]	7	3
308	2024-06-24 15:14:09.7+07	2	Trưởng Phòng Hành Chính Nhân Sự (Chief Human Resources Officer)	2	[{"changed": {"fields": ["Tieu de", "Noi dung cong viec", "Muc luong max"]}}]	7	3
309	2024-06-24 15:14:25.397+07	9	Nhân Viên Kcs (Quality Control Staff)	2	[{"changed": {"fields": ["Tieu de"]}}]	7	3
310	2024-06-24 15:16:40.249+07	1	Chăm Sóc Khách Hàng (Customer Care)	2	[{"changed": {"fields": ["Tieu de", "Noi dung cong viec", "Muc luong max"]}}]	7	3
311	2024-06-24 15:16:51.777+07	20	Chuyên Viên Xuất Nhập Khẩu (Import-Export Specialist)	2	[]	7	3
312	2024-06-24 15:53:56.7+07	8	Nhân Viên Bảo Trì Điện (Electrical Maintenance Staff)	2	[{"changed": {"fields": ["Noi dung cong viec"]}}]	7	3
313	2024-06-24 15:54:53.976+07	22	Quản Lý Kinh Doanh Toàn Quốc (National Business Manager)	2	[{"changed": {"fields": ["Noi dung cong viec"]}}]	7	3
314	2024-06-24 15:56:01.81+07	24	Trưởng Phòng Vật Tư (Material Manager)	2	[]	7	3
315	2024-06-24 15:56:33.699+07	1	Chăm Sóc Khách Hàng (Customer Care)	2	[{"changed": {"fields": ["Noi dung cong viec"]}}]	7	3
316	2024-06-25 07:47:43.032+07	54	atomin15wp	2	[{"changed": {"fields": ["Dac tinh"]}}]	9	3
317	2024-06-25 08:26:25.93+07	3	OXATIR1 1.8EC	2	[{"changed": {"fields": ["Ten en", "Mo ta ngan en", "Loai en", "Thanh phan en", "Hang sx en", "Dac tinh en", "Hdsd en"]}}]	9	3
318	2024-06-25 08:30:34.552+07	96	Dusan 240EC	2	[{"changed": {"fields": ["Ten en", "Mo ta ngan en", "Loai en", "Thanh phan en", "Hang sx en", "Dac tinh en", "Hdsd en"]}}]	9	3
319	2024-06-25 08:31:06.135+07	95	Gardona 250SL	2	[{"changed": {"fields": ["Ten en", "Mo ta ngan en", "Loai en", "Thanh phan en", "Hang sx en", "Dac tinh en", "Hdsd en"]}}]	9	3
320	2024-06-25 08:31:39.039+07	94	Laoton 108EC	2	[{"changed": {"fields": ["Ten en", "Mo ta ngan en", "Loai en", "Thanh phan en", "Hang sx en", "Dac tinh en", "Hdsd en"]}}]	9	3
321	2024-06-25 08:32:13.535+07	93	Maruka 5EC	2	[{"changed": {"fields": ["Ten en", "Mo ta ngan en", "Loai en", "Thanh phan en", "Hang sx en", "Dac tinh en", "Hdsd en"]}}]	9	3
322	2024-06-25 08:33:05.392+07	92	SIÊU DIỆT MẦM	2	[{"changed": {"fields": ["Ten en", "Mo ta ngan en", "Loai en", "Thanh phan en", "Hang sx en", "Dac tinh en", "Hdsd en"]}}]	9	3
323	2024-06-25 08:34:11.071+07	91	CỎ CHÁY NHANH 4.0	2	[{"changed": {"fields": ["Ten en", "Mo ta ngan en", "Loai en", "Thanh phan en", "Hang sx en", "Dac tinh en", "Hdsd en"]}}]	9	3
324	2024-06-25 08:34:47.687+07	90	YOSKY 10SL	2	[{"changed": {"fields": ["Ten en", "Mo ta ngan en", "Loai en", "Thanh phan en", "Hang sx en", "Dac tinh en", "Hdsd en"]}}]	9	3
325	2024-06-25 08:35:23.696+07	89	THẦN LỬA 300	2	[{"changed": {"fields": ["Ten en", "Mo ta ngan en", "Loai en", "Thanh phan en", "Hang sx en", "Dac tinh en", "Hdsd en"]}}]	9	3
326	2024-06-25 08:36:16.302+07	88	VOI RỪNG	2	[{"changed": {"fields": ["Ten en", "Mo ta ngan", "Mo ta ngan en", "Loai en", "Thanh phan en", "Hang sx en", "Dac tinh en", "Hdsd en"]}}]	9	3
327	2024-06-25 08:37:03.273+07	87	LẠC ĐÀ	2	[{"changed": {"fields": ["Ten en", "Mo ta ngan", "Mo ta ngan en", "Loai en", "Thanh phan en", "Hang sx en", "Dac tinh en", "Hdsd en"]}}]	9	3
328	2024-06-25 08:37:44.702+07	86	GUSSI BASTAR 200SL	2	[{"changed": {"fields": ["Ten en", "Mo ta ngan en", "Loai en", "Thanh phan en", "Hang sx en", "Dac tinh en", "Hdsd en"]}}]	9	3
329	2024-06-25 08:38:15.742+07	85	SHINA 18SL	2	[{"changed": {"fields": ["Ten en", "Mo ta ngan en", "Loai en", "Thanh phan en", "Hang sx en", "Dac tinh en", "Hdsd en"]}}]	9	3
330	2024-06-25 08:38:50.206+07	84	KENBAST 15SL	2	[{"changed": {"fields": ["Ten en", "Mo ta ngan en", "Loai en", "Thanh phan en", "Hang sx en", "Dac tinh en", "Hdsd en"]}}]	9	3
331	2024-06-25 08:39:24.279+07	83	GLIPHOSATE	2	[{"changed": {"fields": ["Ten en", "Mo ta ngan en", "Loai en", "Thanh phan en", "Hang sx en", "Dac tinh en", "Hdsd en"]}}]	9	3
332	2024-06-25 08:40:24.422+07	82	TRÂU RỪNG ĐEN	2	[{"changed": {"fields": ["Ten en", "Mo ta ngan en", "Loai en", "Thanh phan en", "Hang sx en", "Dac tinh", "Dac tinh en", "Hdsd en"]}}]	9	3
333	2024-06-25 08:41:04.044+07	81	KHAI HOANG Q10	2	[{"changed": {"fields": ["Ten en", "Mo ta ngan en", "Loai en", "Thanh phan en", "Hang sx en", "Dac tinh", "Dac tinh en", "Hdsd en"]}}]	9	3
334	2024-06-25 08:41:54.959+07	80	KHAI HOANG Q7	2	[{"changed": {"fields": ["Ten en", "Mo ta ngan en", "Loai en", "Thanh phan en", "Hang sx en", "Dac tinh", "Dac tinh en", "Hdsd en"]}}]	9	3
335	2024-06-25 08:43:05.409+07	79	Kasugacin 3SL	2	[{"changed": {"fields": ["Ten en", "Mo ta ngan en", "Loai en", "Thanh phan en", "Hang sx en", "Dac tinh", "Dac tinh en", "Hdsd en"]}}]	9	3
336	2024-06-25 08:44:02.238+07	78	ISO ONE 40EC	2	[{"changed": {"fields": ["Ten en", "Mo ta ngan en", "Loai en", "Thanh phan", "Thanh phan en", "Hang sx en", "Dac tinh", "Dac tinh en", "Hdsd en"]}}]	9	3
337	2024-06-25 08:45:15.965+07	77	HORISAN 75	2	[{"changed": {"fields": ["Ten en", "Mo ta ngan en", "Loai en", "Thanh phan", "Thanh phan en", "Hang sx en", "Dac tinh", "Dac tinh en", "Hdsd en"]}}]	9	3
338	2024-06-25 08:46:03.918+07	76	HOANGANHVIL 50SC	2	[{"changed": {"fields": ["Ten en", "Mo ta ngan en", "Loai en", "Thanh phan en", "Hang sx en", "Dac tinh", "Dac tinh en", "Hdsd en"]}}]	9	3
339	2024-06-25 08:46:57.607+07	74	GUSSI BASTAR 200SL	2	[{"changed": {"fields": ["Ten en", "Mo ta ngan en", "Loai en", "Thanh phan en", "Hang sx en", "Dac tinh", "Dac tinh en", "Hdsd en"]}}]	9	3
340	2024-06-25 08:48:30.824+07	73	gone super 350ec	2	[{"changed": {"fields": ["Ten en", "Mo ta ngan en", "Loai en", "Thanh phan", "Thanh phan en", "Hang sx en", "Dac tinh", "Dac tinh en", "Hdsd en"]}}]	9	3
341	2024-06-25 08:49:07.695+07	72	GANGSTER 300EC	2	[{"changed": {"fields": ["Ten en", "Mo ta ngan en", "Loai en", "Thanh phan en", "Hang sx en", "Dac tinh en", "Hdsd en"]}}]	9	3
342	2024-06-25 08:49:57.956+07	71	fullkill 50ec	2	[{"changed": {"fields": ["Ten en", "Mo ta ngan en", "Loai en", "Thanh phan en", "Hang sx en", "Dac tinh en", "Hdsd en"]}}]	9	3
343	2024-06-25 08:51:26.54+07	69	Parato 200SL	2	[{"changed": {"fields": ["Ten en", "Mo ta ngan en", "Loai en", "Thanh phan en", "Hang sx en", "Dac tinh", "Dac tinh en", "Hdsd en"]}}]	9	3
344	2024-06-25 08:52:36.835+07	68	Exami 20WG	2	[{"changed": {"fields": ["Ten en", "Mo ta ngan en", "Loai en", "Thanh phan", "Thanh phan en", "Hang sx en", "Dac tinh", "Dac tinh en", "Hdsd en"]}}]	9	3
345	2024-06-25 08:53:17.779+07	67	droper 400wp	2	[{"changed": {"fields": ["Ten en", "Mo ta ngan en", "Loai en", "Thanh phan en", "Hang sx en", "Dac tinh", "Dac tinh en", "Hdsd en"]}}]	9	3
346	2024-06-25 08:54:08.022+07	66	Downy 650WP	2	[{"changed": {"fields": ["Ten en", "Mo ta ngan en", "Loai en", "Thanh phan en", "Hang sx en", "Dac tinh en", "Hdsd en"]}}]	9	3
347	2024-06-25 08:55:07.478+07	65	Dolping 40EC	2	[{"changed": {"fields": ["Ten en", "Mo ta ngan en", "Loai en", "Thanh phan en", "Hang sx en", "Dac tinh en", "Hdsd en"]}}]	9	3
348	2024-06-25 08:56:31.429+07	64	cymkill 25ec	2	[{"changed": {"fields": ["Ten en", "Mo ta ngan en", "Loai en", "Thanh phan", "Thanh phan en", "Hang sx en", "Dac tinh en", "Hdsd en"]}}]	9	3
349	2024-06-25 08:57:18.453+07	63	Bretil Super 300EC	2	[{"changed": {"fields": ["Ten en", "Mo ta ngan en", "Loai en", "Thanh phan en", "Hang sx en", "Dac tinh en", "Hdsd en"]}}]	9	3
350	2024-06-25 08:59:33.565+07	62	BOÓCDOR	2	[{"changed": {"fields": ["Ten en", "Mo ta ngan en", "Loai en", "Thanh phan en", "Hang sx", "Hang sx en", "Dac tinh", "Dac tinh en", "Hdsd en"]}}]	9	3
351	2024-06-25 09:00:14.475+07	61	Bipimai 150EC	2	[{"changed": {"fields": ["Ten en", "Mo ta ngan en", "Loai en", "Thanh phan en", "Hang sx en", "Dac tinh", "Dac tinh en", "Hdsd en"]}}]	9	3
352	2024-06-25 09:01:07.858+07	60	BINHFOS 50EC TRÙM SÂU	2	[{"changed": {"fields": ["Ten en", "Mo ta ngan en", "Loai en", "Thanh phan", "Thanh phan en", "Hang sx en", "Dac tinh en", "Hdsd en"]}}]	9	3
353	2024-06-25 09:05:15.818+07	57	CỎ CHÁY HỒNG HÀ NHI	2	[{"changed": {"fields": ["Ten en", "Mo ta ngan en", "Loai en", "Thanh phan en", "Hang sx en", "Dac tinh en", "Hdsd en"]}}]	9	3
354	2024-06-25 09:06:57.641+07	55	Bám dính BMC	2	[{"changed": {"fields": ["Ten en", "Mo ta ngan", "Mo ta ngan en", "Loai en", "Thanh phan en", "Hang sx en", "Dac tinh", "Dac tinh en", "Hdsd en"]}}]	9	3
355	2024-06-25 09:07:47.925+07	54	atomin15wp	2	[{"changed": {"fields": ["Ten en", "Mo ta ngan en", "Loai en", "Thanh phan en", "Hang sx en", "Dac tinh en", "Hdsd en"]}}]	9	3
356	2024-06-25 09:08:47.033+07	53	Forgon 40EC	2	[{"changed": {"fields": ["Ten en", "Mo ta ngan en", "Loai en", "Thanh phan en", "Hang sx en", "Dac tinh", "Dac tinh en", "Hdsd en"]}}]	9	3
357	2024-06-25 09:09:33.881+07	51	An-k-zeb 800WP, Byphan 800WP	2	[{"changed": {"fields": ["Ten en", "Mo ta ngan en", "Loai en", "Thanh phan en", "Hang sx en", "Dac tinh en", "Hdsd en"]}}]	9	3
358	2024-06-25 09:12:46.585+07	50	HAIHAMEC 3.6E Ankamec 3.6EC Dapharnec 3.6EC	2	[{"changed": {"fields": ["Ten en", "Mo ta ngan en", "Loai en", "Thanh phan", "Thanh phan en", "Hang sx en", "Dac tinh en", "Hdsd en"]}}]	9	3
476	2024-06-28 13:28:45.709+07	88	VOI RỪNG	2	[{"changed": {"fields": ["Hinh anh"]}}]	9	3
359	2024-06-25 09:13:15.829+07	48	Afenzole 325SC Top	2	[{"changed": {"fields": ["Ten en", "Mo ta ngan en", "Loai en", "Thanh phan en", "Hang sx en", "Dac tinh en", "Hdsd en"]}}]	9	3
360	2024-06-25 09:16:46.761+07	47	Abinsec 1.8EC	2	[{"changed": {"fields": ["Ten en", "Mo ta ngan en", "Loai en", "Thanh phan en", "Hang sx en", "Dac tinh en", "Hdsd en"]}}]	9	3
361	2024-06-25 09:17:48.201+07	46	Probicol 200WP	2	[{"changed": {"fields": ["Ten en", "Mo ta ngan en", "Loai en", "Thanh phan en", "Hang sx en", "Dac tinh", "Dac tinh en", "Hdsd en"]}}]	9	3
362	2024-06-25 09:20:27.8+07	45	Bisomin 6WP	2	[{"changed": {"fields": ["Ten en", "Mo ta ngan en", "Loai en", "Thanh phan en", "Hang sx en", "Dac tinh", "Dac tinh en", "Hdsd en"]}}]	9	3
363	2024-06-25 09:21:23.067+07	44	KASUHAN 4WP	2	[{"changed": {"fields": ["Ten en", "Mo ta ngan en", "Loai en", "Thanh phan en", "Hang sx en", "Dac tinh en", "Hdsd en"]}}]	9	3
364	2024-06-25 09:22:04.309+07	43	Bisomin 2SL	2	[{"changed": {"fields": ["Ten en", "Mo ta ngan en", "Loai en", "Thanh phan en", "Hang sx en", "Dac tinh en", "Hdsd en"]}}]	9	3
365	2024-06-25 09:23:51.487+07	42	TOSHIRO 10EC	2	[{"changed": {"fields": ["Ten en", "Mo ta ngan en", "Loai en", "Thanh phan en", "Hang sx en", "Dac tinh en", "Hdsd en"]}}]	9	3
366	2024-06-25 09:24:33.224+07	41	Hariwon 30SL	2	[{"changed": {"fields": ["Ten en", "Mo ta ngan en", "Loai en", "Thanh phan en", "Hang sx en", "Dac tinh en", "Hdsd en"]}}]	9	3
367	2024-06-25 09:25:14.528+07	40	BACCA 80WG	2	[{"changed": {"fields": ["Ten en", "Mo ta ngan en", "Loai en", "Thanh phan en", "Hang sx en", "Dac tinh en", "Hdsd en"]}}]	9	3
368	2024-06-25 09:25:57.32+07	39	Trinong 50WP	2	[{"changed": {"fields": ["Ten en", "Mo ta ngan en", "Loai en", "Thanh phan en", "Hang sx en", "Dac tinh en", "Hdsd en"]}}]	9	3
369	2024-06-25 09:26:28.55+07	38	Thalonil 75WP	2	[{"changed": {"fields": ["Ten en", "Mo ta ngan en", "Loai en", "Thanh phan en", "Hang sx en", "Dac tinh en", "Hdsd en"]}}]	9	3
370	2024-06-25 09:27:06.319+07	37	Propineb 70WP	2	[{"changed": {"fields": ["Ten en", "Mo ta ngan en", "Loai en", "Thanh phan en", "Hang sx en", "Dac tinh en", "Hdsd en"]}}]	9	3
371	2024-06-25 09:27:45.19+07	36	Metalaxyl 500	2	[{"changed": {"fields": ["Ten en", "Mo ta ngan en", "Loai en", "Thanh phan en", "Hang sx en", "Dac tinh en", "Hdsd en"]}}]	9	3
372	2024-06-25 09:28:40.518+07	35	Tatsu 25WP	2	[{"changed": {"fields": ["Ten en", "Mo ta ngan en", "Loai en", "Thanh phan en", "Hang sx en", "Dac tinh en", "Hdsd en"]}}]	9	3
373	2024-06-25 09:29:10.695+07	34	NAPOLEON	2	[{"changed": {"fields": ["Ten en", "Mo ta ngan en", "Loai en", "Thanh phan en", "Hang sx en", "Dac tinh en", "Hdsd en"]}}]	9	3
374	2024-06-25 09:29:54.024+07	33	Niko 72WP	2	[{"changed": {"fields": ["Ten en", "Mo ta ngan en", "Loai en", "Thanh phan", "Thanh phan en", "Hang sx en", "Dac tinh en", "Hdsd en"]}}]	9	3
375	2024-06-25 09:33:36.878+07	32	SCORTLAN 80WP M45 ẤN	2	[{"changed": {"fields": ["Ten en", "Mo ta ngan en", "Loai en", "Thanh phan en", "Hang sx en", "Dac tinh en", "Hdsd en"]}}]	9	3
376	2024-06-25 09:34:25.013+07	31	BYPHAN 800WP	2	[{"changed": {"fields": ["Ten en", "Mo ta ngan en", "Loai en", "Thanh phan en", "Hang sx en", "Dac tinh en", "Hdsd en"]}}]	9	3
377	2024-06-25 09:37:56.856+07	30	BUTI 43SC	2	[{"changed": {"fields": ["Ten en", "Mo ta ngan en", "Loai en", "Thanh phan en", "Hang sx en", "Dac tinh en", "Hdsd en"]}}]	9	3
378	2024-06-25 09:39:12.19+07	29	SETIS 34SC GIÁO SƯ NHỆN	2	[{"changed": {"fields": ["Ten en", "Mo ta ngan en", "Loai en", "Thanh phan", "Thanh phan en", "Hang sx en", "Dac tinh en", "Hdsd en"]}}]	9	3
379	2024-06-25 09:40:58.299+07	28	Abinsec	2	[{"changed": {"fields": ["Ten en", "Mo ta ngan en", "Loai en", "Thanh phan en", "Hang sx en", "Dac tinh en", "Hdsd en"]}}]	9	3
380	2024-06-25 09:58:59.309+07	27	Otica 100SC	2	[{"changed": {"fields": ["Ten en", "Mo ta ngan en", "Loai en", "Thanh phan en", "Hang sx en", "Dac tinh en", "Hdsd en"]}}]	9	3
381	2024-06-25 09:59:34.72+07	26	OHAYO 240SC	2	[{"changed": {"fields": ["Ten en", "Mo ta ngan en", "Loai en", "Thanh phan en", "Hang sx en", "Dac tinh en", "Hdsd en"]}}]	9	3
382	2024-06-25 10:01:29.114+07	25	Chlorfena 240SC	2	[{"changed": {"fields": ["Ten en", "Mo ta ngan en", "Loai en", "Thanh phan en", "Hang sx en", "Dac tinh en", "Hdsd en"]}}]	9	3
383	2024-06-25 10:02:22.602+07	24	Hosu 10SC	2	[{"changed": {"fields": ["Ten en", "Mo ta ngan en", "Loai en", "Thanh phan en", "Hang sx en", "Dac tinh en", "Hdsd en"]}}]	9	3
384	2024-06-25 10:03:00.754+07	23	Topxapy 30SC	2	[{"changed": {"fields": ["Ten en", "Mo ta ngan en", "Loai en", "Thanh phan en", "Hang sx en", "Dac tinh en", "Hdsd en"]}}]	9	3
385	2024-06-25 10:03:35.485+07	22	BETAXU15SC	2	[{"changed": {"fields": ["Ten en", "Mo ta ngan en", "Loai en", "Thanh phan en", "Hang sx en", "Dac tinh en", "Hdsd en"]}}]	9	3
386	2024-06-25 10:04:50.082+07	21	WUSSO	2	[{"changed": {"fields": ["Ten en", "Mo ta ngan en", "Loai en", "Thanh phan en", "Hang sx en", "Dac tinh en", "Hdsd en"]}}]	9	3
387	2024-06-25 10:05:15.184+07	20	Phonix Dragon 20EC	2	[{"changed": {"fields": ["Ten en", "Mo ta ngan en", "Loai en", "Thanh phan en", "Hang sx en", "Dac tinh en", "Hdsd en"]}}]	9	3
388	2024-06-25 10:05:52.602+07	19	CYTHRIN 50EC	2	[{"changed": {"fields": ["Ten en", "Mo ta ngan en", "Loai en", "Thanh phan en", "Hang sx en", "Dac tinh en", "Hdsd en"]}}]	9	3
389	2024-06-25 10:06:32.394+07	18	TAMIKO 50EC	2	[{"changed": {"fields": ["Ten en", "Mo ta ngan en", "Loai en", "Thanh phan en", "Hang sx en", "Dac tinh en", "Hdsd en"]}}]	9	3
390	2024-06-25 10:08:22.272+07	17	SANTOSO 100SC	2	[{"changed": {"fields": ["Ten en", "Mo ta ngan en", "Loai en", "Thanh phan en", "Hang sx en", "Dac tinh en", "Hdsd en"]}}]	9	3
391	2024-06-25 10:08:59.755+07	16	BPALATOX 100EC	2	[{"changed": {"fields": ["Ten en", "Mo ta ngan en", "Loai en", "Thanh phan en", "Hang sx en", "Dac tinh en", "Hdsd en"]}}]	9	3
392	2024-06-25 10:09:33.555+07	15	Somethrin 10EC	2	[{"changed": {"fields": ["Ten en", "Mo ta ngan en", "Loai en", "Thanh phan en", "Hang sx en", "Dac tinh en", "Hdsd en"]}}]	9	3
393	2024-06-25 10:10:44.872+07	14	Biperin 100EC	2	[{"changed": {"fields": ["Ten en", "Mo ta ngan en", "Loai en", "Thanh phan en", "Hang sx en", "Dac tinh en", "Hdsd en"]}}]	9	3
394	2024-06-25 10:11:13.631+07	13	TOMI 5EC - GIÁO SƯ SÂU	2	[{"changed": {"fields": ["Ten en", "Mo ta ngan en", "Loai en", "Thanh phan", "Thanh phan en", "Hang sx en", "Dac tinh en", "Hdsd en"]}}]	9	3
395	2024-06-25 10:12:14.669+07	12	OHAYO XPRO	2	[{"changed": {"fields": ["Ten en", "Mo ta ngan en", "Loai en", "Thanh phan en", "Hang sx en", "Dac tinh en", "Hdsd en"]}}]	9	3
396	2024-06-25 10:12:46.295+07	11	OHAYO 100SC	2	[{"changed": {"fields": ["Ten en", "Mo ta ngan en", "Loai en", "Thanh phan en", "Hang sx en", "Dac tinh en", "Hdsd en"]}}]	9	3
397	2024-06-25 10:13:50.014+07	10	SHA CHONG JING 95WP	2	[{"changed": {"fields": ["Ten en", "Mo ta ngan en", "Loai en", "Thanh phan", "Thanh phan en", "Hang sx en", "Dac tinh en", "Hdsd en"]}}]	9	3
398	2024-06-25 10:14:34.61+07	9	KAJIO GOLD	2	[{"changed": {"fields": ["Ten en", "Mo ta ngan en", "Loai en", "Thanh phan", "Thanh phan en", "Hang sx en", "Dac tinh en", "Hdsd en"]}}]	9	3
477	2024-06-28 13:30:27.514+07	87	LẠC ĐÀ	2	[{"changed": {"fields": ["Hinh anh"]}}]	9	3
399	2024-06-25 10:15:10.317+07	8	KAJIO ALPHA	2	[{"changed": {"fields": ["Ten en", "Mo ta ngan", "Mo ta ngan en", "Loai en", "Thanh phan en", "Hang sx en", "Dac tinh en", "Hdsd en"]}}]	9	3
400	2024-06-25 10:15:49.038+07	7	KAJIO 5.0WG	2	[{"changed": {"fields": ["Ten en", "Mo ta ngan en", "Loai en", "Thanh phan en", "Hang sx en", "Dac tinh en", "Hdsd en"]}}]	9	3
401	2024-06-25 10:16:25.366+07	5	DAPHAMEC 5.0EC	2	[{"changed": {"fields": ["Ten en", "Mo ta ngan en", "Loai en", "Thanh phan en", "Hang sx en", "Dac tinh", "Dac tinh en", "Hdsd en"]}}]	9	3
402	2024-06-25 10:18:44.948+07	7	KAJIO 5.0WG	2	[{"changed": {"fields": ["Dac tinh", "Dac tinh en"]}}]	9	3
403	2024-06-25 10:20:04.918+07	8	KAJIO ALPHA	2	[{"changed": {"fields": ["Dac tinh", "Dac tinh en"]}}]	9	3
404	2024-06-26 09:24:02.696+07	97	KHÚC CA DIỆT CỎ	1	[{"added": {}}]	9	3
405	2024-06-26 09:26:23.829+07	97	KHÚC CA DIỆT CỎ	2	[{"changed": {"fields": ["Mo ta ngan", "Mo ta ngan en", "Loai en"]}}]	9	3
406	2024-06-26 09:26:44.963+07	97	KHÚC CA DIỆT CỎ	2	[{"changed": {"fields": ["Loai en"]}}]	9	3
407	2024-06-26 11:05:07.814+07	98	Many 800WP	1	[{"added": {}}]	9	3
408	2024-06-26 11:12:36.255+07	99	GIÁO SƯ CỎ	1	[{"added": {}}]	9	3
409	2024-06-26 11:31:58.272+07	100	BÁO ĐEN	1	[{"added": {}}]	9	3
410	2024-06-26 13:30:08.071+07	100	BÁO ĐEN	2	[{"changed": {"fields": ["Hdsd", "Hdsd en"]}}]	9	3
411	2024-06-26 13:39:07.05+07	101	BINHTOX 3.8EC	1	[{"added": {}}]	9	3
412	2024-06-26 13:57:01.557+07	102	FORSAN 60EC	1	[{"added": {}}]	9	3
413	2024-06-26 14:10:45.62+07	103	VUA IMIDA	1	[{"added": {}}]	9	3
414	2024-06-26 14:24:15.556+07	104	TRÙM CHÍCH HÚT - TRĨ	1	[{"added": {}}]	9	3
415	2024-06-26 14:38:45.02+07	105	TOSI 30WG	1	[{"added": {}}]	9	3
416	2024-06-26 14:46:04.187+07	106	Suparep 300WP	1	[{"added": {}}]	9	3
417	2024-06-26 14:54:42.457+07	107	Ram Tề Thiên	1	[{"added": {}}]	9	3
418	2024-06-26 15:12:07.78+07	108	KOTO 240SC GolD	1	[{"added": {}}]	9	3
419	2024-06-26 15:19:49.974+07	109	MATSCOT 500	1	[{"added": {}}]	9	3
420	2024-06-26 15:30:29.853+07	110	LAMA 50EC	1	[{"added": {}}]	9	3
421	2024-06-26 15:43:30.985+07	111	Kyodo 25SC	1	[{"added": {}}]	9	3
422	2024-06-26 15:49:33.793+07	112	Kyodo 50WP	1	[{"added": {}}]	9	3
423	2024-06-26 15:51:00.42+07	111	Kyodo 25SC	2	[{"changed": {"fields": ["Hinh anh"]}}]	9	3
424	2024-06-26 16:03:28.78+07	113	Kyodo 25SC GOLD	1	[{"added": {}}]	9	3
425	2024-06-26 16:20:36.485+07	114	SIÊU DIỆT NHỆN	1	[{"added": {}}]	9	3
426	2024-06-26 16:43:47.617+07	115	An-k-zeb 800WP	1	[{"added": {}}]	9	3
427	2024-06-27 10:47:58.754+07	115	Xiexie 200WP	2	[{"changed": {"fields": ["Ten", "Ten en", "Mo ta ngan", "Mo ta ngan en", "Hinh anh"]}}]	9	3
428	2024-06-27 10:59:22.966+07	115	Xiexie 200WP	2	[{"changed": {"fields": ["Thanh phan", "Thanh phan en", "Hang sx", "Hang sx en", "Dac tinh", "Dac tinh en", "Hdsd", "Hdsd en"]}}]	9	3
429	2024-06-27 11:08:46.397+07	116	Mi Stop 350SC	1	[{"added": {}}]	9	3
430	2024-06-27 11:25:02.046+07	117	Oosaka 700WP	1	[{"added": {}}]	9	3
431	2024-06-27 11:35:45.56+07	118	PILOT 15AB	1	[{"added": {}}]	9	3
432	2024-06-27 12:40:16.97+07	119	ỐC LÝ TIỂU LONG 18GR	1	[{"added": {}}]	9	3
433	2024-06-27 12:58:19.43+07	120	HARUKO 5SC	1	[{"added": {}}]	9	3
434	2024-06-27 13:02:07.851+07	121	MEKONGVIL 5SC	1	[{"added": {}}]	9	3
435	2024-06-27 13:55:34.787+07	121	MEKONGVIL 5SC	2	[{"changed": {"fields": ["Hdsd", "Hdsd en"]}}]	9	3
436	2024-06-27 13:56:05.268+07	121	MEKONGVIL 5SC	2	[]	9	3
437	2024-06-27 14:09:30.409+07	86	GUSSI BASTAR 200SL	3		9	3
438	2024-06-27 14:24:08.311+07	122	OXATIR1 1.8EC	1	[{"added": {}}]	9	3
439	2024-06-27 14:31:12.721+07	123	Daphamec 5.0EC	1	[{"added": {}}]	9	3
440	2024-06-27 14:32:06.607+07	123	Daphamec 5.0EC	3		9	3
441	2024-06-27 14:32:53.22+07	122	OXATIR1 1.8EC	3		9	3
442	2024-06-27 14:40:28.081+07	26	OHAYO 240SC	2	[{"changed": {"fields": ["Hdsd", "Hdsd en"]}}]	9	3
443	2024-06-27 14:48:49.584+07	100	BÁO ĐEN	2	[{"changed": {"fields": ["Hdsd", "Hdsd en"]}}]	9	3
444	2024-06-27 14:53:17.722+07	101	BINHTOX 3.8EC	2	[{"changed": {"fields": ["Hdsd", "Hdsd en"]}}]	9	3
445	2024-06-27 15:02:59.229+07	102	FORSAN 60EC	2	[{"changed": {"fields": ["Hdsd", "Hdsd en"]}}]	9	3
446	2024-06-27 15:08:25.925+07	103	VUA IMIDA	2	[{"changed": {"fields": ["Hdsd", "Hdsd en"]}}]	9	3
447	2024-06-27 15:12:52.019+07	104	TRÙM CHÍCH HÚT - TRĨ	2	[{"changed": {"fields": ["Hdsd", "Hdsd en"]}}]	9	3
448	2024-06-27 15:18:30.428+07	105	TOSI 30WG	2	[{"changed": {"fields": ["Hdsd", "Hdsd en"]}}]	9	3
449	2024-06-27 15:21:46.002+07	106	Suparep 300WP	2	[{"changed": {"fields": ["Hdsd", "Hdsd en"]}}]	9	3
450	2024-06-27 15:26:31.12+07	107	Ram Tề Thiên	2	[{"changed": {"fields": ["Hdsd", "Hdsd en"]}}]	9	3
451	2024-06-27 15:37:14.592+07	108	KOTO 240SC GolD	2	[{"changed": {"fields": ["Hdsd", "Hdsd en"]}}]	9	3
452	2024-06-27 15:37:51.353+07	107	Ram Tề Thiên	2	[]	9	3
453	2024-06-27 15:38:54.519+07	109	MATSCOT 500	2	[]	9	3
454	2024-06-27 15:46:23.351+07	109	MATSCOT 500	2	[]	9	3
455	2024-06-27 15:49:15.786+07	110	LAMA 50EC	2	[{"changed": {"fields": ["Hdsd", "Hdsd en"]}}]	9	3
456	2024-06-27 15:50:41.826+07	111	Kyodo 25SC	2	[]	9	3
457	2024-06-27 15:50:54.251+07	112	Kyodo 50WP	2	[]	9	3
458	2024-06-27 15:53:15.664+07	82	TRÂU RỪNG ĐEN	2	[{"changed": {"fields": ["Hdsd", "Hdsd en"]}}]	9	3
459	2024-06-27 15:55:05.593+07	83	GLIPHOSATE	2	[]	9	3
460	2024-06-27 15:55:38.286+07	84	KENBAST 15SL	2	[]	9	3
461	2024-06-27 15:57:16.546+07	85	SHINA 18SL	2	[]	9	3
462	2024-06-27 15:57:45.916+07	84	KENBAST 15SL	2	[]	9	3
463	2024-06-28 07:54:12.097+07	83	NEWFOSINATE 150SL	2	[{"changed": {"fields": ["Ten", "Ten en"]}}]	9	3
464	2024-06-28 08:21:01.351+07	124	MISUNG	1	[{"added": {}}]	9	3
465	2024-06-28 08:36:41.513+07	125	ARRIPHOS 40EC	1	[{"added": {}}]	9	3
466	2024-06-28 08:38:22.369+07	125	ARRIPHOS 40EC	2	[{"changed": {"fields": ["Hdsd", "Hdsd en"]}}]	9	3
467	2024-06-28 08:45:35.326+07	108	KOTO 240SC	2	[{"changed": {"fields": ["Ten", "Ten en"]}}]	9	3
468	2024-06-28 08:49:25.105+07	126	KOTO 240SC GolD	1	[{"added": {}}]	9	3
469	2024-06-28 08:49:54.456+07	108	KOTO 240SC	2	[]	9	3
470	2024-06-28 08:50:15.434+07	126	KOTO 240SC GolD	2	[{"changed": {"fields": ["Hdsd", "Hdsd en"]}}]	9	3
471	2024-06-28 08:58:22.049+07	32	SCORTLAN 80WP M45 ẤN	2	[]	9	3
472	2024-06-28 13:19:32.017+07	82	TRÂU RỪNG ĐEN	2	[{"changed": {"fields": ["Hinh anh"]}}]	9	3
473	2024-06-28 13:21:20.524+07	83	NEWFOSINATE 150SL	2	[{"changed": {"fields": ["Hinh anh"]}}]	9	3
474	2024-06-28 13:22:41.652+07	84	KENBAST 15SL	2	[{"changed": {"fields": ["Hinh anh"]}}]	9	3
478	2024-06-28 13:32:43.177+07	89	THẦN LỬA 300	2	[{"changed": {"fields": ["Hinh anh"]}}]	9	3
479	2024-06-28 13:48:20.993+07	90	YOSKY 10SL	2	[{"changed": {"fields": ["Hinh anh"]}}]	9	3
480	2024-06-28 13:52:58.942+07	91	CỎ CHÁY NHANH 4.0	2	[{"changed": {"fields": ["Hinh anh"]}}]	9	3
481	2024-06-28 13:54:50.518+07	92	SIÊU DIỆT MẦM	2	[{"changed": {"fields": ["Hinh anh"]}}]	9	3
482	2024-06-28 13:55:54.412+07	93	Maruka 5EC	2	[{"changed": {"fields": ["Hinh anh"]}}]	9	3
483	2024-06-28 13:56:54.897+07	94	Laoton 108EC	2	[{"changed": {"fields": ["Hinh anh"]}}]	9	3
484	2024-06-28 13:57:56.869+07	95	Gardona 250SL	2	[{"changed": {"fields": ["Hinh anh"]}}]	9	3
485	2024-06-28 13:58:57.605+07	96	Dusan 240EC	2	[{"changed": {"fields": ["Hinh anh"]}}]	9	3
486	2024-06-28 14:01:25.42+07	97	KHÚC CA DIỆT CỎ	2	[{"changed": {"fields": ["Hinh anh"]}}]	9	3
487	2024-06-28 14:03:29.772+07	57	CỎ CHÁY HỒNG HÀ NHI	2	[{"changed": {"fields": ["Hinh anh"]}}]	9	3
488	2024-06-28 14:05:02.18+07	98	Many 800WP	2	[{"changed": {"fields": ["Hinh anh"]}}]	9	3
489	2024-06-28 14:06:07.526+07	99	GIÁO SƯ CỎ	2	[{"changed": {"fields": ["Hinh anh"]}}]	9	3
490	2024-06-28 14:07:56.521+07	100	BÁO ĐEN	2	[{"changed": {"fields": ["Hinh anh"]}}]	9	3
491	2024-06-28 14:09:17.025+07	101	BINHTOX 3.8EC	2	[{"changed": {"fields": ["Hinh anh"]}}]	9	3
492	2024-06-28 14:11:00.088+07	102	FORSAN 60EC	2	[{"changed": {"fields": ["Hinh anh"]}}]	9	3
493	2024-06-28 14:12:21.371+07	103	VUA IMIDA	2	[{"changed": {"fields": ["Hinh anh"]}}]	9	3
494	2024-06-28 14:15:04.352+07	104	TRÙM CHÍCH HÚT - TRĨ	2	[{"changed": {"fields": ["Hinh anh"]}}]	9	3
495	2024-06-28 14:16:18.868+07	105	TOSI 30WG	2	[{"changed": {"fields": ["Hinh anh"]}}]	9	3
496	2024-06-28 14:17:13.9+07	106	Suparep 300WP	2	[{"changed": {"fields": ["Hinh anh"]}}]	9	3
497	2024-06-28 14:18:15.991+07	107	Ram Tề Thiên	2	[{"changed": {"fields": ["Hinh anh"]}}]	9	3
498	2024-06-28 14:20:08.967+07	108	KOTO 240SC	2	[{"changed": {"fields": ["Hinh anh"]}}]	9	3
499	2024-06-28 14:20:54.79+07	109	MATSCOT 500	2	[{"changed": {"fields": ["Hinh anh"]}}]	9	3
500	2024-06-28 14:21:44.236+07	110	LAMA 50EC	2	[{"changed": {"fields": ["Hinh anh"]}}]	9	3
501	2024-06-28 14:22:49.17+07	111	Kyodo 25SC	2	[{"changed": {"fields": ["Hinh anh"]}}]	9	3
502	2024-06-28 14:24:18.949+07	113	Kyodo 25SC GOLD	2	[{"changed": {"fields": ["Hinh anh"]}}]	9	3
503	2024-06-28 14:32:25.298+07	114	SIÊU DIỆT NHỆN	2	[{"changed": {"fields": ["Hinh anh"]}}]	9	3
504	2024-06-28 14:39:47.337+07	112	Kyodo 50WP	2	[{"changed": {"fields": ["Hinh anh"]}}]	9	3
505	2024-06-28 14:41:52.316+07	115	Xiexie 200WP	2	[{"changed": {"fields": ["Hinh anh"]}}]	9	3
506	2024-06-28 14:43:11.08+07	116	Mi Stop 350SC	2	[{"changed": {"fields": ["Hinh anh"]}}]	9	3
507	2024-06-28 14:44:16.178+07	117	Oosaka 700WP	2	[{"changed": {"fields": ["Hinh anh"]}}]	9	3
508	2024-06-28 14:45:22.6+07	118	PILOT 15AB	2	[{"changed": {"fields": ["Hinh anh"]}}]	9	3
509	2024-06-28 14:46:15.529+07	119	ỐC LÝ TIỂU LONG 18GR	2	[{"changed": {"fields": ["Hinh anh"]}}]	9	3
510	2024-06-28 14:48:20.359+07	120	HARUKO 5SC	2	[{"changed": {"fields": ["Hinh anh"]}}]	9	3
511	2024-06-28 14:51:41.005+07	121	MEKONGVIL 5SC	2	[{"changed": {"fields": ["Hinh anh"]}}]	9	3
512	2024-06-28 14:52:44.861+07	124	MISUNG	2	[{"changed": {"fields": ["Hinh anh"]}}]	9	3
513	2024-06-28 14:53:28.928+07	125	ARRIPHOS 40EC	2	[{"changed": {"fields": ["Hinh anh"]}}]	9	3
514	2024-06-28 14:54:31.313+07	126	KOTO 240SC GolD	2	[{"changed": {"fields": ["Hinh anh"]}}]	9	3
515	2024-06-28 15:42:53.939+07	127	KENBAST 15SL	1	[{"added": {}}]	9	3
516	2024-06-28 15:53:00.551+07	128	GUSSI BASTAR 200SL	1	[{"added": {}}]	9	3
517	2024-06-28 15:57:34.252+07	129	Parato 200SL	1	[{"added": {}}]	9	3
518	2024-06-28 16:05:07.119+07	50	HAIHAMEC 3.6E Ankamec 3.6EC Dapharnec 3.6EC	2	[{"changed": {"fields": ["Hinh anh"]}}]	9	3
519	2024-06-29 11:29:13.56+07	4	Nhân Viên IT (IT Staff)	2	[]	7	3
520	2024-06-29 11:29:31.127+07	24	Trưởng Phòng Vật Tư (Material Manager)	2	[]	7	3
521	2024-06-29 11:30:46.039+07	23	Nhân Viên Quản Lý Shop (Shop Manager)	2	[]	7	3
522	2024-06-29 12:37:12.888+07	1	Chăm Sóc Khách Hàng (Customer Care)	2	[{"changed": {"fields": ["Noi dung cong viec"]}}]	7	3
523	2024-06-29 12:39:31.222+07	1	Chăm Sóc Khách Hàng (Customer Care)	2	[{"changed": {"fields": ["Noi dung cong viec"]}}]	7	3
524	2024-06-29 12:41:58.904+07	1	Chăm Sóc Khách Hàng (Customer Care)	2	[]	7	3
525	2024-06-29 12:42:43.296+07	1	Chăm Sóc Khách Hàng (Customer Care)	2	[{"changed": {"fields": ["Noi dung cong viec"]}}]	7	3
526	2024-06-29 12:44:09.178+07	1	Chăm Sóc Khách Hàng (Customer Care)	2	[{"changed": {"fields": ["Noi dung cong viec"]}}]	7	3
527	2024-06-29 12:45:25.189+07	1	Chăm Sóc Khách Hàng (Customer Care)	2	[{"changed": {"fields": ["Noi dung cong viec"]}}]	7	3
528	2024-06-29 12:50:21.148+07	1	Chăm Sóc Khách Hàng (Customer Care)	2	[{"changed": {"fields": ["Noi dung cong viec"]}}]	7	3
529	2024-06-29 12:52:19.552+07	1	Chăm Sóc Khách Hàng (Customer Care)	2	[]	7	3
530	2024-06-29 12:58:05.511+07	2	Trưởng Phòng Hành Chính Nhân Sự (Chief Human Resources Officer)	2	[{"changed": {"fields": ["Noi dung cong viec"]}}]	7	3
531	2024-06-29 13:02:22.859+07	3	Chuyên Viên Hành Chính Nhân Sự (Human Resources Specialist)	2	[{"changed": {"fields": ["Noi dung cong viec"]}}]	7	3
532	2024-06-29 13:05:25.411+07	4	Nhân Viên IT (IT Staff)	2	[{"changed": {"fields": ["Noi dung cong viec"]}}]	7	3
533	2024-06-29 13:06:48.643+07	5	Nhân Viên Thiết Kế (Designer)	2	[{"changed": {"fields": ["Noi dung cong viec"]}}]	7	3
534	2024-06-29 13:10:51.726+07	6	Nhân Viên Phát Triển Thị Trường (Market Development Staff)	2	[{"changed": {"fields": ["Noi dung cong viec"]}}]	7	3
535	2024-06-29 13:12:40.332+07	6	Nhân Viên Phát Triển Thị Trường (Market Development Staff)	2	[{"changed": {"fields": ["Noi dung cong viec"]}}]	7	3
536	2024-06-29 13:14:44.895+07	7	Nhân Viên Tài Xế Giao Hàng (Delivery Driver)	2	[{"changed": {"fields": ["Noi dung cong viec"]}}]	7	3
537	2024-06-29 13:18:28.252+07	8	Nhân Viên Bảo Trì Điện (Electrical Maintenance Staff)	2	[{"changed": {"fields": ["Noi dung cong viec"]}}]	7	3
538	2024-06-29 13:20:10.12+07	9	Nhân Viên Kcs (Quality Control Staff)	2	[{"changed": {"fields": ["Noi dung cong viec"]}}]	7	3
539	2024-06-29 13:22:01.28+07	10	Nhân Viên Thống Kê Sản Xuất (Production Statistician)	2	[{"changed": {"fields": ["Noi dung cong viec"]}}]	7	3
540	2024-06-29 13:23:37.844+07	11	Trưởng Phòng Sản Xuất (Production Manager)	2	[{"changed": {"fields": ["Noi dung cong viec"]}}]	7	3
541	2024-06-29 13:23:56.242+07	11	Trưởng Phòng Sản Xuất (Production Manager)	2	[]	7	3
542	2024-06-29 13:24:46.301+07	12	Nhân Viên Thử Nghiệm Thuốc Bảo Vệ Thực Vật (Pesticide Testing Staff)	2	[{"changed": {"fields": ["Noi dung cong viec"]}}]	7	3
543	2024-06-29 13:25:32.381+07	13	Nhân Viên Bán Hàng Cửa Hàng (Shop Sales Staff)	2	[{"changed": {"fields": ["Noi dung cong viec"]}}]	7	3
544	2024-06-29 13:27:57.388+07	14	Nhân Viên Đăng Ký Sản Phẩm (Product Registration Staff)	2	[{"changed": {"fields": ["Noi dung cong viec"]}}]	7	3
545	2024-06-29 13:28:09.899+07	14	Nhân Viên Đăng Ký Sản Phẩm (Product Registration Staff)	2	[]	7	3
546	2024-06-29 13:28:54.998+07	15	Nhân Viên Kế Toán Thanh Toán (Payment Accountant)	2	[{"changed": {"fields": ["Noi dung cong viec"]}}]	7	3
547	2024-06-29 13:29:29.433+07	16	Nhân Viên Mua Hàng Cửa Hàng (Shop Purchasing Staff)	2	[{"changed": {"fields": ["Noi dung cong viec"]}}]	7	3
548	2024-06-29 13:30:07.985+07	17	Nhân Viên Phụ Kho (Warehouse Assistant)	2	[{"changed": {"fields": ["Noi dung cong viec"]}}]	7	3
549	2024-06-29 13:30:51.341+07	18	Nhân Viên Phát Triển Thị Trường Cửa Hàng (Shop Market Development Staff)	2	[{"changed": {"fields": ["Noi dung cong viec"]}}]	7	3
550	2024-06-29 13:31:25.398+07	19	Nhân Viên R&D (R&D Staff)	2	[{"changed": {"fields": ["Noi dung cong viec"]}}]	7	3
551	2024-06-29 13:31:58.352+07	20	Chuyên Viên Xuất Nhập Khẩu (Import-Export Specialist)	2	[{"changed": {"fields": ["Noi dung cong viec"]}}]	7	3
552	2024-06-29 13:32:22.105+07	21	Nhân Viên Kế Toán Tổng Hợp (General Accountant)	2	[{"changed": {"fields": ["Noi dung cong viec"]}}]	7	3
553	2024-06-29 13:36:39.162+07	22	Quản Lý Kinh Doanh Toàn Quốc (National Business Manager)	2	[{"changed": {"fields": ["Noi dung cong viec"]}}]	7	3
554	2024-06-29 13:37:44.055+07	23	Nhân Viên Quản Lý Shop (Shop Manager)	2	[{"changed": {"fields": ["Noi dung cong viec"]}}]	7	3
555	2024-06-29 13:38:23.061+07	24	Trưởng Phòng Vật Tư (Material Manager)	2	[{"changed": {"fields": ["Noi dung cong viec"]}}]	7	3
556	2024-09-30 08:16:02.651+07	4	0123456789 - DAPHAMEC 5.0EC	3		13	3
557	2024-09-30 08:16:02.659+07	3	 - DAPHAMEC 5.0EC	3		13	3
558	2024-09-30 08:16:02.665+07	2	 - KAJIO GOLD	3		13	3
559	2024-10-06 19:38:05.869+07	1	Thể loại 1	1	[{"added": {}}]	15	3
560	2024-10-06 19:38:35.156+07	2	Thể loại 2	1	[{"added": {}}]	15	3
561	2024-10-06 19:39:08.81+07	3	Thể loại 3	1	[{"added": {}}]	15	3
562	2024-10-06 19:39:25.648+07	4	Thể loại 4	1	[{"added": {}}]	15	3
563	2024-10-06 19:39:41.336+07	5	Thể loại 5	1	[{"added": {}}]	15	3
564	2024-10-06 19:39:55.79+07	6	Thể loại 6	1	[{"added": {}}]	15	3
565	2024-10-06 19:52:33.59+07	7	Thể loại 7	1	[{"added": {}}]	15	3
566	2024-10-06 19:52:49.63+07	8	Thể loại 8	1	[{"added": {}}]	15	3
567	2024-10-06 19:53:06.688+07	9	Thể loại 8	1	[{"added": {}}]	15	3
568	2024-10-06 19:53:24.932+07	10	Thể loại 9	1	[{"added": {}}]	15	3
569	2024-10-06 19:53:39.12+07	11	Thể loại 10	1	[{"added": {}}]	15	3
570	2024-10-07 00:59:11.949+07	111	Phasellus lobortis porta blandit. Etiam hendrerit lacinia ante vitae vulputate.	1	[{"added": {}}]	14	3
571	2024-10-07 01:27:38.504+07	111	Phasellus lobortis porta blandit. Etiam hendrerit lacinia ante vitae vulputate.	2	[{"changed": {"fields": ["Noi dung"]}}]	14	3
572	2024-10-07 01:33:37.487+07	111	Phasellus lobortis porta blandit. Etiam hendrerit lacinia ante vitae vulputate.	2	[{"changed": {"fields": ["Noi dung"]}}]	14	3
573	2024-10-07 14:07:28.061+07	111	Phasellus lobortis porta blandit. Etiam hendrerit lacinia ante vitae vulputate.	2	[{"changed": {"fields": ["Noi dung"]}}]	14	3
574	2024-10-07 15:06:23.448+07	111	Phasellus lobortis porta blandit. Etiam hendrerit lacinia ante vitae vulputate.	2	[{"changed": {"fields": ["Mo ta", "Noi dung"]}}]	14	3
575	2024-10-07 15:08:16.802+07	111	Phasellus lobortis porta blandit. Etiam hendrerit lacinia ante vitae vulputate.	2	[{"changed": {"fields": ["Noi dung"]}}]	14	3
576	2024-10-07 15:13:34.967+07	111	Phasellus lobortis porta blandit. Etiam hendrerit lacinia ante vitae vulputate.	2	[{"changed": {"fields": ["Noi dung"]}}]	14	3
577	2024-10-07 15:14:51.713+07	111	Phasellus lobortis porta blandit. Etiam hendrerit lacinia ante vitae vulputate.	2	[{"changed": {"fields": ["Noi dung"]}}]	14	3
578	2024-10-07 15:16:59.948+07	111	Phasellus lobortis porta blandit. Etiam hendrerit lacinia ante vitae vulputate.	2	[{"changed": {"fields": ["Noi dung"]}}]	14	3
579	2024-10-07 18:16:21.942+07	111	Phasellus lobortis porta blandit. Etiam hendrerit lacinia ante vitae vulputate.	2	[{"changed": {"fields": ["Mo ta tieng anh", "Noi dung", "Noi dung tieng anh"]}}]	14	3
580	2024-10-07 18:18:08.37+07	2	Thể loại 2	2	[{"changed": {"fields": ["Ten tieng anh", "Mo ta tieng anh"]}}]	15	3
581	2024-10-07 18:18:41.337+07	4	Thể loại 4	2	[{"changed": {"fields": ["Ten tieng anh", "Mo ta tieng anh"]}}]	15	3
582	2024-10-07 18:19:19.943+07	7	Thể loại 7	2	[{"changed": {"fields": ["Ten tieng anh", "Mo ta tieng anh"]}}]	15	3
583	2024-10-07 18:20:17.385+07	111	Phasellus lobortis porta blandit. Etiam hendrerit lacinia ante vitae vulputate.	2	[{"changed": {"fields": ["Ten tieng anh"]}}]	14	3
584	2024-10-07 19:25:36.365+07	45	Đoán thử nghiệm xanh không có đất súng.	2	[{"changed": {"fields": ["Ten", "Ten tieng anh", "Mo ta", "Mo ta tieng anh", "Noi dung", "Noi dung tieng anh"]}}]	14	3
585	2024-10-07 19:28:37.323+07	33	Lá thư trong ký ức cười nhiều.	2	[{"changed": {"fields": ["Ten", "Ten tieng anh", "Mo ta", "Mo ta tieng anh", "Noi dung", "Noi dung tieng anh"]}}]	14	3
586	2024-10-07 19:29:56.279+07	30	Tuần lễ thách thức của đảng Cộng hòa là nhà bếp.	2	[{"changed": {"fields": ["Ten", "Ten tieng anh", "Mo ta", "Mo ta tieng anh", "Noi dung", "Noi dung tieng anh"]}}]	14	3
587	2024-10-07 19:30:57.527+07	66	Phỏng vấn dầu tài sản thêm tưởng tượng trong quá trình quản lý.	2	[{"changed": {"fields": ["Ten", "Ten tieng anh", "Mo ta", "Mo ta tieng anh", "Noi dung", "Noi dung tieng anh"]}}]	14	3
588	2024-10-07 19:32:44.14+07	16	Phỏng vấn dầu tài sản thêm tưởng tượng trong quá trình quản lý.	2	[{"changed": {"fields": ["Ten", "Ten tieng anh", "Mo ta", "Mo ta tieng anh", "Noi dung", "Noi dung tieng anh"]}}]	14	3
589	2024-10-07 19:35:04.896+07	6	Phỏng vấn dầu tài sản thêm tưởng tượng trong quá trình quản lý.	2	[{"changed": {"fields": ["Ten", "Ten tieng anh", "Mo ta", "Mo ta tieng anh", "Noi dung", "Noi dung tieng anh"]}}]	14	3
590	2024-10-07 19:36:13.422+07	81	Tổ chức này có mạng lưới bề mặt bất kỳ ai có kiến ​​thức.	2	[{"changed": {"fields": ["Ten", "Ten tieng anh", "Mo ta", "Mo ta tieng anh", "Noi dung", "Noi dung tieng anh"]}}]	14	3
591	2024-10-07 19:36:58.599+07	31	Tổ chức này có mạng lưới bề mặt bất kỳ ai có kiến ​​thức.	2	[{"changed": {"fields": ["Ten", "Ten tieng anh", "Mo ta", "Mo ta tieng anh", "Noi dung", "Noi dung tieng anh"]}}]	14	3
767	2024-10-11 23:56:04.992475+07	109	Offer movement personal participant place specific.	3		17	3
592	2024-10-07 19:37:58.85+07	83	Lá thư trong ký ức cười nhiều.	2	[{"changed": {"fields": ["Ten", "Ten tieng anh", "Mo ta", "Mo ta tieng anh", "Noi dung", "Noi dung tieng anh"]}}]	14	3
593	2024-10-07 19:39:09.978+07	80	Tuần lễ thách thức của đảng Cộng hòa là nhà bếp.	2	[{"changed": {"fields": ["Ten", "Ten tieng anh", "Mo ta", "Mo ta tieng anh", "Noi dung", "Noi dung tieng anh"]}}]	14	3
594	2024-10-07 19:40:42.03+07	107	Hình thức đào tạo nhà thờ lớn bất kỳ đạt được.	2	[{"changed": {"fields": ["Ten", "Ten tieng anh", "Mo ta", "Mo ta tieng anh", "Noi dung", "Noi dung tieng anh"]}}]	14	3
595	2024-10-07 19:42:39.404+07	57	Hình thức đào tạo nhà thờ lớn bất kỳ đạt được.	2	[{"changed": {"fields": ["Ten", "Ten tieng anh", "Mo ta", "Mo ta tieng anh", "Noi dung", "Noi dung tieng anh"]}}]	14	3
596	2024-10-07 19:43:49.873+07	97	Vượt qua lực lượng trường học văn hóa khá mạnh.	2	[{"changed": {"fields": ["Ten", "Ten tieng anh", "Mo ta", "Mo ta tieng anh", "Noi dung", "Noi dung tieng anh"]}}]	14	3
597	2024-10-07 19:45:04.002+07	47	Vượt qua lực lượng trường học văn hóa khá mạnh.	2	[{"changed": {"fields": ["Ten", "Ten tieng anh", "Mo ta", "Mo ta tieng anh", "Noi dung", "Noi dung tieng anh"]}}]	14	3
598	2024-10-07 19:46:04.751+07	102	Triệu cơ quan xử lý tương lai.	2	[{"changed": {"fields": ["Ten", "Ten tieng anh", "Mo ta", "Mo ta tieng anh", "Noi dung", "Noi dung tieng anh"]}}]	14	3
599	2024-10-07 19:46:57.528+07	52	Triệu cơ quan xử lý tương lai.	2	[{"changed": {"fields": ["Ten", "Ten tieng anh", "Mo ta", "Mo ta tieng anh", "Noi dung", "Noi dung tieng anh"]}}]	14	3
600	2024-10-07 19:47:41.594+07	110	Môi trường quan trọng phải có ở chúng ta.	2	[{"changed": {"fields": ["Ten", "Ten tieng anh", "Mo ta", "Mo ta tieng anh", "Noi dung", "Noi dung tieng anh"]}}]	14	3
601	2024-10-07 19:48:31.311+07	60	Môi trường quan trọng phải có ở chúng ta.	2	[{"changed": {"fields": ["Ten", "Ten tieng anh", "Mo ta", "Mo ta tieng anh", "Noi dung", "Noi dung tieng anh"]}}]	14	3
602	2024-10-07 19:49:48.832+07	86	Loại bảo vệ nỗi sợ phát triển công nghệ trước đây.	2	[{"changed": {"fields": ["Ten", "Ten tieng anh", "Mo ta", "Mo ta tieng anh", "Noi dung", "Noi dung tieng anh"]}}]	14	3
603	2024-10-07 19:50:37.016+07	36	Loại bảo vệ nỗi sợ phát triển công nghệ trước đây.	2	[{"changed": {"fields": ["Ten", "Ten tieng anh", "Mo ta", "Mo ta tieng anh", "Noi dung", "Noi dung tieng anh"]}}]	14	3
604	2024-10-07 19:51:27.923+07	84	Chọn xuống mặc dù chia sẻ thị trấn khá đẹp.	2	[{"changed": {"fields": ["Ten", "Ten tieng anh", "Mo ta", "Mo ta tieng anh", "Noi dung", "Noi dung tieng anh"]}}]	14	3
605	2024-10-07 19:56:42.207+07	34	Chọn xuống mặc dù chia sẻ thị trấn khá đẹp.	2	[{"changed": {"fields": ["Ten", "Ten tieng anh", "Mo ta", "Mo ta tieng anh", "Noi dung", "Noi dung tieng anh"]}}]	14	3
606	2024-10-07 19:57:40.817+07	78	Vị trí này phải được cho là đã tồn tại về mặt kinh tế.	2	[{"changed": {"fields": ["Ten", "Ten tieng anh", "Mo ta", "Mo ta tieng anh", "Noi dung", "Noi dung tieng anh"]}}]	14	3
607	2024-10-07 19:58:23.14+07	28	Vị trí này phải được cho là đã tồn tại về mặt kinh tế.	2	[{"changed": {"fields": ["Ten", "Ten tieng anh", "Mo ta", "Mo ta tieng anh", "Noi dung", "Noi dung tieng anh"]}}]	14	3
608	2024-10-07 19:59:05.865+07	104	Phát triển đánh bại em bé ai đó bước vào xây dựng hoàn thành.	2	[{"changed": {"fields": ["Ten", "Ten tieng anh", "Mo ta", "Mo ta tieng anh", "Noi dung", "Noi dung tieng anh"]}}]	14	3
609	2024-10-07 19:59:49.865+07	54	Phát triển đánh bại em bé ai đó bước vào xây dựng hoàn thành.	2	[{"changed": {"fields": ["Ten", "Ten tieng anh", "Mo ta", "Mo ta tieng anh", "Noi dung", "Noi dung tieng anh"]}}]	14	3
610	2024-10-07 20:00:56.279+07	82	Bằng chứng tài chính kết thúc thiết lập chuyến đi đặc biệt.	2	[{"changed": {"fields": ["Ten", "Ten tieng anh", "Mo ta", "Mo ta tieng anh", "Noi dung", "Noi dung tieng anh"]}}]	14	3
611	2024-10-07 20:01:37.802+07	32	Bằng chứng tài chính kết thúc thiết lập chuyến đi đặc biệt.	2	[{"changed": {"fields": ["Ten", "Ten tieng anh", "Mo ta", "Mo ta tieng anh", "Noi dung", "Noi dung tieng anh"]}}]	14	3
612	2024-10-07 20:08:48.763+07	5	Thể loại 5	2	[{"changed": {"fields": ["Ten tieng anh", "Mo ta tieng anh"]}}]	15	3
613	2024-10-07 20:09:09.255+07	6	Thể loại 6	2	[{"changed": {"fields": ["Ten tieng anh", "Mo ta tieng anh"]}}]	15	3
614	2024-10-07 20:09:16.9+07	7	Thể loại 7	2	[]	15	3
615	2024-10-07 20:09:38.703+07	8	Thể loại 8	2	[{"changed": {"fields": ["Ten tieng anh", "Mo ta tieng anh"]}}]	15	3
616	2024-10-07 20:10:00.627+07	9	Thể loại 8	2	[{"changed": {"fields": ["Ten tieng anh", "Mo ta tieng anh"]}}]	15	3
617	2024-10-07 20:10:06.6+07	8	Thể loại 8	2	[]	15	3
618	2024-10-07 20:10:29.344+07	9	Thể loại 9	2	[{"changed": {"fields": ["Ten", "Ten tieng anh", "Mo ta", "Mo ta tieng anh"]}}]	15	3
619	2024-10-07 20:11:01.179+07	9	Thể loại 9	2	[]	15	3
620	2024-10-07 20:11:34.397+07	10	Thể loại 10	2	[{"changed": {"fields": ["Ten", "Ten tieng anh", "Mo ta", "Mo ta tieng anh"]}}]	15	3
621	2024-10-07 20:11:58.752+07	11	Thể loại 11	2	[{"changed": {"fields": ["Ten", "Ten tieng anh", "Mo ta tieng anh"]}}]	15	3
622	2024-10-07 20:12:04.426+07	2	Thể loại 2	2	[]	15	3
623	2024-10-07 20:12:26.016+07	3	Thể loại 3	2	[{"changed": {"fields": ["Ten tieng anh", "Mo ta tieng anh"]}}]	15	3
624	2024-10-07 20:12:31.266+07	4	Thể loại 4	2	[]	15	3
625	2024-10-07 20:12:36.225+07	5	Thể loại 5	2	[]	15	3
626	2024-10-08 04:19:20.390547+07	1	Thể loại 1	2	[{"changed": {"fields": ["Ten tieng anh", "Mo ta tieng anh"]}}]	15	3
627	2024-10-08 08:37:51.815563+07	14	Nhận dạng nhận ra bước chân của bà mặc khoảnh khắc mở.	2	[{"changed": {"fields": ["Ten", "Noi dung", "Noi dung tieng anh"]}}]	10	3
628	2024-10-08 08:38:31.796331+07	11	Ngân sách tham gia tranh luận phát triển kết thúc.	2	[{"changed": {"fields": ["Ten", "Noi dung", "Noi dung tieng anh"]}}]	10	3
629	2024-10-08 08:39:06.195625+07	24	Tuần lễ thách thức của đảng Cộng hòa là nhà bếp.	2	[{"changed": {"fields": ["Ten", "Noi dung", "Noi dung tieng anh"]}}]	10	3
630	2024-10-08 08:39:40.65284+07	27	Nhìn hỗ trợ phòng thủ lĩnh vực tốt thiết lập trang web màu đen.	2	[{"changed": {"fields": ["Ten", "Noi dung", "Noi dung tieng anh"]}}]	10	3
631	2024-10-08 08:40:15.285832+07	29	Học sinh hát chỉ cần giọng hơi nhỏ.	2	[{"changed": {"fields": ["Ten", "Noi dung", "Noi dung tieng anh"]}}]	10	3
632	2024-10-08 08:40:34.001676+07	30	Tuần lễ thách thức của đảng Cộng hòa là nhà bếp.	2	[]	14	3
633	2024-10-08 08:41:44.542455+07	22	Phía trước có nhạc rock về đêm.	2	[{"changed": {"fields": ["Ten", "Noi dung", "Noi dung tieng anh"]}}]	10	3
634	2024-10-08 08:42:15.613715+07	10	Văn hóa ở đó thật thú vị.	2	[{"changed": {"fields": ["Ten", "Noi dung", "Noi dung tieng anh"]}}]	10	3
635	2024-10-08 08:42:49.667728+07	16	Hỗ trợ xác định cả hai.	2	[{"changed": {"fields": ["Ten", "Noi dung", "Noi dung tieng anh"]}}]	10	3
636	2024-10-08 08:43:23.300557+07	7	Nhà khoa học môi trường khá thuế chọn mẹ chút.	2	[{"changed": {"fields": ["Ten", "Noi dung", "Noi dung tieng anh"]}}]	10	3
637	2024-10-08 08:43:56.963301+07	20	Mục tiêu chiến lược đặc biệt của thanh niên gần đây.	2	[{"changed": {"fields": ["Ten", "Noi dung", "Noi dung tieng anh"]}}]	10	3
638	2024-10-08 08:46:08.480648+07	4	Ghé thăm ít nhất kiểm tra lái xe khá bầu cử.	2	[{"changed": {"fields": ["Ten", "Noi dung", "Noi dung tieng anh"]}}]	10	3
639	2024-10-08 08:46:46.437439+07	31	Mặt tiền ngôi nhà đơn giản màu đen.	2	[{"changed": {"fields": ["Ten", "Noi dung", "Noi dung tieng anh"]}}]	10	3
640	2024-10-08 08:47:28.464487+07	6	Ghi chú nhóm câu hỏi lựa chọn.	2	[{"changed": {"fields": ["Ten", "Noi dung", "Noi dung tieng anh"]}}]	10	3
641	2024-10-08 08:47:55.949616+07	30	Chuyến đi cũ nhưng vẫn phát triển.	2	[{"changed": {"fields": ["Ten", "Noi dung", "Noi dung tieng anh"]}}]	10	3
642	2024-10-08 08:48:31.538372+07	17	Quyền lợi của nhân viên cấp nước thực sự được đảm bảo.	2	[{"changed": {"fields": ["Ten", "Noi dung", "Noi dung tieng anh"]}}]	10	3
643	2024-10-08 08:49:02.083739+07	8	Nơi áp dụng cơ thể khó khăn cùng anh ta.	2	[{"changed": {"fields": ["Ten", "Noi dung", "Noi dung tieng anh"]}}]	10	3
644	2024-10-08 08:49:31.298631+07	2	Chỉ lấy phần chính.	2	[{"changed": {"fields": ["Ten", "Noi dung", "Noi dung tieng anh"]}}]	10	3
645	2024-10-08 08:50:58.533261+07	3	Hãy chắc chắn rằng trong kết quả động vật đất.	2	[{"changed": {"fields": ["Ten", "Noi dung", "Noi dung tieng anh"]}}]	10	3
646	2024-10-08 08:51:40.076514+07	25	Chắc chắn là quy mô quân sự.	2	[{"changed": {"fields": ["Ten", "Noi dung", "Noi dung tieng anh"]}}]	10	3
647	2024-10-08 08:52:11.969984+07	9	Đôi khi mặc vào hành động tốt đẹp thường có ý nghĩa quan trọng.	2	[{"changed": {"fields": ["Ten", "Noi dung", "Noi dung tieng anh"]}}]	10	3
648	2024-10-08 08:52:37.971453+07	18	Bản thân mình đầu tư tháng.	2	[{"changed": {"fields": ["Ten", "Noi dung", "Noi dung tieng anh"]}}]	10	3
649	2024-10-08 08:53:09.451471+07	23	Màu sắc đẹp của tổng thống.	2	[{"changed": {"fields": ["Ten", "Noi dung", "Noi dung tieng anh"]}}]	10	3
650	2024-10-08 08:53:40.923006+07	21	Đại diện cho huấn luyện viên tấn công bit an toàn.	2	[{"changed": {"fields": ["Ten", "Noi dung", "Noi dung tieng anh"]}}]	10	3
651	2024-10-08 08:54:10.998255+07	12	Xe đến muộn.	2	[{"changed": {"fields": ["Ten", "Noi dung", "Noi dung tieng anh"]}}]	10	3
652	2024-10-08 08:54:38.557799+07	28	Báo cáo bản thân trước nơi tên hình ảnh cơ hội tương tự.	2	[{"changed": {"fields": ["Ten", "Noi dung", "Noi dung tieng anh"]}}]	10	3
653	2024-10-08 08:55:11.121318+07	5	Bất cứ điều gì bao trùm tâm trí hiện đại đều đại diện.	2	[{"changed": {"fields": ["Ten", "Noi dung", "Noi dung tieng anh"]}}]	10	3
654	2024-10-08 08:55:47.903285+07	26	Cậu bé ăn tối chứng minh thêm một số điều.	2	[{"changed": {"fields": ["Ten", "Noi dung", "Noi dung tieng anh"]}}]	10	3
655	2024-10-08 08:56:30.1518+07	15	Phần cá nhân một số cảnh nắm giữ chính trị.	2	[{"changed": {"fields": ["Ten", "Noi dung", "Noi dung tieng anh"]}}]	10	3
656	2024-10-08 08:57:02.507522+07	13	Cùng với điểm lợi ích của khách hàng qua điện thoại.	2	[{"changed": {"fields": ["Ten", "Noi dung", "Noi dung tieng anh"]}}]	10	3
657	2024-10-08 08:57:28.396689+07	19	Rõ ràng là cả hai vị tổng thống đều vui mừng.	2	[{"changed": {"fields": ["Ten", "Noi dung", "Noi dung tieng anh"]}}]	10	3
658	2024-10-08 09:44:41.828255+07	24	Trưởng Phòng Vật Tư (Material Manager)	2	[{"changed": {"fields": ["Tieu de en", "Noi dung cong viec", "Noi dung cong viec en"]}}]	7	3
659	2024-10-08 09:45:34.91672+07	23	Nhân Viên Quản Lý Shop (Shop Manager)	2	[{"changed": {"fields": ["Tieu de en", "Noi dung cong viec", "Noi dung cong viec en"]}}]	7	3
660	2024-10-08 09:46:10.825546+07	22	Quản Lý Kinh Doanh Toàn Quốc (National Business Manager)	2	[{"changed": {"fields": ["Tieu de en", "Noi dung cong viec", "Noi dung cong viec en"]}}]	7	3
661	2024-10-08 09:46:56.591283+07	21	Nhân Viên Kế Toán Tổng Hợp (General Accountant)	2	[{"changed": {"fields": ["Tieu de en", "Noi dung cong viec", "Noi dung cong viec en"]}}]	7	3
662	2024-10-08 09:47:21.115192+07	20	Chuyên Viên Xuất Nhập Khẩu (Import-Export Specialist)	2	[{"changed": {"fields": ["Tieu de en", "Noi dung cong viec", "Noi dung cong viec en"]}}]	7	3
663	2024-10-08 09:47:44.853838+07	19	Nhân Viên R&D (R&D Staff)	2	[{"changed": {"fields": ["Tieu de en", "Noi dung cong viec", "Noi dung cong viec en"]}}]	7	3
664	2024-10-08 09:48:06.692514+07	18	Nhân Viên Phát Triển Thị Trường Cửa Hàng (Shop Market Development Staff)	2	[{"changed": {"fields": ["Tieu de en", "Noi dung cong viec", "Noi dung cong viec en"]}}]	7	3
665	2024-10-08 09:51:52.093969+07	17	Nhân Viên Phụ Kho (Warehouse Assistant)	2	[{"changed": {"fields": ["Tieu de en", "Noi dung cong viec", "Noi dung cong viec en"]}}]	7	3
666	2024-10-08 09:52:49.907801+07	16	Nhân Viên Mua Hàng Cửa Hàng (Shop Purchasing Staff)	2	[{"changed": {"fields": ["Tieu de en", "Noi dung cong viec", "Noi dung cong viec en"]}}]	7	3
667	2024-10-08 09:53:38.359729+07	15	Nhân Viên Kế Toán Thanh Toán (Payment Accountant)	2	[{"changed": {"fields": ["Tieu de en", "Noi dung cong viec", "Noi dung cong viec en"]}}]	7	3
668	2024-10-08 09:54:09.690898+07	14	Nhân Viên Đăng Ký Sản Phẩm (Product Registration Staff)	2	[{"changed": {"fields": ["Tieu de en", "Noi dung cong viec", "Noi dung cong viec en"]}}]	7	3
669	2024-10-08 09:54:30.973692+07	13	Nhân Viên Bán Hàng Cửa Hàng (Shop Sales Staff)	2	[{"changed": {"fields": ["Tieu de en", "Noi dung cong viec", "Noi dung cong viec en"]}}]	7	3
670	2024-10-08 09:54:53.368168+07	12	Nhân Viên Thử Nghiệm Thuốc Bảo Vệ Thực Vật (Pesticide Testing Staff)	2	[{"changed": {"fields": ["Tieu de en", "Noi dung cong viec", "Noi dung cong viec en"]}}]	7	3
671	2024-10-08 09:55:16.525327+07	11	Trưởng Phòng Sản Xuất (Production Manager)	2	[{"changed": {"fields": ["Tieu de en", "Noi dung cong viec", "Noi dung cong viec en"]}}]	7	3
672	2024-10-08 09:55:33.750981+07	10	Nhân Viên Thống Kê Sản Xuất (Production Statistician)	2	[{"changed": {"fields": ["Tieu de en", "Noi dung cong viec", "Noi dung cong viec en"]}}]	7	3
673	2024-10-08 09:55:59.132428+07	9	Nhân Viên Kcs (Quality Control Staff)	2	[{"changed": {"fields": ["Tieu de en", "Noi dung cong viec", "Noi dung cong viec en"]}}]	7	3
674	2024-10-08 09:56:19.903743+07	8	Nhân Viên Bảo Trì Điện (Electrical Maintenance Staff)	2	[{"changed": {"fields": ["Tieu de en", "Noi dung cong viec", "Noi dung cong viec en"]}}]	7	3
675	2024-10-08 09:56:40.474216+07	7	Nhân Viên Tài Xế Giao Hàng (Delivery Driver)	2	[{"changed": {"fields": ["Tieu de en", "Noi dung cong viec", "Noi dung cong viec en"]}}]	7	3
676	2024-10-08 09:57:17.954996+07	6	Nhân Viên Phát Triển Thị Trường (Market Development Staff)	2	[{"changed": {"fields": ["Tieu de en", "Noi dung cong viec", "Noi dung cong viec en"]}}]	7	3
768	2024-10-11 23:56:04.992501+07	108	End piece decision want.	3		17	3
677	2024-10-08 09:57:53.700044+07	5	Nhân Viên Thiết Kế (Designer)	2	[{"changed": {"fields": ["Tieu de en", "Noi dung cong viec", "Noi dung cong viec en"]}}]	7	3
678	2024-10-08 09:58:21.58172+07	4	Nhân Viên IT (IT Staff)	2	[{"changed": {"fields": ["Tieu de en", "Noi dung cong viec", "Noi dung cong viec en"]}}]	7	3
679	2024-10-08 09:58:51.556847+07	3	Chuyên Viên Hành Chính Nhân Sự (Human Resources Specialist)	2	[{"changed": {"fields": ["Tieu de en", "Noi dung cong viec", "Noi dung cong viec en"]}}]	7	3
680	2024-10-08 09:59:19.581637+07	2	Trưởng Phòng Hành Chính Nhân Sự (Chief Human Resources Officer)	2	[{"changed": {"fields": ["Tieu de en", "Noi dung cong viec", "Noi dung cong viec en"]}}]	7	3
681	2024-10-08 09:59:38.579742+07	1	Chăm Sóc Khách Hàng (Customer Care)	2	[{"changed": {"fields": ["Tieu de en", "Noi dung cong viec", "Noi dung cong viec en"]}}]	7	3
682	2024-10-11 23:34:04.138916+07	30		3		17	3
683	2024-10-11 23:34:04.138971+07	29		3		17	3
684	2024-10-11 23:34:04.139003+07	28		3		17	3
685	2024-10-11 23:34:04.13903+07	27		3		17	3
686	2024-10-11 23:34:04.139055+07	26		3		17	3
687	2024-10-11 23:34:04.139079+07	25		3		17	3
688	2024-10-11 23:34:04.139102+07	24		3		17	3
689	2024-10-11 23:34:04.139124+07	23		3		17	3
690	2024-10-11 23:34:04.139147+07	22		3		17	3
691	2024-10-11 23:34:04.139182+07	21		3		17	3
692	2024-10-11 23:34:04.139228+07	20		3		17	3
693	2024-10-11 23:34:04.139271+07	19		3		17	3
694	2024-10-11 23:34:04.139315+07	18		3		17	3
695	2024-10-11 23:34:04.139358+07	17		3		17	3
696	2024-10-11 23:34:04.139404+07	16		3		17	3
697	2024-10-11 23:34:04.139426+07	15		3		17	3
698	2024-10-11 23:34:04.139447+07	14		3		17	3
699	2024-10-11 23:34:04.139469+07	13		3		17	3
700	2024-10-11 23:34:04.13949+07	12		3		17	3
701	2024-10-11 23:34:04.139512+07	11		3		17	3
702	2024-10-11 23:34:04.139534+07	10		3		17	3
703	2024-10-11 23:34:04.139556+07	9		3		17	3
704	2024-10-11 23:34:04.139602+07	8		3		17	3
705	2024-10-11 23:34:04.139645+07	7		3		17	3
706	2024-10-11 23:34:04.139687+07	6		3		17	3
707	2024-10-11 23:34:04.13973+07	5		3		17	3
708	2024-10-11 23:34:04.139772+07	4		3		17	3
709	2024-10-11 23:34:04.139814+07	3		3		17	3
710	2024-10-11 23:34:04.139858+07	2		3		17	3
711	2024-10-11 23:34:04.1399+07	1		3		17	3
712	2024-10-11 23:51:00.172874+07	83	White wonder able impact.	3		17	3
713	2024-10-11 23:51:00.172927+07	82	Whatever billion floor note.	3		17	3
714	2024-10-11 23:51:00.172957+07	81	Hour dream military small animal soldier.	3		17	3
715	2024-10-11 23:51:00.172984+07	80	Stop million air energy conference.	3		17	3
716	2024-10-11 23:51:00.17301+07	79	Offer movement personal participant place specific.	3		17	3
717	2024-10-11 23:51:00.173035+07	78	End piece decision want.	3		17	3
718	2024-10-11 23:51:00.17306+07	77	Reflect maintain president improve fear modern against stand.	3		17	3
719	2024-10-11 23:51:00.173085+07	76	Industry between start.	3		17	3
720	2024-10-11 23:51:00.173109+07	75	Campaign five baby sort sound focus.	3		17	3
721	2024-10-11 23:51:00.173133+07	74	Dream quickly send improve class rich.	3		17	3
722	2024-10-11 23:51:00.173157+07	73	Recognize usually training base much close news study.	3		17	3
723	2024-10-11 23:51:00.173181+07	72	Card which not according then know.	3		17	3
724	2024-10-11 23:51:00.173205+07	71	Safe grow now sound allow focus to treat.	3		17	3
725	2024-10-11 23:51:00.173229+07	70	Sure common into Mrs entire hard bar.	3		17	3
726	2024-10-11 23:51:00.173253+07	69	Soon before large.	3		17	3
727	2024-10-11 23:51:00.173277+07	68	Believe still third where.	3		17	3
728	2024-10-11 23:51:00.1733+07	67	Seem space candidate indeed nature social fear.	3		17	3
729	2024-10-11 23:51:00.173325+07	66	Black suffer mention pull.	3		17	3
730	2024-10-11 23:51:00.173349+07	65	When wide professor fall more sea audience live.	3		17	3
731	2024-10-11 23:51:00.173373+07	64	Conference news member surface more generation foreign.	3		17	3
732	2024-10-11 23:51:00.173397+07	63	Girl real fund.	3		17	3
733	2024-10-11 23:51:00.173421+07	62	Raise open very similar effect spend current.	3		17	3
734	2024-10-11 23:51:00.173444+07	61	Blue lawyer get knowledge throw about.	3		17	3
735	2024-10-11 23:51:00.173469+07	60	Pay onto big already.	3		17	3
736	2024-10-11 23:51:00.173493+07	59	Employee head partner mention candidate hard career per.	3		17	3
737	2024-10-11 23:51:00.173517+07	58	Be idea story movie less still visit.	3		17	3
738	2024-10-11 23:51:00.173541+07	57	Heavy within arm item.	3		17	3
739	2024-10-11 23:51:00.173564+07	56	Simply enough list commercial table hospital quite.	3		17	3
740	2024-10-11 23:51:00.173588+07	55	Car official skin current charge.	3		17	3
741	2024-10-11 23:51:00.173611+07	54	Knowledge color according mother just see.	3		17	3
742	2024-10-11 23:51:00.173643+07	52	Sure common into Mrs entire hard bar.	3		17	3
743	2024-10-11 23:51:00.173666+07	51	Soon before large.	3		17	3
744	2024-10-11 23:51:00.173689+07	50	Believe still third where.	3		17	3
745	2024-10-11 23:51:00.173712+07	49	Seem space candidate indeed nature social fear.	3		17	3
746	2024-10-11 23:51:00.173735+07	48	Black suffer mention pull.	3		17	3
747	2024-10-11 23:51:00.173758+07	47	When wide professor fall more sea audience live.	3		17	3
748	2024-10-11 23:51:00.173781+07	46	Conference news member surface more generation foreign.	3		17	3
749	2024-10-11 23:51:00.173804+07	45	Girl real fund.	3		17	3
750	2024-10-11 23:51:00.173826+07	44	Raise open very similar effect spend current.	3		17	3
751	2024-10-11 23:51:00.173849+07	43	Blue lawyer get knowledge throw about.	3		17	3
752	2024-10-11 23:51:00.173872+07	42	Pay onto big already.	3		17	3
753	2024-10-11 23:51:00.173896+07	41	Employee head partner mention candidate hard career per.	3		17	3
754	2024-10-11 23:51:00.173919+07	40	Be idea story movie less still visit.	3		17	3
755	2024-10-11 23:51:00.173942+07	39	Heavy within arm item.	3		17	3
756	2024-10-11 23:51:00.173965+07	38	Simply enough list commercial table hospital quite.	3		17	3
757	2024-10-11 23:51:00.173988+07	37	Car official skin current charge.	3		17	3
758	2024-10-11 23:51:00.174011+07	36	Knowledge color according mother just see.	3		17	3
759	2024-10-11 23:51:00.174034+07	34		3		17	3
760	2024-10-11 23:51:00.174057+07	33		3		17	3
761	2024-10-11 23:51:00.17408+07	32		3		17	3
762	2024-10-11 23:51:00.174103+07	31		3		17	3
763	2024-10-11 23:56:04.992298+07	113	White wonder able impact.	3		17	3
764	2024-10-11 23:56:04.992372+07	112	Whatever billion floor note.	3		17	3
765	2024-10-11 23:56:04.992419+07	111	Hour dream military small animal soldier.	3		17	3
766	2024-10-11 23:56:04.992449+07	110	Stop million air energy conference.	3		17	3
769	2024-10-11 23:56:04.992527+07	107	Reflect maintain president improve fear modern against stand.	3		17	3
770	2024-10-11 23:56:04.992562+07	106	Industry between start.	3		17	3
771	2024-10-11 23:56:04.992593+07	105	Campaign five baby sort sound focus.	3		17	3
772	2024-10-11 23:56:04.992622+07	104	Dream quickly send improve class rich.	3		17	3
773	2024-10-11 23:56:04.992652+07	103	Recognize usually training base much close news study.	3		17	3
774	2024-10-11 23:56:04.992681+07	102	Card which not according then know.	3		17	3
775	2024-10-11 23:56:04.992711+07	101	Safe grow now sound allow focus to treat.	3		17	3
776	2024-10-11 23:56:04.99274+07	100	Sure common into Mrs entire hard bar.	3		17	3
777	2024-10-11 23:56:04.992769+07	99	Soon before large.	3		17	3
778	2024-10-11 23:56:04.992798+07	98	Believe still third where.	3		17	3
779	2024-10-11 23:56:04.992828+07	97	Seem space candidate indeed nature social fear.	3		17	3
780	2024-10-11 23:56:04.992867+07	96	Black suffer mention pull.	3		17	3
781	2024-10-11 23:56:04.992897+07	95	When wide professor fall more sea audience live.	3		17	3
782	2024-10-11 23:56:04.992927+07	94	Conference news member surface more generation foreign.	3		17	3
783	2024-10-11 23:56:04.992956+07	93	Girl real fund.	3		17	3
784	2024-10-11 23:56:04.992984+07	92	Raise open very similar effect spend current.	3		17	3
785	2024-10-11 23:56:04.993018+07	91	Blue lawyer get knowledge throw about.	3		17	3
786	2024-10-11 23:56:04.99305+07	90	Pay onto big already.	3		17	3
787	2024-10-11 23:56:04.993079+07	89	Employee head partner mention candidate hard career per.	3		17	3
788	2024-10-11 23:56:04.993108+07	88	Be idea story movie less still visit.	3		17	3
789	2024-10-11 23:56:04.993137+07	87	Heavy within arm item.	3		17	3
790	2024-10-11 23:56:04.993166+07	86	Simply enough list commercial table hospital quite.	3		17	3
791	2024-10-11 23:56:04.993194+07	85	Car official skin current charge.	3		17	3
792	2024-10-11 23:56:04.993223+07	84	Knowledge color according mother just see.	3		17	3
793	2024-10-12 00:02:08.214175+07	173	What finish use decision seven machine see it.	3		17	3
794	2024-10-12 00:02:08.214247+07	164	Close skill deep government.	3		17	3
795	2024-10-12 00:02:08.214308+07	152	Development debate finish usually our fall.	3		17	3
796	2024-10-12 00:02:08.214346+07	127	Seem space candidate indeed nature social fear.	3		17	3
797	2024-10-12 00:02:08.214378+07	159	Service measure serve until send.	3		17	3
798	2024-10-12 00:02:08.214409+07	170	Professor peace study hospital green.	3		17	3
799	2024-10-12 00:02:08.214438+07	169	Cold lay suffer according throw.	3		17	3
800	2024-10-12 00:02:08.214489+07	123	Girl real fund.	3		17	3
801	2024-10-12 00:02:08.214548+07	141	Hour dream military small animal soldier.	3		17	3
802	2024-10-12 00:02:08.214582+07	153	Impact news account dream small.	3		17	3
803	2024-10-12 00:02:08.214613+07	158	Court item director next nor rock woman.	3		17	3
804	2024-10-12 00:02:08.214644+07	130	Sure common into Mrs entire hard bar.	3		17	3
805	2024-10-12 00:02:08.214675+07	151	Perform economy north here old design.	3		17	3
806	2024-10-12 00:02:08.214706+07	125	When wide professor fall more sea audience live.	3		17	3
807	2024-10-12 00:02:08.214736+07	140	Stop million air energy conference.	3		17	3
808	2024-10-12 00:02:08.214766+07	145	Kitchen it agency without somebody how when produce.	3		17	3
809	2024-10-12 00:02:08.214796+07	121	Blue lawyer get knowledge throw about.	3		17	3
810	2024-10-12 00:02:08.214827+07	138	End piece decision want.	3		17	3
811	2024-10-12 00:02:08.214857+07	149	Better road popular daughter practice.	3		17	3
812	2024-10-12 00:02:08.214887+07	120	Pay onto big already.	3		17	3
813	2024-10-12 00:02:08.214918+07	161	Material cause article.	3		17	3
814	2024-10-12 00:02:08.214948+07	157	Enter difference history.	3		17	3
815	2024-10-12 00:02:08.214979+07	147	Candidate interest last matter.	3		17	3
816	2024-10-12 00:02:08.215009+07	144	Young beautiful whether evening site generation.	3		17	3
817	2024-10-12 00:02:08.215047+07	171	By turn old last to million couple behind.	3		17	3
818	2024-10-12 00:02:08.215077+07	137	Reflect maintain president improve fear modern against stand.	3		17	3
819	2024-10-12 00:02:08.215108+07	126	Black suffer mention pull.	3		17	3
820	2024-10-12 00:02:08.215139+07	128	Believe still third where.	3		17	3
821	2024-10-12 00:02:08.21517+07	117	Heavy within arm item.	3		17	3
822	2024-10-12 00:02:08.2152+07	143	White wonder able impact.	3		17	3
823	2024-10-12 00:02:08.21523+07	116	Simply enough list commercial table hospital quite.	3		17	3
824	2024-10-12 00:02:08.215265+07	148	Still focus total wind.	3		17	3
825	2024-10-12 00:02:08.215295+07	132	Card which not according then know.	3		17	3
826	2024-10-12 00:02:08.215325+07	154	Our writer become coach.	3		17	3
827	2024-10-12 00:02:08.215355+07	119	Employee head partner mention candidate hard career per.	3		17	3
828	2024-10-12 00:02:08.215385+07	163	Full affect book direction.	3		17	3
829	2024-10-12 00:02:08.215415+07	155	Establish strong court smile crime.	3		17	3
830	2024-10-12 00:02:08.215444+07	114	Knowledge color according mother just see.	3		17	3
831	2024-10-12 00:02:08.215473+07	167	Already catch whole herself.	3		17	3
832	2024-10-12 00:02:08.215503+07	135	Campaign five baby sort sound focus.	3		17	3
833	2024-10-12 00:02:08.215533+07	136	Industry between start.	3		17	3
834	2024-10-12 00:02:08.215563+07	115	Car official skin current charge.	3		17	3
835	2024-10-12 00:02:08.215592+07	165	Wall deal sometimes space fight too citizen.	3		17	3
836	2024-10-12 00:02:08.215622+07	122	Raise open very similar effect spend current.	3		17	3
837	2024-10-12 00:02:08.215651+07	134	Dream quickly send improve class rich.	3		17	3
838	2024-10-12 00:02:08.215681+07	172	Throw but because sound.	3		17	3
839	2024-10-12 00:02:08.21571+07	118	Be idea story movie less still visit.	3		17	3
840	2024-10-12 00:02:08.215739+07	150	World represent student guy include.	3		17	3
841	2024-10-12 00:02:08.215777+07	124	Conference news member surface more generation foreign.	3		17	3
842	2024-10-12 00:02:08.215808+07	162	Remember fish subject along again customer benefit.	3		17	3
843	2024-10-12 00:02:08.215838+07	168	Deep wide high interesting nearly.	3		17	3
844	2024-10-12 00:02:08.215867+07	146	Color opportunity person and already culture.	3		17	3
845	2024-10-12 00:02:08.215897+07	142	Whatever billion floor note.	3		17	3
846	2024-10-12 00:02:08.215926+07	129	Soon before large.	3		17	3
847	2024-10-12 00:02:08.215956+07	166	Value food country better.	3		17	3
848	2024-10-12 00:02:08.215986+07	131	Safe grow now sound allow focus to treat.	3		17	3
849	2024-10-12 00:02:08.216016+07	156	Bar road impact right start involve.	3		17	3
850	2024-10-12 00:02:08.216045+07	133	Recognize usually training base much close news study.	3		17	3
851	2024-10-12 00:02:08.216075+07	139	Offer movement personal participant place specific.	3		17	3
852	2024-10-12 00:02:08.21611+07	160	Great explain number someone.	3		17	3
853	2024-10-12 03:46:39.994726+07	226	Comment Test 1 by Neil Do	2	[{"changed": {"fields": ["Tr\\u1ea1ng th\\u00e1i (\\u0110\\u00e3 duy\\u1ec7t)"]}}]	17	3
854	2024-10-15 06:17:39.957593+07	228	Comment Test 1 by Neil Do	3		17	3
855	2024-10-15 06:17:39.957644+07	227	Comment Test 1 by Neil Do	3		17	3
856	2024-10-15 06:17:39.957672+07	226	Comment Test 1 by Neil Do	3		17	3
857	2024-10-15 06:17:39.957699+07	225	Comment Test 1 by Neil Do	3		17	3
858	2024-10-15 06:17:39.957724+07	187	Comment Seem space candidate indeed nature social fear. by Ariel Sanders	3		17	3
859	2024-10-15 06:17:39.957749+07	223	Comment Girl real fund. by Traci Burns	3		17	3
860	2024-10-15 06:17:39.957772+07	213	Comment Girl real fund. by Traci Burns	3		17	3
861	2024-10-15 06:17:39.957795+07	183	Comment Girl real fund. by Traci Burns	3		17	3
862	2024-10-15 06:17:39.957817+07	201	Comment Hour dream military small animal soldier. by Robert Mccoy	3		17	3
863	2024-10-15 06:17:39.95784+07	190	Comment Sure common into Mrs entire hard bar. by Sophia Rivera	3		17	3
864	2024-10-15 06:17:39.957862+07	185	Comment When wide professor fall more sea audience live. by Taylor Gonzalez	3		17	3
865	2024-10-15 06:17:39.957885+07	200	Comment Stop million air energy conference. by Joanne Harrison	3		17	3
866	2024-10-15 06:17:39.957907+07	221	Comment Blue lawyer get knowledge throw about. by Jessica Smith	3		17	3
867	2024-10-15 06:17:39.95793+07	211	Comment Blue lawyer get knowledge throw about. by Jessica Smith	3		17	3
868	2024-10-15 06:17:39.957951+07	181	Comment Blue lawyer get knowledge throw about. by Jessica Smith	3		17	3
869	2024-10-15 06:17:39.957973+07	198	Comment End piece decision want. by Samuel Long	3		17	3
870	2024-10-15 06:17:39.957995+07	220	Comment Pay onto big already. by Allison Thompson	3		17	3
871	2024-10-15 06:17:39.958017+07	210	Comment Pay onto big already. by Allison Thompson	3		17	3
872	2024-10-15 06:17:39.958039+07	180	Comment Pay onto big already. by Allison Thompson	3		17	3
873	2024-10-15 06:17:39.958061+07	197	Comment Reflect maintain president improve fear modern against stand. by Shawn Lucas	3		17	3
874	2024-10-15 06:17:39.958084+07	186	Comment Black suffer mention pull. by Robin Gregory	3		17	3
875	2024-10-15 06:17:39.958106+07	188	Comment Believe still third where. by Sarah Myers	3		17	3
876	2024-10-15 06:17:39.958128+07	217	Comment Heavy within arm item. by Dr. Robert White	3		17	3
877	2024-10-15 06:17:39.958151+07	207	Comment Heavy within arm item. by Dr. Robert White	3		17	3
878	2024-10-15 06:17:39.958174+07	177	Comment Heavy within arm item. by Dr. Robert White	3		17	3
879	2024-10-15 06:17:39.958195+07	203	Comment White wonder able impact. by Dawn Smith	3		17	3
880	2024-10-15 06:17:39.958218+07	216	Comment Simply enough list commercial table hospital quite. by Teresa Peterson	3		17	3
881	2024-10-15 06:17:39.95824+07	206	Comment Simply enough list commercial table hospital quite. by Teresa Peterson	3		17	3
882	2024-10-15 06:17:39.958262+07	176	Comment Simply enough list commercial table hospital quite. by Teresa Peterson	3		17	3
883	2024-10-15 06:17:39.958289+07	192	Comment Card which not according then know. by Sean Rasmussen	3		17	3
884	2024-10-15 06:17:39.958316+07	219	Comment Employee head partner mention candidate hard career per. by Brittney Johnson	3		17	3
885	2024-10-15 06:17:39.958339+07	209	Comment Employee head partner mention candidate hard career per. by Brittney Johnson	3		17	3
886	2024-10-15 06:17:39.958361+07	179	Comment Employee head partner mention candidate hard career per. by Brittney Johnson	3		17	3
887	2024-10-15 06:17:39.958383+07	214	Comment Knowledge color according mother just see. by Jason Brown	3		17	3
888	2024-10-15 06:17:39.958405+07	204	Comment Knowledge color according mother just see. by Jason Brown	3		17	3
889	2024-10-15 06:17:39.958427+07	174	Comment Knowledge color according mother just see. by Jason Brown	3		17	3
890	2024-10-15 06:17:39.958449+07	195	Comment Campaign five baby sort sound focus. by Mary Flores	3		17	3
891	2024-10-15 06:17:39.95847+07	196	Comment Industry between start. by Kevin Whitaker	3		17	3
892	2024-10-15 06:17:39.958492+07	215	Comment Car official skin current charge. by Lindsay Andersen	3		17	3
893	2024-10-15 06:17:39.958514+07	205	Comment Car official skin current charge. by Lindsay Andersen	3		17	3
894	2024-10-15 06:17:39.958539+07	175	Comment Car official skin current charge. by Lindsay Andersen	3		17	3
895	2024-10-15 06:17:39.958563+07	222	Comment Raise open very similar effect spend current. by Sara Powers	3		17	3
896	2024-10-15 06:17:39.958585+07	212	Comment Raise open very similar effect spend current. by Sara Powers	3		17	3
897	2024-10-15 06:17:39.958607+07	182	Comment Raise open very similar effect spend current. by Sara Powers	3		17	3
898	2024-10-15 06:17:39.958629+07	194	Comment Dream quickly send improve class rich. by Robert Lewis	3		17	3
899	2024-10-15 06:17:39.95865+07	218	Comment Be idea story movie less still visit. by Bryan Baker	3		17	3
900	2024-10-15 06:17:39.958672+07	208	Comment Be idea story movie less still visit. by Bryan Baker	3		17	3
901	2024-10-15 06:17:39.958695+07	178	Comment Be idea story movie less still visit. by Bryan Baker	3		17	3
902	2024-10-15 06:17:39.958716+07	224	Comment Conference news member surface more generation foreign. by Charles Bradford	3		17	3
903	2024-10-15 06:17:39.958738+07	184	Comment Conference news member surface more generation foreign. by Charles Bradford	3		17	3
904	2024-10-15 06:17:39.95876+07	202	Comment Whatever billion floor note. by Kristen Miller	3		17	3
905	2024-10-15 06:17:39.958782+07	189	Comment Soon before large. by Phillip Phelps	3		17	3
906	2024-10-15 06:17:39.958804+07	191	Comment Safe grow now sound allow focus to treat. by Richard Riggs	3		17	3
907	2024-10-15 06:17:39.958826+07	193	Comment Recognize usually training base much close news study. by Jill Shaw	3		17	3
908	2024-10-15 06:17:39.958848+07	199	Comment Offer movement personal participant place specific. by Pamela Wood	3		17	3
909	2024-10-15 06:17:59.180315+07	111	Phasellus lobortis porta blandit. Etiam hendrerit lacinia ante vitae vulputate.	3		14	3
910	2024-10-15 06:17:59.180396+07	66	Phỏng vấn dầu tài sản thêm tưởng tượng trong quá trình quản lý.	3		14	3
911	2024-10-15 06:17:59.18045+07	16	Phỏng vấn dầu tài sản thêm tưởng tượng trong quá trình quản lý.	3		14	3
912	2024-10-15 06:17:59.180503+07	6	Phỏng vấn dầu tài sản thêm tưởng tượng trong quá trình quản lý.	3		14	3
913	2024-10-15 06:17:59.18055+07	81	Tổ chức này có mạng lưới bề mặt bất kỳ ai có kiến ​​thức.	3		14	3
991	2024-10-15 06:17:59.182207+07	92	Yourself walk mind international everyone reduce agree.	3		14	3
914	2024-10-15 06:17:59.180596+07	31	Tổ chức này có mạng lưới bề mặt bất kỳ ai có kiến ​​thức.	3		14	3
915	2024-10-15 06:17:59.180623+07	83	Lá thư trong ký ức cười nhiều.	3		14	3
916	2024-10-15 06:17:59.180646+07	33	Lá thư trong ký ức cười nhiều.	3		14	3
917	2024-10-15 06:17:59.180668+07	80	Tuần lễ thách thức của đảng Cộng hòa là nhà bếp.	3		14	3
918	2024-10-15 06:17:59.18069+07	30	Tuần lễ thách thức của đảng Cộng hòa là nhà bếp.	3		14	3
919	2024-10-15 06:17:59.180711+07	107	Hình thức đào tạo nhà thờ lớn bất kỳ đạt được.	3		14	3
920	2024-10-15 06:17:59.180733+07	57	Hình thức đào tạo nhà thờ lớn bất kỳ đạt được.	3		14	3
921	2024-10-15 06:17:59.180754+07	97	Vượt qua lực lượng trường học văn hóa khá mạnh.	3		14	3
922	2024-10-15 06:17:59.180775+07	47	Vượt qua lực lượng trường học văn hóa khá mạnh.	3		14	3
923	2024-10-15 06:17:59.180797+07	102	Triệu cơ quan xử lý tương lai.	3		14	3
924	2024-10-15 06:17:59.180819+07	52	Triệu cơ quan xử lý tương lai.	3		14	3
925	2024-10-15 06:17:59.180841+07	110	Môi trường quan trọng phải có ở chúng ta.	3		14	3
926	2024-10-15 06:17:59.180863+07	60	Môi trường quan trọng phải có ở chúng ta.	3		14	3
927	2024-10-15 06:17:59.180884+07	86	Loại bảo vệ nỗi sợ phát triển công nghệ trước đây.	3		14	3
928	2024-10-15 06:17:59.180905+07	36	Loại bảo vệ nỗi sợ phát triển công nghệ trước đây.	3		14	3
929	2024-10-15 06:17:59.180926+07	84	Chọn xuống mặc dù chia sẻ thị trấn khá đẹp.	3		14	3
930	2024-10-15 06:17:59.180947+07	34	Chọn xuống mặc dù chia sẻ thị trấn khá đẹp.	3		14	3
931	2024-10-15 06:17:59.180967+07	78	Vị trí này phải được cho là đã tồn tại về mặt kinh tế.	3		14	3
932	2024-10-15 06:17:59.180987+07	28	Vị trí này phải được cho là đã tồn tại về mặt kinh tế.	3		14	3
933	2024-10-15 06:17:59.181008+07	104	Phát triển đánh bại em bé ai đó bước vào xây dựng hoàn thành.	3		14	3
934	2024-10-15 06:17:59.181029+07	54	Phát triển đánh bại em bé ai đó bước vào xây dựng hoàn thành.	3		14	3
935	2024-10-15 06:17:59.18105+07	82	Bằng chứng tài chính kết thúc thiết lập chuyến đi đặc biệt.	3		14	3
936	2024-10-15 06:17:59.181071+07	32	Bằng chứng tài chính kết thúc thiết lập chuyến đi đặc biệt.	3		14	3
937	2024-10-15 06:17:59.181092+07	93	Rate exactly make.	3		14	3
938	2024-10-15 06:17:59.181112+07	43	Rate exactly make.	3		14	3
939	2024-10-15 06:17:59.181132+07	100	Often car thousand its.	3		14	3
940	2024-10-15 06:17:59.181153+07	50	Often car thousand its.	3		14	3
941	2024-10-15 06:17:59.181173+07	109	Kitchen amount body hand meeting opportunity point.	3		14	3
942	2024-10-15 06:17:59.181195+07	59	Kitchen amount body hand meeting opportunity point.	3		14	3
943	2024-10-15 06:17:59.181215+07	87	Always reach sister worry represent.	3		14	3
944	2024-10-15 06:17:59.181236+07	37	Always reach sister worry represent.	3		14	3
945	2024-10-15 06:17:59.181256+07	103	Box health factor determine beyond smile available.	3		14	3
946	2024-10-15 06:17:59.181277+07	53	Box health factor determine beyond smile available.	3		14	3
947	2024-10-15 06:17:59.181298+07	106	Term peace course carry.	3		14	3
948	2024-10-15 06:17:59.181318+07	56	Term peace course carry.	3		14	3
949	2024-10-15 06:17:59.181339+07	61	Argue sometimes war political box.	3		14	3
950	2024-10-15 06:17:59.18136+07	11	Argue sometimes war political box.	3		14	3
951	2024-10-15 06:17:59.18138+07	1	Argue sometimes war political box.	3		14	3
952	2024-10-15 06:17:59.181401+07	101	Learn decide set data.	3		14	3
953	2024-10-15 06:17:59.181421+07	51	Learn decide set data.	3		14	3
954	2024-10-15 06:17:59.181442+07	94	Item player attack great trip.	3		14	3
955	2024-10-15 06:17:59.181462+07	44	Item player attack great trip.	3		14	3
956	2024-10-15 06:17:59.181483+07	72	Than back resource involve.	3		14	3
957	2024-10-15 06:17:59.181504+07	22	Than back resource involve.	3		14	3
958	2024-10-15 06:17:59.181524+07	98	Notice later box pull.	3		14	3
959	2024-10-15 06:17:59.181545+07	48	Notice later box pull.	3		14	3
960	2024-10-15 06:17:59.181565+07	67	During subject campaign each idea relate.	3		14	3
961	2024-10-15 06:17:59.181586+07	17	During subject campaign each idea relate.	3		14	3
962	2024-10-15 06:17:59.181607+07	7	During subject campaign each idea relate.	3		14	3
963	2024-10-15 06:17:59.181627+07	73	When easy every tree century our.	3		14	3
964	2024-10-15 06:17:59.181649+07	23	When easy every tree century our.	3		14	3
965	2024-10-15 06:17:59.18167+07	68	Certainly method career trade buy.	3		14	3
966	2024-10-15 06:17:59.18169+07	18	Certainly method career trade buy.	3		14	3
967	2024-10-15 06:17:59.181711+07	8	Certainly method career trade buy.	3		14	3
968	2024-10-15 06:17:59.181731+07	105	Forward soldier world bar help minute product total.	3		14	3
969	2024-10-15 06:17:59.181752+07	55	Forward soldier world bar help minute product total.	3		14	3
970	2024-10-15 06:17:59.181772+07	85	Forget manager especially forget citizen week.	3		14	3
971	2024-10-15 06:17:59.181792+07	35	Forget manager especially forget citizen week.	3		14	3
972	2024-10-15 06:17:59.181813+07	76	Environmental push measure often that performance.	3		14	3
973	2024-10-15 06:17:59.181833+07	26	Environmental push measure often that performance.	3		14	3
974	2024-10-15 06:17:59.181855+07	65	Money cup civil.	3		14	3
975	2024-10-15 06:17:59.181875+07	15	Money cup civil.	3		14	3
976	2024-10-15 06:17:59.181896+07	5	Money cup civil.	3		14	3
977	2024-10-15 06:17:59.181917+07	71	Call science outside report cut.	3		14	3
978	2024-10-15 06:17:59.181937+07	21	Call science outside report cut.	3		14	3
979	2024-10-15 06:17:59.181958+07	63	Ball nothing strong answer there.	3		14	3
980	2024-10-15 06:17:59.181978+07	13	Ball nothing strong answer there.	3		14	3
981	2024-10-15 06:17:59.181998+07	3	Ball nothing strong answer there.	3		14	3
982	2024-10-15 06:17:59.182019+07	89	Week under bring.	3		14	3
983	2024-10-15 06:17:59.18204+07	39	Week under bring.	3		14	3
984	2024-10-15 06:17:59.18206+07	69	Risk white issue serve race skill.	3		14	3
985	2024-10-15 06:17:59.182082+07	19	Risk white issue serve race skill.	3		14	3
986	2024-10-15 06:17:59.182104+07	9	Risk white issue serve race skill.	3		14	3
987	2024-10-15 06:17:59.182125+07	99	Skin reduce return debate child.	3		14	3
988	2024-10-15 06:17:59.182146+07	49	Skin reduce return debate child.	3		14	3
989	2024-10-15 06:17:59.182166+07	91	Blood order always control key step.	3		14	3
990	2024-10-15 06:17:59.182186+07	41	Blood order always control key step.	3		14	3
992	2024-10-15 06:17:59.182227+07	42	Yourself walk mind international everyone reduce agree.	3		14	3
993	2024-10-15 06:17:59.182247+07	108	It heart vote million.	3		14	3
994	2024-10-15 06:17:59.182268+07	58	It heart vote million.	3		14	3
995	2024-10-15 06:17:59.182288+07	62	Which threat worker modern real responsibility.	3		14	3
996	2024-10-15 06:17:59.182309+07	12	Which threat worker modern real responsibility.	3		14	3
997	2024-10-15 06:17:59.18233+07	2	Which threat worker modern real responsibility.	3		14	3
998	2024-10-15 06:17:59.182351+07	74	These middle task once kid popular realize.	3		14	3
999	2024-10-15 06:17:59.182372+07	24	These middle task once kid popular realize.	3		14	3
1000	2024-10-15 06:17:59.182392+07	79	Girl skill safe magazine treat standard several.	3		14	3
1001	2024-10-15 06:17:59.182413+07	29	Girl skill safe magazine treat standard several.	3		14	3
1002	2024-10-15 06:17:59.182435+07	96	Interesting trial few region.	3		14	3
1003	2024-10-15 06:17:59.182456+07	46	Interesting trial few region.	3		14	3
1004	2024-10-15 06:17:59.182477+07	64	Focus me feeling health campaign.	3		14	3
1005	2024-10-15 06:17:59.182497+07	14	Focus me feeling health campaign.	3		14	3
1006	2024-10-15 06:17:59.182518+07	4	Focus me feeling health campaign.	3		14	3
1007	2024-10-15 06:17:59.182539+07	88	Mind food minute camera brother manage.	3		14	3
1008	2024-10-15 06:17:59.182559+07	38	Mind food minute camera brother manage.	3		14	3
1009	2024-10-15 06:18:07.089879+07	77	Worker well organization just.	3		14	3
1010	2024-10-15 06:18:07.089949+07	27	Worker well organization just.	3		14	3
1011	2024-10-15 06:18:07.089981+07	70	Article network institution increase especially especially.	3		14	3
1012	2024-10-15 06:18:07.090011+07	20	Article network institution increase especially especially.	3		14	3
1013	2024-10-15 06:18:07.090039+07	10	Article network institution increase especially especially.	3		14	3
1014	2024-10-15 06:18:07.090068+07	90	Husband focus message another building north last.	3		14	3
1015	2024-10-15 06:18:07.090095+07	40	Husband focus message another building north last.	3		14	3
1016	2024-10-15 06:18:07.090122+07	95	Guess green trial without country gun land.	3		14	3
1017	2024-10-15 06:18:07.090148+07	45	Đoán thử nghiệm xanh không có đất súng.	3		14	3
1018	2024-10-15 06:18:07.090184+07	75	Eye interesting claim pull.	3		14	3
1019	2024-10-15 06:18:07.09021+07	25	Eye interesting claim pull.	3		14	3
1020	2024-10-15 06:18:17.892424+07	11	Thể loại 11	3		15	3
1021	2024-10-15 06:18:17.892613+07	10	Thể loại 10	3		15	3
1022	2024-10-15 06:18:17.892641+07	9	Thể loại 9	3		15	3
1023	2024-10-15 06:18:17.892675+07	8	Thể loại 8	3		15	3
1024	2024-10-15 06:18:17.892717+07	7	Thể loại 7	3		15	3
1025	2024-10-15 06:18:17.892757+07	6	Thể loại 6	3		15	3
1026	2024-10-15 06:18:17.892796+07	5	Thể loại 5	3		15	3
1027	2024-10-15 06:18:17.892835+07	4	Thể loại 4	3		15	3
1028	2024-10-15 06:18:17.892875+07	3	Thể loại 3	3		15	3
1029	2024-10-15 06:18:17.892914+07	2	Thể loại 2	3		15	3
1030	2024-10-15 06:18:17.892937+07	1	Thể loại 1	3		15	3
1031	2024-10-15 06:18:41.491742+07	14	Nhận dạng nhận ra bước chân của bà mặc khoảnh khắc mở.	3		10	3
1032	2024-10-15 06:18:41.49183+07	11	Ngân sách tham gia tranh luận phát triển kết thúc.	3		10	3
1033	2024-10-15 06:18:41.49188+07	24	Tuần lễ thách thức của đảng Cộng hòa là nhà bếp.	3		10	3
1034	2024-10-15 06:18:41.491924+07	27	Nhìn hỗ trợ phòng thủ lĩnh vực tốt thiết lập trang web màu đen.	3		10	3
1035	2024-10-15 06:18:41.491965+07	29	Học sinh hát chỉ cần giọng hơi nhỏ.	3		10	3
1036	2024-10-15 06:18:41.492007+07	22	Phía trước có nhạc rock về đêm.	3		10	3
1037	2024-10-15 06:18:41.492049+07	10	Văn hóa ở đó thật thú vị.	3		10	3
1038	2024-10-15 06:18:41.49209+07	16	Hỗ trợ xác định cả hai.	3		10	3
1039	2024-10-15 06:18:41.492131+07	7	Nhà khoa học môi trường khá thuế chọn mẹ chút.	3		10	3
1040	2024-10-15 06:18:41.492172+07	20	Mục tiêu chiến lược đặc biệt của thanh niên gần đây.	3		10	3
1041	2024-10-15 06:18:41.492213+07	4	Ghé thăm ít nhất kiểm tra lái xe khá bầu cử.	3		10	3
1042	2024-10-15 06:18:41.492253+07	31	Mặt tiền ngôi nhà đơn giản màu đen.	3		10	3
1043	2024-10-15 06:18:41.492293+07	6	Ghi chú nhóm câu hỏi lựa chọn.	3		10	3
1044	2024-10-15 06:18:41.492334+07	30	Chuyến đi cũ nhưng vẫn phát triển.	3		10	3
1045	2024-10-15 06:18:41.492375+07	17	Quyền lợi của nhân viên cấp nước thực sự được đảm bảo.	3		10	3
1046	2024-10-15 06:18:41.492416+07	8	Nơi áp dụng cơ thể khó khăn cùng anh ta.	3		10	3
1047	2024-10-15 06:18:41.492456+07	2	Chỉ lấy phần chính.	3		10	3
1048	2024-10-15 06:18:41.4925+07	3	Hãy chắc chắn rằng trong kết quả động vật đất.	3		10	3
1049	2024-10-15 06:18:41.492541+07	25	Chắc chắn là quy mô quân sự.	3		10	3
1050	2024-10-15 06:18:41.492582+07	9	Đôi khi mặc vào hành động tốt đẹp thường có ý nghĩa quan trọng.	3		10	3
1051	2024-10-15 06:18:41.493053+07	18	Bản thân mình đầu tư tháng.	3		10	3
1052	2024-10-15 06:18:41.493122+07	23	Màu sắc đẹp của tổng thống.	3		10	3
1053	2024-10-15 06:18:41.493196+07	21	Đại diện cho huấn luyện viên tấn công bit an toàn.	3		10	3
1054	2024-10-15 06:18:41.493239+07	12	Xe đến muộn.	3		10	3
1055	2024-10-15 06:18:41.493279+07	28	Báo cáo bản thân trước nơi tên hình ảnh cơ hội tương tự.	3		10	3
1056	2024-10-15 06:18:41.49332+07	5	Bất cứ điều gì bao trùm tâm trí hiện đại đều đại diện.	3		10	3
1057	2024-10-15 06:18:41.493393+07	26	Cậu bé ăn tối chứng minh thêm một số điều.	3		10	3
1058	2024-10-15 06:18:41.493454+07	15	Phần cá nhân một số cảnh nắm giữ chính trị.	3		10	3
1059	2024-10-15 06:18:41.493528+07	13	Cùng với điểm lợi ích của khách hàng qua điện thoại.	3		10	3
1060	2024-10-15 06:18:41.493572+07	19	Rõ ràng là cả hai vị tổng thống đều vui mừng.	3		10	3
1061	2024-10-16 07:56:43.870201+07	9	Hermas	3		8	3
1062	2024-10-16 07:56:43.875778+07	8	HenAnapse	3		8	3
1063	2024-10-16 07:56:43.877425+07	7	Cherice	3		8	3
1064	2024-10-16 07:56:43.878759+07	6	Pattrick	3		8	3
1065	2024-10-16 07:56:43.879981+07	5	AdjAcoum	3		8	3
1066	2024-10-16 07:56:43.881309+07	4	Sergclibe	3		8	3
1067	2024-10-16 07:56:43.882517+07	3	evegDSahRa	3		8	3
1068	2024-10-16 07:56:43.883653+07	2	abcxyz	3		8	3
1069	2024-10-16 07:56:43.884781+07	1	abc	3		8	3
1070	2024-10-16 09:02:50.306041+07	32	Nghỉ lễ 2-9	1	[{"added": {}}]	10	3
1071	2024-10-16 09:14:08.768981+07	12	Bệnh Hại	1	[{"added": {}}]	15	3
1072	2024-10-16 09:15:08.023217+07	1	Nghỉ lễ 30-4 / 1-5	2	[{"changed": {"fields": ["Ten", "Ten tieng anh", "Noi dung tieng anh"]}}]	10	3
1073	2024-10-16 09:38:10.591163+07	112	Bệnh Đạo Ôn – Mối Đe Dọa Đối Với Cây Trồng Lúa	1	[{"added": {}}]	14	3
\.


--
-- Data for Name: django_content_type; Type: TABLE DATA; Schema: public; Owner: admin
--

COPY public.django_content_type (id, app_label, model) FROM stdin;
1	admin	logentry
2	auth	permission
3	auth	group
4	auth	user
5	contenttypes	contenttype
6	sessions	session
7	BmcBase	careers
8	BmcBase	formlienhe
9	BmcBase	sanpham
10	BmcBase	thongbao
11	BmcBase	sanphambinhbom
12	BmcBase	tintuc
13	BmcBase	formtuvansanpham
15	BmcBase	theloaibaiviet
16	django_summernote	attachment
17	BmcBase	binhluan
14	BmcBase	kienthuc
\.


--
-- Data for Name: django_migrations; Type: TABLE DATA; Schema: public; Owner: admin
--

COPY public.django_migrations (id, app, name, applied) FROM stdin;
1	BmcBase	0001_initial	2024-10-08 00:54:33.218547+07
2	BmcBase	0002_careers_tieu_de_alter_sanpham_khuyen_mai	2024-10-08 00:54:33.243061+07
3	BmcBase	0003_alter_careers_muc_luong_max_and_more	2024-10-08 00:54:33.268188+07
4	BmcBase	0004_sanpham_dac_tinh_sanpham_hang_sx_sanpham_hdsd	2024-10-08 00:54:33.281981+07
5	BmcBase	0005_alter_sanpham_dac_tinh_alter_sanpham_hang_sx_and_more	2024-10-08 00:54:33.299666+07
6	BmcBase	0006_sanphambinhbom_tintuc	2024-10-08 00:54:33.328144+07
7	BmcBase	0007_sanpham_dac_tinh_en_sanpham_hang_sx_en_and_more	2024-10-08 00:54:33.359392+07
8	BmcBase	0008_formtuvansanpham	2024-10-08 00:54:33.374467+07
9	BmcBase	0009_kienthuc1_theloaibaiviet	2024-10-08 00:54:33.401354+07
10	BmcBase	0010_remove_kienthuc1_the_loai_kienthuc1_the_loai	2024-10-08 00:54:33.441099+07
11	BmcBase	0011_alter_kienthuc1_noi_dung	2024-10-08 00:54:33.446976+07
12	BmcBase	0012_alter_kienthuc1_mo_ta_alter_kienthuc1_noi_dung	2024-10-08 00:54:33.456337+07
13	BmcBase	0013_kienthuc1_mo_ta_tieng_anh_and_more	2024-10-08 00:54:33.475002+07
14	BmcBase	0014_alter_kienthuc1_options	2024-10-08 00:54:33.480008+07
15	BmcBase	0015_alter_kienthuc1_options	2024-10-08 00:54:33.486062+07
16	contenttypes	0001_initial	2024-10-08 00:54:33.498117+07
17	auth	0001_initial	2024-10-08 00:54:33.604401+07
18	admin	0001_initial	2024-10-08 00:54:33.640639+07
19	admin	0002_logentry_remove_auto_add	2024-10-08 00:54:33.651153+07
20	admin	0003_logentry_add_action_flag_choices	2024-10-08 00:54:33.662466+07
21	contenttypes	0002_remove_content_type_name	2024-10-08 00:54:33.6957+07
22	auth	0002_alter_permission_name_max_length	2024-10-08 00:54:33.71186+07
23	auth	0003_alter_user_email_max_length	2024-10-08 00:54:33.723775+07
24	auth	0004_alter_user_username_opts	2024-10-08 00:54:33.735464+07
25	auth	0005_alter_user_last_login_null	2024-10-08 00:54:33.746764+07
26	auth	0006_require_contenttypes_0002	2024-10-08 00:54:33.749392+07
27	auth	0007_alter_validators_add_error_messages	2024-10-08 00:54:33.759309+07
28	auth	0008_alter_user_username_max_length	2024-10-08 00:54:33.776563+07
29	auth	0009_alter_user_last_name_max_length	2024-10-08 00:54:33.786951+07
30	auth	0010_alter_group_name_max_length	2024-10-08 00:54:33.803017+07
31	auth	0011_update_proxy_permissions	2024-10-08 00:54:33.820894+07
32	auth	0012_alter_user_first_name_max_length	2024-10-08 00:54:33.83291+07
33	sessions	0001_initial	2024-10-08 00:54:33.856418+07
34	BmcBase	0016_thongbao_noi_dung_tieng_anh_thongbao_ten_tieng_anh_and_more	2024-10-08 08:30:35.51887+07
35	BmcBase	0017_alter_thongbao_options_alter_tintuc_options_and_more	2024-10-08 09:43:23.934524+07
36	BmcBase	0018_careers_ngay_dang	2024-10-08 09:51:19.234833+07
37	BmcBase	0019_binhluan	2024-10-11 23:12:46.062378+07
38	BmcBase	0020_alter_binhluan_ngay_dang	2024-10-11 23:51:20.340757+07
39	BmcBase	0021_alter_binhluan_ngay_dang	2024-10-11 23:54:50.944143+07
40	BmcBase	0022_alter_binhluan_ngay_dang	2024-10-12 00:01:20.999386+07
41	BmcBase	0023_alter_binhluan_noi_dung	2024-10-12 00:25:55.338728+07
42	BmcBase	0024_alter_binhluan_id_bai_viet	2024-10-12 01:00:17.840774+07
43	BmcBase	0025_rename_kienthuc1_kienthuc_alter_binhluan_bai_viet	2024-10-15 06:15:51.802787+07
44	BmcBase	0009_theloaibaiviet_alter_thongbao_options_and_more	2024-10-15 16:43:44.581383+07
45	BmcBase	0010_alter_careers_noi_dung_cong_viec_and_more	2024-10-15 16:43:44.590365+07
\.



--
-- Name: BmcBase_binhluan BmcBase_binhluan_pkey; Type: CONSTRAINT; Schema: public; Owner: admin
--

ALTER TABLE ONLY public."BmcBase_binhluan"
    ADD CONSTRAINT "BmcBase_binhluan_pkey" PRIMARY KEY (id);


--
-- Name: BmcBase_careers BmcBase_careers_pkey; Type: CONSTRAINT; Schema: public; Owner: admin
--

ALTER TABLE ONLY public."BmcBase_careers"
    ADD CONSTRAINT "BmcBase_careers_pkey" PRIMARY KEY (id);


--
-- Name: BmcBase_formlienhe BmcBase_formlienhe_pkey; Type: CONSTRAINT; Schema: public; Owner: admin
--

ALTER TABLE ONLY public."BmcBase_formlienhe"
    ADD CONSTRAINT "BmcBase_formlienhe_pkey" PRIMARY KEY (id);


--
-- Name: BmcBase_formtuvansanpham BmcBase_formtuvansanpham_pkey; Type: CONSTRAINT; Schema: public; Owner: admin
--

ALTER TABLE ONLY public."BmcBase_formtuvansanpham"
    ADD CONSTRAINT "BmcBase_formtuvansanpham_pkey" PRIMARY KEY (id);


--
-- Name: BmcBase_kienthuc BmcBase_kienthuc1_pkey; Type: CONSTRAINT; Schema: public; Owner: admin
--

ALTER TABLE ONLY public."BmcBase_kienthuc"
    ADD CONSTRAINT "BmcBase_kienthuc1_pkey" PRIMARY KEY (id);


--
-- Name: BmcBase_kienthuc_the_loai BmcBase_kienthuc1_the_lo_kienthuc1_id_theloaibaiv_076072ab_uniq; Type: CONSTRAINT; Schema: public; Owner: admin
--

ALTER TABLE ONLY public."BmcBase_kienthuc_the_loai"
    ADD CONSTRAINT "BmcBase_kienthuc1_the_lo_kienthuc1_id_theloaibaiv_076072ab_uniq" UNIQUE (kienthuc_id, theloaibaiviet_id);


--
-- Name: BmcBase_kienthuc_the_loai BmcBase_kienthuc1_the_loai_pkey; Type: CONSTRAINT; Schema: public; Owner: admin
--

ALTER TABLE ONLY public."BmcBase_kienthuc_the_loai"
    ADD CONSTRAINT "BmcBase_kienthuc1_the_loai_pkey" PRIMARY KEY (id);


--
-- Name: BmcBase_sanpham BmcBase_sanpham_pkey; Type: CONSTRAINT; Schema: public; Owner: admin
--

ALTER TABLE ONLY public."BmcBase_sanpham"
    ADD CONSTRAINT "BmcBase_sanpham_pkey" PRIMARY KEY (id);


--
-- Name: BmcBase_sanphambinhbom BmcBase_sanphambinhbom_pkey; Type: CONSTRAINT; Schema: public; Owner: admin
--

ALTER TABLE ONLY public."BmcBase_sanphambinhbom"
    ADD CONSTRAINT "BmcBase_sanphambinhbom_pkey" PRIMARY KEY (id);


--
-- Name: BmcBase_theloaibaiviet BmcBase_theloaibaiviet_pkey; Type: CONSTRAINT; Schema: public; Owner: admin
--

ALTER TABLE ONLY public."BmcBase_theloaibaiviet"
    ADD CONSTRAINT "BmcBase_theloaibaiviet_pkey" PRIMARY KEY (id);


--
-- Name: BmcBase_thongbao BmcBase_thongbao_pkey; Type: CONSTRAINT; Schema: public; Owner: admin
--

ALTER TABLE ONLY public."BmcBase_thongbao"
    ADD CONSTRAINT "BmcBase_thongbao_pkey" PRIMARY KEY (id);


--
-- Name: BmcBase_tintuc BmcBase_tintuc_pkey; Type: CONSTRAINT; Schema: public; Owner: admin
--

ALTER TABLE ONLY public."BmcBase_tintuc"
    ADD CONSTRAINT "BmcBase_tintuc_pkey" PRIMARY KEY (id);


--
-- Name: auth_group auth_group_name_key; Type: CONSTRAINT; Schema: public; Owner: admin
--

ALTER TABLE ONLY public.auth_group
    ADD CONSTRAINT auth_group_name_key UNIQUE (name);


--
-- Name: auth_group_permissions auth_group_permissions_group_id_permission_id_0cd325b0_uniq; Type: CONSTRAINT; Schema: public; Owner: admin
--

ALTER TABLE ONLY public.auth_group_permissions
    ADD CONSTRAINT auth_group_permissions_group_id_permission_id_0cd325b0_uniq UNIQUE (group_id, permission_id);


--
-- Name: auth_group_permissions auth_group_permissions_pkey; Type: CONSTRAINT; Schema: public; Owner: admin
--

ALTER TABLE ONLY public.auth_group_permissions
    ADD CONSTRAINT auth_group_permissions_pkey PRIMARY KEY (id);


--
-- Name: auth_group auth_group_pkey; Type: CONSTRAINT; Schema: public; Owner: admin
--

ALTER TABLE ONLY public.auth_group
    ADD CONSTRAINT auth_group_pkey PRIMARY KEY (id);


--
-- Name: auth_permission auth_permission_content_type_id_codename_01ab375a_uniq; Type: CONSTRAINT; Schema: public; Owner: admin
--

ALTER TABLE ONLY public.auth_permission
    ADD CONSTRAINT auth_permission_content_type_id_codename_01ab375a_uniq UNIQUE (content_type_id, codename);


--
-- Name: auth_permission auth_permission_pkey; Type: CONSTRAINT; Schema: public; Owner: admin
--

ALTER TABLE ONLY public.auth_permission
    ADD CONSTRAINT auth_permission_pkey PRIMARY KEY (id);


--
-- Name: auth_user_groups auth_user_groups_pkey; Type: CONSTRAINT; Schema: public; Owner: admin
--

ALTER TABLE ONLY public.auth_user_groups
    ADD CONSTRAINT auth_user_groups_pkey PRIMARY KEY (id);


--
-- Name: auth_user_groups auth_user_groups_user_id_group_id_94350c0c_uniq; Type: CONSTRAINT; Schema: public; Owner: admin
--

ALTER TABLE ONLY public.auth_user_groups
    ADD CONSTRAINT auth_user_groups_user_id_group_id_94350c0c_uniq UNIQUE (user_id, group_id);


--
-- Name: auth_user_user_permissions auth_user_user_permissions_pkey; Type: CONSTRAINT; Schema: public; Owner: admin
--

ALTER TABLE ONLY public.auth_user_user_permissions
    ADD CONSTRAINT auth_user_user_permissions_pkey PRIMARY KEY (id);


--
-- Name: auth_user_user_permissions auth_user_user_permissions_user_id_permission_id_14a6b632_uniq; Type: CONSTRAINT; Schema: public; Owner: admin
--

ALTER TABLE ONLY public.auth_user_user_permissions
    ADD CONSTRAINT auth_user_user_permissions_user_id_permission_id_14a6b632_uniq UNIQUE (user_id, permission_id);


--
-- Name: django_admin_log django_admin_log_pkey; Type: CONSTRAINT; Schema: public; Owner: admin
--

ALTER TABLE ONLY public.django_admin_log
    ADD CONSTRAINT django_admin_log_pkey PRIMARY KEY (id);


--
-- Name: django_content_type django_content_type_app_label_model_76bd3d3b_uniq; Type: CONSTRAINT; Schema: public; Owner: admin
--

ALTER TABLE ONLY public.django_content_type
    ADD CONSTRAINT django_content_type_app_label_model_76bd3d3b_uniq UNIQUE (app_label, model);


--
-- Name: django_content_type django_content_type_pkey; Type: CONSTRAINT; Schema: public; Owner: admin
--

ALTER TABLE ONLY public.django_content_type
    ADD CONSTRAINT django_content_type_pkey PRIMARY KEY (id);


--
-- Name: django_migrations django_migrations_pkey; Type: CONSTRAINT; Schema: public; Owner: admin
--

ALTER TABLE ONLY public.django_migrations
    ADD CONSTRAINT django_migrations_pkey PRIMARY KEY (id);


--
-- Name: BmcBase_binhluan_id_bai_viet_id_c5fead60; Type: INDEX; Schema: public; Owner: admin
--

CREATE INDEX "BmcBase_binhluan_id_bai_viet_id_c5fead60" ON public."BmcBase_binhluan" USING btree (bai_viet_id);


--
-- Name: BmcBase_kienthuc1_the_loai_kienthuc1_id_3dfd10cc; Type: INDEX; Schema: public; Owner: admin
--

CREATE INDEX "BmcBase_kienthuc1_the_loai_kienthuc1_id_3dfd10cc" ON public."BmcBase_kienthuc_the_loai" USING btree (kienthuc_id);


--
-- Name: BmcBase_kienthuc1_the_loai_theloaibaiviet_id_6dfe223a; Type: INDEX; Schema: public; Owner: admin
--

CREATE INDEX "BmcBase_kienthuc1_the_loai_theloaibaiviet_id_6dfe223a" ON public."BmcBase_kienthuc_the_loai" USING btree (theloaibaiviet_id);


--
-- Name: auth_group_name_a6ea08ec_like; Type: INDEX; Schema: public; Owner: admin
--

CREATE INDEX auth_group_name_a6ea08ec_like ON public.auth_group USING btree (name varchar_pattern_ops);


--
-- Name: auth_group_permissions_group_id_b120cbf9; Type: INDEX; Schema: public; Owner: admin
--

CREATE INDEX auth_group_permissions_group_id_b120cbf9 ON public.auth_group_permissions USING btree (group_id);


--
-- Name: auth_group_permissions_permission_id_84c5c92e; Type: INDEX; Schema: public; Owner: admin
--

CREATE INDEX auth_group_permissions_permission_id_84c5c92e ON public.auth_group_permissions USING btree (permission_id);


--
-- Name: auth_permission_content_type_id_2f476e4b; Type: INDEX; Schema: public; Owner: admin
--

CREATE INDEX auth_permission_content_type_id_2f476e4b ON public.auth_permission USING btree (content_type_id);


--
-- Name: auth_user_groups_group_id_97559544; Type: INDEX; Schema: public; Owner: admin
--

CREATE INDEX auth_user_groups_group_id_97559544 ON public.auth_user_groups USING btree (group_id);


--
-- Name: auth_user_groups_user_id_6a12ed8b; Type: INDEX; Schema: public; Owner: admin
--

CREATE INDEX auth_user_groups_user_id_6a12ed8b ON public.auth_user_groups USING btree (user_id);


--
-- Name: auth_user_user_permissions_permission_id_1fbb5f2c; Type: INDEX; Schema: public; Owner: admin
--

CREATE INDEX auth_user_user_permissions_permission_id_1fbb5f2c ON public.auth_user_user_permissions USING btree (permission_id);


--
-- Name: auth_user_user_permissions_user_id_a95ead1b; Type: INDEX; Schema: public; Owner: admin
--

CREATE INDEX auth_user_user_permissions_user_id_a95ead1b ON public.auth_user_user_permissions USING btree (user_id);


--
-- Name: django_admin_log_content_type_id_c4bce8eb; Type: INDEX; Schema: public; Owner: admin
--

CREATE INDEX django_admin_log_content_type_id_c4bce8eb ON public.django_admin_log USING btree (content_type_id);


--
-- Name: django_admin_log_user_id_c564eba6; Type: INDEX; Schema: public; Owner: admin
--

CREATE INDEX django_admin_log_user_id_c564eba6 ON public.django_admin_log USING btree (user_id);


--
-- Name: BmcBase_binhluan BmcBase_binhluan_bai_viet_id_c7b380e8_fk_BmcBase_kienthuc_id; Type: FK CONSTRAINT; Schema: public; Owner: admin
--

ALTER TABLE ONLY public."BmcBase_binhluan"
    ADD CONSTRAINT "BmcBase_binhluan_bai_viet_id_c7b380e8_fk_BmcBase_kienthuc_id" FOREIGN KEY (bai_viet_id) REFERENCES public."BmcBase_kienthuc"(id) DEFERRABLE INITIALLY DEFERRED;


--
-- Name: BmcBase_kienthuc_the_loai BmcBase_kienthuc1_th_theloaibaiviet_id_6dfe223a_fk_BmcBase_t; Type: FK CONSTRAINT; Schema: public; Owner: admin
--

ALTER TABLE ONLY public."BmcBase_kienthuc_the_loai"
    ADD CONSTRAINT "BmcBase_kienthuc1_th_theloaibaiviet_id_6dfe223a_fk_BmcBase_t" FOREIGN KEY (theloaibaiviet_id) REFERENCES public."BmcBase_theloaibaiviet"(id) DEFERRABLE INITIALLY DEFERRED;


--
-- Name: BmcBase_kienthuc_the_loai BmcBase_kienthuc_the_kienthuc_id_53376626_fk_BmcBase_k; Type: FK CONSTRAINT; Schema: public; Owner: admin
--

ALTER TABLE ONLY public."BmcBase_kienthuc_the_loai"
    ADD CONSTRAINT "BmcBase_kienthuc_the_kienthuc_id_53376626_fk_BmcBase_k" FOREIGN KEY (kienthuc_id) REFERENCES public."BmcBase_kienthuc"(id) DEFERRABLE INITIALLY DEFERRED;


--
-- Name: auth_group_permissions auth_group_permissio_permission_id_84c5c92e_fk_auth_perm; Type: FK CONSTRAINT; Schema: public; Owner: admin
--

ALTER TABLE ONLY public.auth_group_permissions
    ADD CONSTRAINT auth_group_permissio_permission_id_84c5c92e_fk_auth_perm FOREIGN KEY (permission_id) REFERENCES public.auth_permission(id) DEFERRABLE INITIALLY DEFERRED;


--
-- Name: auth_group_permissions auth_group_permissions_group_id_b120cbf9_fk_auth_group_id; Type: FK CONSTRAINT; Schema: public; Owner: admin
--

ALTER TABLE ONLY public.auth_group_permissions
    ADD CONSTRAINT auth_group_permissions_group_id_b120cbf9_fk_auth_group_id FOREIGN KEY (group_id) REFERENCES public.auth_group(id) DEFERRABLE INITIALLY DEFERRED;


--
-- Name: auth_permission auth_permission_content_type_id_2f476e4b_fk_django_co; Type: FK CONSTRAINT; Schema: public; Owner: admin
--

ALTER TABLE ONLY public.auth_permission
    ADD CONSTRAINT auth_permission_content_type_id_2f476e4b_fk_django_co FOREIGN KEY (content_type_id) REFERENCES public.django_content_type(id) DEFERRABLE INITIALLY DEFERRED;


--
-- Name: auth_user_groups auth_user_groups_group_id_97559544_fk_auth_group_id; Type: FK CONSTRAINT; Schema: public; Owner: admin
--

ALTER TABLE ONLY public.auth_user_groups
    ADD CONSTRAINT auth_user_groups_group_id_97559544_fk_auth_group_id FOREIGN KEY (group_id) REFERENCES public.auth_group(id) DEFERRABLE INITIALLY DEFERRED;


--
-- Name: auth_user_groups auth_user_groups_user_id_6a12ed8b_fk_auth_user_id; Type: FK CONSTRAINT; Schema: public; Owner: admin
--

ALTER TABLE ONLY public.auth_user_groups
    ADD CONSTRAINT auth_user_groups_user_id_6a12ed8b_fk_auth_user_id FOREIGN KEY (user_id) REFERENCES public.auth_user(id) DEFERRABLE INITIALLY DEFERRED;


--
-- Name: auth_user_user_permissions auth_user_user_permi_permission_id_1fbb5f2c_fk_auth_perm; Type: FK CONSTRAINT; Schema: public; Owner: admin
--

ALTER TABLE ONLY public.auth_user_user_permissions
    ADD CONSTRAINT auth_user_user_permi_permission_id_1fbb5f2c_fk_auth_perm FOREIGN KEY (permission_id) REFERENCES public.auth_permission(id) DEFERRABLE INITIALLY DEFERRED;


--
-- Name: auth_user_user_permissions auth_user_user_permissions_user_id_a95ead1b_fk_auth_user_id; Type: FK CONSTRAINT; Schema: public; Owner: admin
--

ALTER TABLE ONLY public.auth_user_user_permissions
    ADD CONSTRAINT auth_user_user_permissions_user_id_a95ead1b_fk_auth_user_id FOREIGN KEY (user_id) REFERENCES public.auth_user(id) DEFERRABLE INITIALLY DEFERRED;


--
-- Name: django_admin_log django_admin_log_content_type_id_c4bce8eb_fk_django_co; Type: FK CONSTRAINT; Schema: public; Owner: admin
--

ALTER TABLE ONLY public.django_admin_log
    ADD CONSTRAINT django_admin_log_content_type_id_c4bce8eb_fk_django_co FOREIGN KEY (content_type_id) REFERENCES public.django_content_type(id) DEFERRABLE INITIALLY DEFERRED;


--
-- Name: django_admin_log django_admin_log_user_id_c564eba6_fk_auth_user_id; Type: FK CONSTRAINT; Schema: public; Owner: admin
--

ALTER TABLE ONLY public.django_admin_log
    ADD CONSTRAINT django_admin_log_user_id_c564eba6_fk_auth_user_id FOREIGN KEY (user_id) REFERENCES public.auth_user(id) DEFERRABLE INITIALLY DEFERRED;


--
--

